{"id":1592,"date":"2023-08-04T16:14:09","date_gmt":"2023-08-04T19:14:09","guid":{"rendered":"https:\/\/sites.uel.br\/cce\/?page_id=1592"},"modified":"2023-08-04T17:00:01","modified_gmt":"2023-08-04T20:00:01","slug":"ingressante-geografia-2023","status":"publish","type":"page","link":"https:\/\/sites.uel.br\/cce\/ingressante-geografia-2023\/","title":{"rendered":"Ingressante &#8211; Geografia 2023"},"content":{"rendered":"<p>Sejam muito bem-vindos ao Curso de Geografia da UEL.<\/p>\n<p><strong>Colegiado do Curso de Geografia<\/strong><\/p>\n<p>Para o perfeito funcionamento acad\u00eamico do curso \u00e9 necess\u00e1rio uma equipe formada por docentes, t\u00e9cnicos e discentes, nominada Colegiado, cuja fun\u00e7\u00e3o est\u00e1 prevista no regulamento interno da UEL, dispondo que:<\/p>\n<p>\u00a0<strong>Art. 64.<\/strong> Os Colegiados de Cursos de Gradua\u00e7\u00e3o exercem a coordena\u00e7\u00e3o pedag\u00f3gica dos cursos e ser\u00e3o constitu\u00eddos por representantes docentes da \u00e1rea principal de conhecimento e da \u00e1rea b\u00e1sica e\/ou complementar de conhecimento, estudantes e servidores, na forma prevista nos\u00a7\u00a7 2\u00ba e 3\u00ba do Art. 27 do Estatuto da Universidade. (Art. Alterado atrav\u00e9s da Res. CU 168\/2007).<\/p>\n<p><strong>\u00a0Par\u00e1grafo \u00fanico<\/strong>. Cada curso de gradua\u00e7\u00e3o ter\u00e1 um \u00fanico Colegiado, independentemente do n\u00famero de habilita\u00e7\u00f5es, salvo nos casos de especificidades da forma\u00e7\u00e3o profissional com curr\u00edculos sem tronco comum, casos em que, com a aprova\u00e7\u00e3o do Conselho de Ensino, Pesquisa e Extens\u00e3o, poder\u00e1 haver separa\u00e7\u00e3o em mais de um Colegiado. (Par\u00e1grafo Alterado atrav\u00e9s da Res.CU 168\/2007).<\/p>\n<p>O Coordenador do Colegiado do Curso de Geografia quer recepcion\u00e1-los.<\/p>\n<p><strong>Coordenador de Colegiado do Curso de Geografia &#8211; Prof. Nilson Cesar Fraga<\/strong><\/p>\n<p><img loading=\"lazy\" decoding=\"async\" class=\"\" src=\"https:\/\/sites.uel.br\/ser\/wp-content\/uploads\/2023\/07\/geografia-1024x683.png\" width=\"525\" height=\"350\" \/><\/p>\n<p><strong>Vice-Coordenadora de Colegiado do Curso de Geografia &#8211; Profa. Deise Fabiana Ely<\/strong><\/p>\n<p><img loading=\"lazy\" decoding=\"async\" class=\"\" src=\"https:\/\/sites.uel.br\/ser\/wp-content\/uploads\/2023\/07\/geografia_deise_vice_coordenadora-1024x683.png\" width=\"530\" height=\"353\" \/><\/p>\n<p>e-mail:\u00a0<a href=\"mailto:colegiadogeo@uel.br\">colegiadogeo@uel.br<\/a>\u00a0\/\u00a0<a href=\"mailto:academica.cce@uel.br\">academica.cce@uel.br<\/a><\/p>\n<h3>\u00a0<\/h3>\n<h3>Secretaria do Departamento de Geoci\u00eancias<\/h3>\n<p>Nosso pessoal t\u00e9cnico-administrativo est\u00e1 preparado para atend\u00ea-los.\u00a0<\/p>\n<p>Secret\u00e1rio &#8211; Anderson Pereira do Nascimento\u00a0 \u00a0 \u00a0 \u00a0 \u00a0 \u00a0 \u00a0 \u00a0<\/p>\n<p>Contato: (43) 3371-4356 \u00a0 &#8211;\u00a0 secretariageo@uel.br<\/p>\n<p>\u00a0<\/p>\n<p><strong>Programa\u00e7\u00e3o &#8211; Semana de Recep\u00e7\u00e3o aos Ingressantes &#8211; UEL 2023<\/strong><\/p>\n\n\n<div data-wp-interactive=\"core\/file\" class=\"wp-block-file\"><object data-wp-bind--hidden=\"!state.hasPdfPreview\" hidden class=\"wp-block-file__embed\" data=\"https:\/\/sites.uel.br\/cce\/wp-content\/uploads\/2023\/08\/geografia-2023.pdf\" type=\"application\/pdf\" style=\"width:100%;height:600px\" aria-label=\"Incorporado de geografia-2023.\"><\/object><a id=\"wp-block-file--media-09a7b12c-c04d-4bcf-8a4e-548e651cf1fc\" href=\"https:\/\/sites.uel.br\/cce\/wp-content\/uploads\/2023\/08\/geografia-2023.pdf\">geografia-2023<\/a><a href=\"https:\/\/sites.uel.br\/cce\/wp-content\/uploads\/2023\/08\/geografia-2023.pdf\" class=\"wp-block-file__button wp-element-button\" download aria-describedby=\"wp-block-file--media-09a7b12c-c04d-4bcf-8a4e-548e651cf1fc\">Baixar<\/a><\/div>\n","protected":false},"excerpt":{"rendered":"<p>Sejam muito bem-vindos ao Curso de Geografia da UEL. Colegiado do Curso de Geografia Para o perfeito funcionamento acad\u00eamico do curso \u00e9 necess\u00e1rio uma equipe formada por docentes, t\u00e9cnicos e discentes, nominada Colegiado, cuja fun\u00e7\u00e3o est\u00e1 prevista no regulamento interno da UEL, dispondo que: \u00a0Art. 64. Os Colegiados de Cursos de Gradua\u00e7\u00e3o exercem a coordena\u00e7\u00e3o [&hellip;]<\/p>\n","protected":false},"author":8,"featured_media":0,"parent":0,"menu_order":0,"comment_status":"closed","ping_status":"closed","template":"","meta":{"footnotes":""},"class_list":["post-1592","page","type-page","status-publish","hentry"],"_links":{"self":[{"href":"https:\/\/sites.uel.br\/cce\/wp-json\/wp\/v2\/pages\/1592","targetHints":{"allow":["GET"]}}],"collection":[{"href":"https:\/\/sites.uel.br\/cce\/wp-json\/wp\/v2\/pages"}],"about":[{"href":"https:\/\/sites.uel.br\/cce\/wp-json\/wp\/v2\/types\/page"}],"author":[{"embeddable":true,"href":"https:\/\/sites.uel.br\/cce\/wp-json\/wp\/v2\/users\/8"}],"replies":[{"embeddable":true,"href":"https:\/\/sites.uel.br\/cce\/wp-json\/wp\/v2\/comments?post=1592"}],"version-history":[{"count":3,"href":"https:\/\/sites.uel.br\/cce\/wp-json\/wp\/v2\/pages\/1592\/revisions"}],"predecessor-version":[{"id":1622,"href":"https:\/\/sites.uel.br\/cce\/wp-json\/wp\/v2\/pages\/1592\/revisions\/1622"}],"wp:attachment":[{"href":"https:\/\/sites.uel.br\/cce\/wp-json\/wp\/v2\/media?parent=1592"}],"curies":[{"name":"wp","href":"https:\/\/api.w.org\/{rel}","templated":true}]}}

<p>Sejam muito bem-vindos ao Curso de Geografia da UEL.</p>
<p><strong>Colegiado do Curso de Geografia</strong></p>
<p>Para o perfeito funcionamento acadêmico do curso é necessário uma equipe formada por docentes, técnicos e discentes, nominada Colegiado, cuja função está prevista no regulamento interno da UEL, dispondo que:</p>
<p> <strong>Art. 64.</strong> Os Colegiados de Cursos de Graduação exercem a coordenação pedagógica dos cursos e serão constituídos por representantes docentes da área principal de conhecimento e da área básica e/ou complementar de conhecimento, estudantes e servidores, na forma prevista nos§§ 2º e 3º do Art. 27 do Estatuto da Universidade. (Art. Alterado através da Res. CU 168/2007).</p>
<p><strong> Parágrafo único</strong>. Cada curso de graduação terá um único Colegiado, independentemente do número de habilitações, salvo nos casos de especificidades da formação profissional com currículos sem tronco comum, casos em que, com a aprovação do Conselho de Ensino, Pesquisa e Extensão, poderá haver separação em mais de um Colegiado. (Parágrafo Alterado através da Res.CU 168/2007).</p>
<p>O Coordenador do Colegiado do Curso de Geografia quer recepcioná-los.</p>
<p><strong>Coordenador de Colegiado do Curso de Geografia &#8211; Prof. Nilson Cesar Fraga</strong></p>
<p><img loading="lazy" decoding="async" class="" src="https://sites.uel.br/ser/wp-content/uploads/2023/07/geografia-1024x683.png" width="525" height="350" /></p>
<p><strong>Vice-Coordenadora de Colegiado do Curso de Geografia &#8211; Profa. Deise Fabiana Ely</strong></p>
<p><img loading="lazy" decoding="async" class="" src="https://sites.uel.br/ser/wp-content/uploads/2023/07/geografia_deise_vice_coordenadora-1024x683.png" width="530" height="353" /></p>
<p>e-mail: <a href="mailto:colegiadogeo@uel.br">colegiadogeo@uel.br</a> / <a href="mailto:academica.cce@uel.br">academica.cce@uel.br</a></p>
<h3> </h3>
<h3>Secretaria do Departamento de Geociências</h3>
<p>Nosso pessoal técnico-administrativo está preparado para atendê-los. </p>
<p>Secretário &#8211; Anderson Pereira do Nascimento               </p>
<p>Contato: (43) 3371-4356   &#8211;  secretariageo@uel.br</p>
<p> </p>
<p><strong>Programação &#8211; Semana de Recepção aos Ingressantes &#8211; UEL 2023</strong></p>


<div data-wp-interactive="core/file" class="wp-block-file"><object data-wp-bind--hidden="!state.hasPdfPreview" hidden class="wp-block-file__embed" data="https://sites.uel.br/cce/wp-content/uploads/2023/08/geografia-2023.pdf" type="application/pdf" style="width:100%;height:600px" aria-label="Incorporado de geografia-2023."></object><a id="wp-block-file--media-09a7b12c-c04d-4bcf-8a4e-548e651cf1fc" href="https://sites.uel.br/cce/wp-content/uploads/2023/08/geografia-2023.pdf">geografia-2023</a><a href="https://sites.uel.br/cce/wp-content/uploads/2023/08/geografia-2023.pdf" class="wp-block-file__button wp-element-button" download aria-describedby="wp-block-file--media-09a7b12c-c04d-4bcf-8a4e-548e651cf1fc">Baixar</a></div>

<p>Sejam muito bem-vindos ao Curso de Geografia da UEL. Colegiado do Curso de Geografia Para o perfeito funcionamento acadêmico do curso é necessário uma equipe formada por docentes, técnicos e discentes, nominada Colegiado, cuja função está prevista no regulamento interno da UEL, dispondo que:  Art. 64. Os Colegiados de Cursos de Graduação exercem a coordenação [&hellip;]</p>
