{"id":1587,"date":"2023-08-04T16:05:08","date_gmt":"2023-08-04T19:05:08","guid":{"rendered":"https:\/\/sites.uel.br\/cce\/?page_id=1587"},"modified":"2023-08-04T16:05:08","modified_gmt":"2023-08-04T19:05:08","slug":"ingressante-fisica-2023","status":"publish","type":"page","link":"https:\/\/sites.uel.br\/cce\/ingressante-fisica-2023\/","title":{"rendered":"Ingressante &#8211; F\u00edsica 2023"},"content":{"rendered":"<p>Sejam muito bem-vindos ao Curso de F\u00edsica da UEL.<\/p>\n\n<p><strong>Colegiado do Curso de F\u00edsica<\/strong><\/p>\n<p>Para o perfeito funcionamento acad\u00eamico do curso \u00e9 necess\u00e1rio uma equipe formada por docentes, t\u00e9cnicos e discentes, nominada Colegiado, cuja fun\u00e7\u00e3o est\u00e1 prevista no regulamento interno da UEL, dispondo que:<\/p>\n<p>\u00a0<strong>Art. 64.<\/strong> Os Colegiados de Cursos de Gradua\u00e7\u00e3o exercem a coordena\u00e7\u00e3o pedag\u00f3gica dos cursos e ser\u00e3o constitu\u00eddos por representantes docentes da \u00e1rea principal de conhecimento e da \u00e1rea b\u00e1sica e\/ou complementar de conhecimento, estudantes e servidores, na forma prevista nos \u00a7\u00a7 2\u00ba e 3\u00ba do Art. 27 do Estatuto da Universidade. (Art. Alterado atrav\u00e9s da Res. CU 168\/2007).<\/p>\n<p><strong>\u00a0Par\u00e1grafo \u00fanico<\/strong>. Cada curso de gradua\u00e7\u00e3o ter\u00e1 um \u00fanico Colegiado, independentemente do n\u00famero de habilita\u00e7\u00f5es, salvo nos casos de especificidades da forma\u00e7\u00e3o profissional com curr\u00edculos sem tronco comum, casos em que, com a aprova\u00e7\u00e3o do Conselho de Ensino, Pesquisa e Extens\u00e3o, poder\u00e1 haver separa\u00e7\u00e3o em mais de um Colegiado. (Par\u00e1grafo Alterado atrav\u00e9s da Res. CU 168\/2007).<\/p>\n<p>O Coordenador do Colegiado do Curso de F\u00edsica quer recepcion\u00e1-los.<\/p>\n<p>\u00a0<\/p>\n<p><strong>Coordenador de Colegiado do Curso de F\u00edsica &#8211; Prof. Gustavo Iachel<\/strong><\/p>\n<p><img loading=\"lazy\" decoding=\"async\" class=\"\" src=\"https:\/\/sites.uel.br\/ser\/wp-content\/uploads\/2023\/07\/fisica_gustavo_coordenador-1024x683.png\" width=\"484\" height=\"323\" \/><\/p>\n<p><strong>Vice-Coordenador de Colegiado do Curso de F\u00edsica &#8211; Prof. Avacir Casanova Andrello<\/strong><\/p>\n\n\n<figure class=\"wp-block-image size-full is-resized\"><img loading=\"lazy\" decoding=\"async\" src=\"https:\/\/sites.uel.br\/cce\/wp-content\/uploads\/2023\/08\/image.png\" alt=\"\" class=\"wp-image-1588\" width=\"492\" height=\"329\" srcset=\"https:\/\/sites.uel.br\/cce\/wp-content\/uploads\/2023\/08\/image.png 1024w, https:\/\/sites.uel.br\/cce\/wp-content\/uploads\/2023\/08\/image-300x200.png 300w, https:\/\/sites.uel.br\/cce\/wp-content\/uploads\/2023\/08\/image-768x512.png 768w\" sizes=\"auto, (max-width: 492px) 100vw, 492px\" \/><\/figure>\n\n\n<p>e-mail:\u00a0<a href=\"mailto:academica.cce@uel.br\">academica.cce@uel.br<\/a><\/p>\n<p>\u00a0<\/p>\n\n<h3>Conhe\u00e7a a Secretaria do Departamento de F\u00edsica<\/h3>\n<p>Nosso pessoal t\u00e9cnico-administrativo est\u00e1 preparado para atend\u00ea-los. Conhe\u00e7a um pouco da secretaria do departamento ao qual seu curso est\u00e1 vinculado.<\/p>\n<p>Secret\u00e1rio \u2013 S\u00edlvio Cesar Caldeira\u00a0 \u00a0 \u00a0 \u00a0 \u00a0 \u00a0 \u00a0 \u00a0 Contato: (43) 3371- 4266\u00a0 \u00a0\u2013\u00a0 secretfis@uel.br<\/p>\n\n\n<figure class=\"wp-block-embed is-type-video is-provider-youtube wp-block-embed-youtube wp-embed-aspect-16-9 wp-has-aspect-ratio\"><div class=\"wp-block-embed__wrapper\">\n<iframe loading=\"lazy\" title=\"Secretaria do Departamento de F\u00edsica\" width=\"500\" height=\"281\" src=\"https:\/\/www.youtube.com\/embed\/gGUxuCwuXQk?feature=oembed\" frameborder=\"0\" allow=\"accelerometer; autoplay; clipboard-write; encrypted-media; gyroscope; picture-in-picture; web-share\" referrerpolicy=\"strict-origin-when-cross-origin\" allowfullscreen><\/iframe>\n<\/div><\/figure>\n\n\n\n<p><\/p>\n\n\n\n<p><strong>Programa\u00e7\u00e3o \u2013 Semana de Recep\u00e7\u00e3o aos Ingressantes \u2013 UEL 2023<\/strong><\/p>\n\n\n\n<p>Programa\u00e7\u00e3o &#8211; F\u00edsica (Bacharelado)<\/p>\n\n\n\n<div data-wp-interactive=\"core\/file\" class=\"wp-block-file\"><object data-wp-bind--hidden=\"!state.hasPdfPreview\" hidden class=\"wp-block-file__embed\" data=\"https:\/\/sites.uel.br\/cce\/wp-content\/uploads\/2023\/08\/fisica-bacharelado-2023.pdf\" type=\"application\/pdf\" style=\"width:100%;height:600px\" aria-label=\"Incorporado de fisica-bacharelado-2023.\"><\/object><a id=\"wp-block-file--media-8a105ad5-10f6-422d-bfec-b6179395adb1\" href=\"https:\/\/sites.uel.br\/cce\/wp-content\/uploads\/2023\/08\/fisica-bacharelado-2023.pdf\">fisica-bacharelado-2023<\/a><a href=\"https:\/\/sites.uel.br\/cce\/wp-content\/uploads\/2023\/08\/fisica-bacharelado-2023.pdf\" class=\"wp-block-file__button wp-element-button\" download aria-describedby=\"wp-block-file--media-8a105ad5-10f6-422d-bfec-b6179395adb1\">Baixar<\/a><\/div>\n\n\n\n<p>Programa\u00e7\u00e3o &#8211; F\u00edsica (Licenciatura)<\/p>\n\n\n\n<div data-wp-interactive=\"core\/file\" class=\"wp-block-file\"><object data-wp-bind--hidden=\"!state.hasPdfPreview\" hidden class=\"wp-block-file__embed\" data=\"https:\/\/sites.uel.br\/cce\/wp-content\/uploads\/2023\/08\/fisica-licenciatura-2023.pdf\" type=\"application\/pdf\" style=\"width:100%;height:600px\" aria-label=\"Incorporado de fisica-licenciatura-2023.\"><\/object><a id=\"wp-block-file--media-3d7eb016-aef5-42b7-8271-23176091b9bb\" href=\"https:\/\/sites.uel.br\/cce\/wp-content\/uploads\/2023\/08\/fisica-licenciatura-2023.pdf\">fisica-licenciatura-2023<\/a><a href=\"https:\/\/sites.uel.br\/cce\/wp-content\/uploads\/2023\/08\/fisica-licenciatura-2023.pdf\" class=\"wp-block-file__button wp-element-button\" download aria-describedby=\"wp-block-file--media-3d7eb016-aef5-42b7-8271-23176091b9bb\">Baixar<\/a><\/div>\n","protected":false},"excerpt":{"rendered":"<p>Sejam muito bem-vindos ao Curso de F\u00edsica da UEL. Colegiado do Curso de F\u00edsica Para o perfeito funcionamento acad\u00eamico do curso \u00e9 necess\u00e1rio uma equipe formada por docentes, t\u00e9cnicos e discentes, nominada Colegiado, cuja fun\u00e7\u00e3o est\u00e1 prevista no regulamento interno da UEL, dispondo que: \u00a0Art. 64. Os Colegiados de Cursos de Gradua\u00e7\u00e3o exercem a coordena\u00e7\u00e3o [&hellip;]<\/p>\n","protected":false},"author":8,"featured_media":0,"parent":0,"menu_order":0,"comment_status":"closed","ping_status":"closed","template":"","meta":{"footnotes":""},"class_list":["post-1587","page","type-page","status-publish","hentry"],"_links":{"self":[{"href":"https:\/\/sites.uel.br\/cce\/wp-json\/wp\/v2\/pages\/1587","targetHints":{"allow":["GET"]}}],"collection":[{"href":"https:\/\/sites.uel.br\/cce\/wp-json\/wp\/v2\/pages"}],"about":[{"href":"https:\/\/sites.uel.br\/cce\/wp-json\/wp\/v2\/types\/page"}],"author":[{"embeddable":true,"href":"https:\/\/sites.uel.br\/cce\/wp-json\/wp\/v2\/users\/8"}],"replies":[{"embeddable":true,"href":"https:\/\/sites.uel.br\/cce\/wp-json\/wp\/v2\/comments?post=1587"}],"version-history":[{"count":1,"href":"https:\/\/sites.uel.br\/cce\/wp-json\/wp\/v2\/pages\/1587\/revisions"}],"predecessor-version":[{"id":1591,"href":"https:\/\/sites.uel.br\/cce\/wp-json\/wp\/v2\/pages\/1587\/revisions\/1591"}],"wp:attachment":[{"href":"https:\/\/sites.uel.br\/cce\/wp-json\/wp\/v2\/media?parent=1587"}],"curies":[{"name":"wp","href":"https:\/\/api.w.org\/{rel}","templated":true}]}}