{"id":16,"date":"2021-03-29T11:24:57","date_gmt":"2021-03-29T14:24:57","guid":{"rendered":"https:\/\/sites.uel.br\/ccb\/?page_id=16"},"modified":"2023-08-11T11:44:47","modified_gmt":"2023-08-11T14:44:47","slug":"contatos","status":"publish","type":"page","link":"https:\/\/sites.uel.br\/ccb\/contatos\/","title":{"rendered":"Contatos:"},"content":{"rendered":"\n<p>Geral:&nbsp;<a href=\"mailto:ccb@uel.br\" target=\"_blank\" rel=\"noreferrer noopener\">ccb@uel.br<\/a><\/p>\n\n\n\n<p>Para reservas de salas e anfiteatros:&nbsp;<a href=\"mailto:reservaccb@uel.br\">reservaccb@uel.br<\/a><\/p>\n\n\n\n<p><strong>Fones:<\/strong><\/p>\n\n\n\n<p>Secretaria Central: (43) 3371-4842 \/ 3371-4207<\/p>\n\n\n\n<p><strong>Colegiados de Gradua\u00e7\u00e3o:<\/strong><\/p>\n\n\n\n<p>Biomedicina: <a href=\"mailto:biomedicina@uel.br\">biomedicina@uel.br<\/a>  <\/p>\n\n\n\n<p>Ci\u00eancias Biol\u00f3gicas: <a href=\"mailto:biologia@uel.br\">biologia@uel.br<\/a> <\/p>\n\n\n\n<p>Psicologia: <a href=\"psicologia@uel.br\">psicologia@uel.br <\/a> <\/p>\n\n\n\n<p>Secretaria dos Cursos Lato sensu (Especializa\u00e7\u00f5es): <a href=\"latosensuccb@uel.br\">latosensuccb@uel.br <\/a><\/p>\n\n\n\n<p>Secretaria dos Cursos Stricto sensu: <\/p>\n\n\n\n<p><strong>Lista telef\u00f4nica do CCB:<\/strong>&nbsp;<a href=\"http:\/\/www.uel.br\/proplan\/listatelefonica\/pages\/centros-de-estudos\/centro-de-ciencias-biologicas--ccb.php\">Acesse aqui<\/a><\/p>\n\n\n\n<p><\/p>\n","protected":false},"excerpt":{"rendered":"<p>Geral:&nbsp;ccb@uel.br Para reservas de salas e anfiteatros:&nbsp;reservaccb@uel.br Fones: Secretaria Central: (43) 3371-4842 \/ 3371-4207 Colegiados de Gradua\u00e7\u00e3o: Biomedicina: biomedicina@uel.br Ci\u00eancias Biol\u00f3gicas: biologia@uel.br Psicologia: psicologia@uel.br Secretaria dos Cursos Lato sensu (Especializa\u00e7\u00f5es): latosensuccb@uel.br Secretaria dos Cursos Stricto sensu: Lista telef\u00f4nica do CCB:&nbsp;Acesse aqui<\/p>\n","protected":false},"author":7,"featured_media":0,"parent":0,"menu_order":0,"comment_status":"closed","ping_status":"closed","template":"","meta":{"footnotes":""},"class_list":["post-16","page","type-page","status-publish","hentry"],"_links":{"self":[{"href":"https:\/\/sites.uel.br\/ccb\/wp-json\/wp\/v2\/pages\/16","targetHints":{"allow":["GET"]}}],"collection":[{"href":"https:\/\/sites.uel.br\/ccb\/wp-json\/wp\/v2\/pages"}],"about":[{"href":"https:\/\/sites.uel.br\/ccb\/wp-json\/wp\/v2\/types\/page"}],"author":[{"embeddable":true,"href":"https:\/\/sites.uel.br\/ccb\/wp-json\/wp\/v2\/users\/7"}],"replies":[{"embeddable":true,"href":"https:\/\/sites.uel.br\/ccb\/wp-json\/wp\/v2\/comments?post=16"}],"version-history":[{"count":8,"href":"https:\/\/sites.uel.br\/ccb\/wp-json\/wp\/v2\/pages\/16\/revisions"}],"predecessor-version":[{"id":556,"href":"https:\/\/sites.uel.br\/ccb\/wp-json\/wp\/v2\/pages\/16\/revisions\/556"}],"wp:attachment":[{"href":"https:\/\/sites.uel.br\/ccb\/wp-json\/wp\/v2\/media?parent=16"}],"curies":[{"name":"wp","href":"https:\/\/api.w.org\/{rel}","templated":true}]}}