{"id":104,"date":"2021-04-01T16:21:28","date_gmt":"2021-04-01T19:21:28","guid":{"rendered":"https:\/\/sites.uel.br\/ccb\/?page_id=104"},"modified":"2021-04-02T12:24:48","modified_gmt":"2021-04-02T15:24:48","slug":"historico","status":"publish","type":"page","link":"https:\/\/sites.uel.br\/ccb\/historico\/","title":{"rendered":"Hist\u00f3rico"},"content":{"rendered":"\n<p>O Centro de Ci\u00eancias Biol\u00f3gicas nasceu junto com o campus da UEL. Em 1971, ano em que foi apresentado o plano urban\u00edstico do Campus Universit\u00e1rio, come\u00e7aram a ser erguidos, entremeados pela natureza, os primeiros blocos do ent\u00e3o \u201cDepartamento\u201d de Ci\u00eancias Biol\u00f3gicas.<\/p>\n\n\n\n<div class=\"wp-block-columns is-layout-flex wp-container-core-columns-is-layout-9d6595d7 wp-block-columns-is-layout-flex\">\n<div class=\"wp-block-column is-layout-flow wp-block-column-is-layout-flow\">\n<div class=\"wp-block-image\"><figure class=\"aligncenter size-large is-resized\"><img loading=\"lazy\" decoding=\"async\" src=\"https:\/\/sites.uel.br\/ccb\/wp-content\/uploads\/2021\/04\/bloco-6-e-CAs-a-partir-da-laje-da-pato-enquadrado-2.png\" alt=\"\" class=\"wp-image-117\" width=\"463\" height=\"256\" srcset=\"https:\/\/sites.uel.br\/ccb\/wp-content\/uploads\/2021\/04\/bloco-6-e-CAs-a-partir-da-laje-da-pato-enquadrado-2.png 904w, https:\/\/sites.uel.br\/ccb\/wp-content\/uploads\/2021\/04\/bloco-6-e-CAs-a-partir-da-laje-da-pato-enquadrado-2-300x167.png 300w, https:\/\/sites.uel.br\/ccb\/wp-content\/uploads\/2021\/04\/bloco-6-e-CAs-a-partir-da-laje-da-pato-enquadrado-2-768x426.png 768w\" sizes=\"auto, (max-width: 463px) 100vw, 463px\" \/><\/figure><\/div>\n<\/div>\n\n\n\n<div class=\"wp-block-column is-layout-flow wp-block-column-is-layout-flow\">\n<div class=\"wp-block-image\"><figure class=\"aligncenter size-large is-resized\"><img loading=\"lazy\" decoding=\"async\" src=\"https:\/\/sites.uel.br\/ccb\/wp-content\/uploads\/2021\/04\/bloco-6-e-CAs.png\" alt=\"\" class=\"wp-image-118\" width=\"506\" height=\"256\" srcset=\"https:\/\/sites.uel.br\/ccb\/wp-content\/uploads\/2021\/04\/bloco-6-e-CAs.png 839w, https:\/\/sites.uel.br\/ccb\/wp-content\/uploads\/2021\/04\/bloco-6-e-CAs-300x152.png 300w, https:\/\/sites.uel.br\/ccb\/wp-content\/uploads\/2021\/04\/bloco-6-e-CAs-768x389.png 768w\" sizes=\"auto, (max-width: 506px) 100vw, 506px\" \/><\/figure><\/div>\n<\/div>\n<\/div>\n\n\n\n<p>Inicialmente instalaram-se os Cursos de Gradua\u00e7\u00e3o em Ci\u00eancias Biol\u00f3gicas e de Psicologia, ambos criados em 1971 e implantados em 1972. O curso de Biomedicina foi criado em 2000, mas, desde muito antes, docentes, t\u00e9cnicos, salas de aula e laborat\u00f3rios do CCB j\u00e1 recebiam estudantes de outros Centros de Estudos. Assim, as atividades no CCB sempre foram muito al\u00e9m dos tr\u00eas cursos que abriga, fazendo deste centro um local de estudos e encontros de estudantes de diferentes setores da UEL.<\/p>\n\n\n\n<p>Gradativamente, o CCB tamb\u00e9m foi se tornando uma refer\u00eancia na pesquisa, contando, hoje, com 8 programas de P\u00f3s-Gradua\u00e7\u00e3o Stricto-Sensu que abrigam 8 cursos de Mestrado e 7 de Doutorado. As atividades de Extens\u00e3o e os Programas de Atendimento \u00e0 Sociedade tamb\u00e9m foram se diversificando com o tempo. Na aba \u201cProjetos\u201d \u00e9 poss\u00edvel acompanhar as v\u00e1rias atividades de pesquisa, ensino e extens\u00e3o realizadas pela comunidade do CCB.<\/p>\n\n\n\n<div class=\"wp-block-image\"><figure class=\"aligncenter size-large\"><img loading=\"lazy\" decoding=\"async\" width=\"805\" height=\"538\" src=\"https:\/\/sites.uel.br\/ccb\/wp-content\/uploads\/2021\/04\/placa-ccb.png\" alt=\"\" class=\"wp-image-121\" srcset=\"https:\/\/sites.uel.br\/ccb\/wp-content\/uploads\/2021\/04\/placa-ccb.png 805w, https:\/\/sites.uel.br\/ccb\/wp-content\/uploads\/2021\/04\/placa-ccb-300x200.png 300w, https:\/\/sites.uel.br\/ccb\/wp-content\/uploads\/2021\/04\/placa-ccb-768x513.png 768w\" sizes=\"auto, (max-width: 805px) 100vw, 805px\" \/><\/figure><\/div>\n\n\n\n<p>Tamb\u00e9m s\u00e3o oferecidos no CCB diversos cursos de P\u00f3s-Gradua\u00e7\u00e3o Lato-Sensu (Especializa\u00e7\u00f5es), em diferentes \u00e1reas das Ci\u00eancias Biol\u00f3gicas e Biom\u00e9dicas e da Psicologia. Para saber mais sobre os cursos de P\u00f3s Gradua\u00e7\u00e3o Lato e Stricto-Sensu, consulte \u201cP\u00f3s-Gradua\u00e7\u00e3o\u201d.<\/p>\n","protected":false},"excerpt":{"rendered":"<p>O Centro de Ci\u00eancias Biol\u00f3gicas nasceu junto com o campus da UEL. Em 1971, ano em que foi apresentado o plano urban\u00edstico do Campus Universit\u00e1rio, come\u00e7aram a ser erguidos, entremeados pela natureza, os primeiros blocos do ent\u00e3o \u201cDepartamento\u201d de Ci\u00eancias Biol\u00f3gicas. Inicialmente instalaram-se os Cursos de Gradua\u00e7\u00e3o em Ci\u00eancias Biol\u00f3gicas e de Psicologia, ambos criados [&hellip;]<\/p>\n","protected":false},"author":7,"featured_media":121,"parent":0,"menu_order":0,"comment_status":"closed","ping_status":"closed","template":"","meta":{"footnotes":""},"class_list":["post-104","page","type-page","status-publish","has-post-thumbnail","hentry"],"_links":{"self":[{"href":"https:\/\/sites.uel.br\/ccb\/wp-json\/wp\/v2\/pages\/104","targetHints":{"allow":["GET"]}}],"collection":[{"href":"https:\/\/sites.uel.br\/ccb\/wp-json\/wp\/v2\/pages"}],"about":[{"href":"https:\/\/sites.uel.br\/ccb\/wp-json\/wp\/v2\/types\/page"}],"author":[{"embeddable":true,"href":"https:\/\/sites.uel.br\/ccb\/wp-json\/wp\/v2\/users\/7"}],"replies":[{"embeddable":true,"href":"https:\/\/sites.uel.br\/ccb\/wp-json\/wp\/v2\/comments?post=104"}],"version-history":[{"count":8,"href":"https:\/\/sites.uel.br\/ccb\/wp-json\/wp\/v2\/pages\/104\/revisions"}],"predecessor-version":[{"id":123,"href":"https:\/\/sites.uel.br\/ccb\/wp-json\/wp\/v2\/pages\/104\/revisions\/123"}],"wp:featuredmedia":[{"embeddable":true,"href":"https:\/\/sites.uel.br\/ccb\/wp-json\/wp\/v2\/media\/121"}],"wp:attachment":[{"href":"https:\/\/sites.uel.br\/ccb\/wp-json\/wp\/v2\/media?parent=104"}],"curies":[{"name":"wp","href":"https:\/\/api.w.org\/{rel}","templated":true}]}}