{"id":191,"date":"2024-03-04T15:30:34","date_gmt":"2024-03-04T18:30:34","guid":{"rendered":"https:\/\/sites.uel.br\/blogbaguncei\/?page_id=191"},"modified":"2025-04-27T20:52:59","modified_gmt":"2025-04-27T23:52:59","slug":"bastidores-baguncei","status":"publish","type":"page","link":"https:\/\/sites.uel.br\/blogbaguncei\/bastidores-baguncei\/","title":{"rendered":"Encontros Blog e Travessias"},"content":{"rendered":"\n<p><\/p>\n\n\n\n<p class=\"has-text-align-center\"><strong>Encontros, reuni\u00f5es e eventos relacionados ao blog e a Educa\u00e7\u00e3o Infantil&nbsp;<\/strong><\/p>\n\n\n\n<div class=\"wp-block-columns is-layout-flex wp-container-core-columns-is-layout-9d6595d7 wp-block-columns-is-layout-flex\">\n<div class=\"wp-block-column is-layout-flow wp-block-column-is-layout-flow\" style=\"flex-basis:50%\">\n<p class=\"has-text-align-center has-cinza-claro-color has-text-color has-link-color has-small-font-size wp-elements-1be3c6cd479ca5d1cd89a4cf740aaa29\"><strong><mark class=\"has-inline-color has-cinza-claro-color\">Primeiro dia do Londrina+ 2018<\/mark><\/strong><\/p>\n\n\n<div class=\"wp-block-image is-style-default\">\n<figure class=\"aligncenter size-large is-resized\"><img loading=\"lazy\" decoding=\"async\" width=\"1024\" height=\"768\" src=\"https:\/\/sites.uel.br\/blogbaguncei\/wp-content\/uploads\/2024\/03\/image-1024x768.png\" alt=\"\" class=\"wp-image-200\" style=\"width:335px;height:auto\" srcset=\"https:\/\/sites.uel.br\/blogbaguncei\/wp-content\/uploads\/2024\/03\/image-1024x768.png 1024w, https:\/\/sites.uel.br\/blogbaguncei\/wp-content\/uploads\/2024\/03\/image-300x225.png 300w, https:\/\/sites.uel.br\/blogbaguncei\/wp-content\/uploads\/2024\/03\/image-768x576.png 768w, https:\/\/sites.uel.br\/blogbaguncei\/wp-content\/uploads\/2024\/03\/image.png 1280w\" sizes=\"auto, (max-width: 1024px) 100vw, 1024px\" \/><\/figure>\n<\/div>\n\n<div class=\"wp-block-image\">\n<figure class=\"aligncenter size-large is-resized\"><img loading=\"lazy\" decoding=\"async\" width=\"1024\" height=\"498\" src=\"https:\/\/sites.uel.br\/blogbaguncei\/wp-content\/uploads\/2024\/03\/image-3-1024x498.png\" alt=\"\" class=\"wp-image-205\" style=\"width:337px;height:auto\" srcset=\"https:\/\/sites.uel.br\/blogbaguncei\/wp-content\/uploads\/2024\/03\/image-3-1024x498.png 1024w, https:\/\/sites.uel.br\/blogbaguncei\/wp-content\/uploads\/2024\/03\/image-3-300x146.png 300w, https:\/\/sites.uel.br\/blogbaguncei\/wp-content\/uploads\/2024\/03\/image-3-768x373.png 768w, https:\/\/sites.uel.br\/blogbaguncei\/wp-content\/uploads\/2024\/03\/image-3.png 1280w\" sizes=\"auto, (max-width: 1024px) 100vw, 1024px\" \/><\/figure>\n<\/div><\/div>\n\n\n\n<div class=\"wp-block-column is-layout-flow wp-block-column-is-layout-flow\" style=\"flex-basis:50%\">\n<div class=\"wp-block-group is-vertical is-content-justification-center is-layout-flex wp-container-core-group-is-layout-48c2c4f0 wp-block-group-is-layout-flex\">\n<p class=\"has-small-font-size\"><strong>Blog BaguncEI no segundo dia do Londrina+ 2018<\/strong><\/p>\n\n\n\n<div class=\"wp-block-group\"><div class=\"wp-block-group__inner-container is-layout-constrained wp-block-group-is-layout-constrained\">\n<figure class=\"wp-block-image size-large is-resized\"><img loading=\"lazy\" decoding=\"async\" width=\"1024\" height=\"768\" src=\"https:\/\/sites.uel.br\/blogbaguncei\/wp-content\/uploads\/2024\/03\/image-9-1024x768.png\" alt=\"\" class=\"wp-image-212\" style=\"width:345px;height:auto\" srcset=\"https:\/\/sites.uel.br\/blogbaguncei\/wp-content\/uploads\/2024\/03\/image-9-1024x768.png 1024w, https:\/\/sites.uel.br\/blogbaguncei\/wp-content\/uploads\/2024\/03\/image-9-300x225.png 300w, https:\/\/sites.uel.br\/blogbaguncei\/wp-content\/uploads\/2024\/03\/image-9-768x576.png 768w, https:\/\/sites.uel.br\/blogbaguncei\/wp-content\/uploads\/2024\/03\/image-9.png 1280w\" sizes=\"auto, (max-width: 1024px) 100vw, 1024px\" \/><\/figure>\n<\/div><\/div>\n<\/div>\n<\/div>\n<\/div>\n\n\n\n<p><\/p>\n\n\n\n<div class=\"wp-block-columns is-layout-flex wp-container-core-columns-is-layout-9d6595d7 wp-block-columns-is-layout-flex\">\n<div class=\"wp-block-column is-layout-flow wp-block-column-is-layout-flow\" style=\"flex-basis:50%\">\n<div class=\"wp-block-group is-vertical is-content-justification-center is-layout-flex wp-container-core-group-is-layout-48c2c4f0 wp-block-group-is-layout-flex\">\n<p class=\"has-small-font-size\"><strong>Reuni\u00e3o do BaguncEI na Pandemia &#8211; 2020<\/strong><\/p>\n\n\n\n<figure class=\"wp-block-image size-large is-resized\"><img loading=\"lazy\" decoding=\"async\" width=\"1024\" height=\"576\" src=\"https:\/\/sites.uel.br\/blogbaguncei\/wp-content\/uploads\/2024\/03\/image-13-1024x576.png\" alt=\"\" class=\"wp-image-216\" style=\"width:345px;height:auto\" srcset=\"https:\/\/sites.uel.br\/blogbaguncei\/wp-content\/uploads\/2024\/03\/image-13-1024x576.png 1024w, https:\/\/sites.uel.br\/blogbaguncei\/wp-content\/uploads\/2024\/03\/image-13-300x169.png 300w, https:\/\/sites.uel.br\/blogbaguncei\/wp-content\/uploads\/2024\/03\/image-13-768x432.png 768w, https:\/\/sites.uel.br\/blogbaguncei\/wp-content\/uploads\/2024\/03\/image-13.png 1366w\" sizes=\"auto, (max-width: 1024px) 100vw, 1024px\" \/><\/figure>\n<\/div>\n<\/div>\n\n\n\n<div class=\"wp-block-column is-layout-flow wp-block-column-is-layout-flow\" style=\"flex-basis:50%\">\n<div class=\"wp-block-group is-vertical is-content-justification-center is-layout-flex wp-container-core-group-is-layout-48c2c4f0 wp-block-group-is-layout-flex\">\n<p class=\"has-text-align-center has-small-font-size\"><strong>Reuni\u00e3o do BaguncEI 31\/08\/ 2022 organizando a agenda de tarefas<\/strong><\/p>\n\n\n\n<figure class=\"wp-block-image size-large is-resized\"><img loading=\"lazy\" decoding=\"async\" width=\"1024\" height=\"408\" src=\"https:\/\/sites.uel.br\/blogbaguncei\/wp-content\/uploads\/2024\/03\/image-19-1024x408.png\" alt=\"\" class=\"wp-image-222\" style=\"width:351px;height:auto\" srcset=\"https:\/\/sites.uel.br\/blogbaguncei\/wp-content\/uploads\/2024\/03\/image-19-1024x408.png 1024w, https:\/\/sites.uel.br\/blogbaguncei\/wp-content\/uploads\/2024\/03\/image-19-300x119.png 300w, https:\/\/sites.uel.br\/blogbaguncei\/wp-content\/uploads\/2024\/03\/image-19-768x306.png 768w, https:\/\/sites.uel.br\/blogbaguncei\/wp-content\/uploads\/2024\/03\/image-19.png 1271w\" sizes=\"auto, (max-width: 1024px) 100vw, 1024px\" \/><\/figure>\n<\/div>\n<\/div>\n<\/div>\n\n\n\n<div class=\"wp-block-columns is-layout-flex wp-container-core-columns-is-layout-9d6595d7 wp-block-columns-is-layout-flex\">\n<div class=\"wp-block-column is-layout-flow wp-block-column-is-layout-flow\" style=\"flex-basis:50%\">\n<div class=\"wp-block-group is-vertical is-content-justification-center is-layout-flex wp-container-core-group-is-layout-48c2c4f0 wp-block-group-is-layout-flex\">\n<p class=\"has-small-font-size\"><strong>Encontro do Grupo de Pesquisa Travessias. (04\/06\/22)<\/strong><\/p>\n\n\n\n<figure class=\"wp-block-image size-large is-resized\"><img loading=\"lazy\" decoding=\"async\" width=\"1024\" height=\"770\" src=\"https:\/\/sites.uel.br\/blogbaguncei\/wp-content\/uploads\/2024\/03\/image-20-1024x770.png\" alt=\"\" class=\"wp-image-223\" style=\"width:348px;height:auto\" srcset=\"https:\/\/sites.uel.br\/blogbaguncei\/wp-content\/uploads\/2024\/03\/image-20-1024x770.png 1024w, https:\/\/sites.uel.br\/blogbaguncei\/wp-content\/uploads\/2024\/03\/image-20-300x226.png 300w, https:\/\/sites.uel.br\/blogbaguncei\/wp-content\/uploads\/2024\/03\/image-20-768x577.png 768w, https:\/\/sites.uel.br\/blogbaguncei\/wp-content\/uploads\/2024\/03\/image-20.png 1080w\" sizes=\"auto, (max-width: 1024px) 100vw, 1024px\" \/><\/figure>\n<\/div>\n<\/div>\n\n\n\n<div class=\"wp-block-column is-layout-flow wp-block-column-is-layout-flow\" style=\"flex-basis:50%\">\n<p class=\"has-text-align-center has-small-font-size\"><strong>Encontro do Grupo de Pesquisa Travessias. (02\/03\/2024)<\/strong><\/p>\n\n\n<div class=\"wp-block-image\">\n<figure class=\"aligncenter size-full is-resized\"><img loading=\"lazy\" decoding=\"async\" width=\"1024\" height=\"768\" src=\"https:\/\/sites.uel.br\/blogbaguncei\/wp-content\/uploads\/2025\/03\/02-03-24.jpg\" alt=\"\" class=\"wp-image-1199\" style=\"width:348px;height:auto\" srcset=\"https:\/\/sites.uel.br\/blogbaguncei\/wp-content\/uploads\/2025\/03\/02-03-24.jpg 1024w, https:\/\/sites.uel.br\/blogbaguncei\/wp-content\/uploads\/2025\/03\/02-03-24-300x225.jpg 300w, https:\/\/sites.uel.br\/blogbaguncei\/wp-content\/uploads\/2025\/03\/02-03-24-768x576.jpg 768w\" sizes=\"auto, (max-width: 1024px) 100vw, 1024px\" \/><\/figure>\n<\/div><\/div>\n<\/div>\n\n\n\n<div class=\"wp-block-columns is-layout-flex wp-container-core-columns-is-layout-9d6595d7 wp-block-columns-is-layout-flex\">\n<div class=\"wp-block-column is-layout-flow wp-block-column-is-layout-flow\" style=\"flex-basis:50%\">\n<p class=\"has-text-align-center has-small-font-size\"><strong>Encontro do Grupo de Pesquisa Travessias. (17\/08\/2024)<\/strong><\/p>\n\n\n<div class=\"wp-block-image\">\n<figure class=\"aligncenter size-full is-resized\"><img loading=\"lazy\" decoding=\"async\" width=\"1024\" height=\"768\" src=\"https:\/\/sites.uel.br\/blogbaguncei\/wp-content\/uploads\/2025\/03\/17-08-24.jpg\" alt=\"\" class=\"wp-image-1200\" style=\"width:384px;height:auto\" srcset=\"https:\/\/sites.uel.br\/blogbaguncei\/wp-content\/uploads\/2025\/03\/17-08-24.jpg 1024w, https:\/\/sites.uel.br\/blogbaguncei\/wp-content\/uploads\/2025\/03\/17-08-24-300x225.jpg 300w, https:\/\/sites.uel.br\/blogbaguncei\/wp-content\/uploads\/2025\/03\/17-08-24-768x576.jpg 768w\" sizes=\"auto, (max-width: 1024px) 100vw, 1024px\" \/><\/figure>\n<\/div><\/div>\n\n\n\n<div class=\"wp-block-column is-layout-flow wp-block-column-is-layout-flow\" style=\"flex-basis:50%\">\n<p class=\"has-text-align-center has-small-font-size\"><strong>Encontro do Grupo de Pesquisa Travessias. (28\/09\/2024)<\/strong><\/p>\n\n\n<div class=\"wp-block-image\">\n<figure class=\"aligncenter size-full is-resized\"><img loading=\"lazy\" decoding=\"async\" width=\"768\" height=\"576\" src=\"https:\/\/sites.uel.br\/blogbaguncei\/wp-content\/uploads\/2025\/04\/28-09-2024-edited.jpg\" alt=\"\" class=\"wp-image-1268\" style=\"width:348px;height:auto\" srcset=\"https:\/\/sites.uel.br\/blogbaguncei\/wp-content\/uploads\/2025\/04\/28-09-2024-edited.jpg 768w, https:\/\/sites.uel.br\/blogbaguncei\/wp-content\/uploads\/2025\/04\/28-09-2024-edited-300x225.jpg 300w\" sizes=\"auto, (max-width: 768px) 100vw, 768px\" \/><\/figure>\n<\/div><\/div>\n<\/div>\n\n\n\n<div class=\"wp-block-columns is-layout-flex wp-container-core-columns-is-layout-9d6595d7 wp-block-columns-is-layout-flex\">\n<div class=\"wp-block-column is-layout-flow wp-block-column-is-layout-flow\" style=\"flex-basis:50%\">\n<p class=\"has-text-align-center has-small-font-size\"><strong>Encontro do Grupo de Pesquisa Travessias. (29\/06\/2024)<\/strong><\/p>\n\n\n<div class=\"wp-block-image\">\n<figure class=\"aligncenter size-full is-resized\"><img loading=\"lazy\" decoding=\"async\" width=\"960\" height=\"720\" src=\"https:\/\/sites.uel.br\/blogbaguncei\/wp-content\/uploads\/2025\/04\/WhatsApp-Image-2025-04-17-at-14.35.52-1-edited.jpeg\" alt=\"\" class=\"wp-image-1274\" style=\"width:378px;height:auto\" srcset=\"https:\/\/sites.uel.br\/blogbaguncei\/wp-content\/uploads\/2025\/04\/WhatsApp-Image-2025-04-17-at-14.35.52-1-edited.jpeg 960w, https:\/\/sites.uel.br\/blogbaguncei\/wp-content\/uploads\/2025\/04\/WhatsApp-Image-2025-04-17-at-14.35.52-1-edited-300x225.jpeg 300w, https:\/\/sites.uel.br\/blogbaguncei\/wp-content\/uploads\/2025\/04\/WhatsApp-Image-2025-04-17-at-14.35.52-1-edited-768x576.jpeg 768w\" sizes=\"auto, (max-width: 960px) 100vw, 960px\" \/><\/figure>\n<\/div><\/div>\n\n\n\n<div class=\"wp-block-column is-layout-flow wp-block-column-is-layout-flow\" style=\"flex-basis:50%\">\n<p class=\"has-text-align-center has-small-font-size\"><strong>Encontro do Grupo de Pesquisa Travessias. (26\/10\/2024)<\/strong><\/p>\n\n\n<div class=\"wp-block-image\">\n<figure class=\"aligncenter size-full is-resized\"><img loading=\"lazy\" decoding=\"async\" width=\"1024\" height=\"768\" src=\"https:\/\/sites.uel.br\/blogbaguncei\/wp-content\/uploads\/2025\/03\/26-10-24.jpg\" alt=\"\" class=\"wp-image-1202\" style=\"width:378px;height:auto\" srcset=\"https:\/\/sites.uel.br\/blogbaguncei\/wp-content\/uploads\/2025\/03\/26-10-24.jpg 1024w, https:\/\/sites.uel.br\/blogbaguncei\/wp-content\/uploads\/2025\/03\/26-10-24-300x225.jpg 300w, https:\/\/sites.uel.br\/blogbaguncei\/wp-content\/uploads\/2025\/03\/26-10-24-768x576.jpg 768w\" sizes=\"auto, (max-width: 1024px) 100vw, 1024px\" \/><\/figure>\n<\/div><\/div>\n<\/div>\n\n\n\n<div class=\"wp-block-columns is-layout-flex wp-container-core-columns-is-layout-9d6595d7 wp-block-columns-is-layout-flex\">\n<div class=\"wp-block-column is-layout-flow wp-block-column-is-layout-flow\">\n<p class=\"has-text-align-center has-small-font-size\"><strong>Encontro do Grupo de Pesquisa Travessias. (15\/06\/2024)<\/strong><\/p>\n\n\n<div class=\"wp-block-image\">\n<figure class=\"aligncenter size-full is-resized\"><img loading=\"lazy\" decoding=\"async\" width=\"1600\" height=\"1200\" src=\"https:\/\/sites.uel.br\/blogbaguncei\/wp-content\/uploads\/2025\/04\/WhatsApp-Image-2025-04-17-at-14.35.53.jpeg\" alt=\"\" class=\"wp-image-1276\" style=\"width:378px;height:auto\" srcset=\"https:\/\/sites.uel.br\/blogbaguncei\/wp-content\/uploads\/2025\/04\/WhatsApp-Image-2025-04-17-at-14.35.53.jpeg 1600w, https:\/\/sites.uel.br\/blogbaguncei\/wp-content\/uploads\/2025\/04\/WhatsApp-Image-2025-04-17-at-14.35.53-300x225.jpeg 300w, https:\/\/sites.uel.br\/blogbaguncei\/wp-content\/uploads\/2025\/04\/WhatsApp-Image-2025-04-17-at-14.35.53-1024x768.jpeg 1024w, https:\/\/sites.uel.br\/blogbaguncei\/wp-content\/uploads\/2025\/04\/WhatsApp-Image-2025-04-17-at-14.35.53-768x576.jpeg 768w, https:\/\/sites.uel.br\/blogbaguncei\/wp-content\/uploads\/2025\/04\/WhatsApp-Image-2025-04-17-at-14.35.53-1536x1152.jpeg 1536w\" sizes=\"auto, (max-width: 1600px) 100vw, 1600px\" \/><\/figure>\n<\/div><\/div>\n\n\n\n<div class=\"wp-block-column is-layout-flow wp-block-column-is-layout-flow\">\n<p class=\"has-text-align-center has-small-font-size\"><strong>Professora Cassiana Magalh\u00e3es participou do Semin\u00e1rio Regional Par\u00e2metros Nacionais de Qualidade e Equidade para a Educa\u00e7\u00e3o Infantil: Desafios e Perspectivas <\/strong><br><strong>nos dias 12 e 13 de abril de 2025 na UFPR<\/strong><\/p>\n\n\n<div class=\"wp-block-image\">\n<figure class=\"aligncenter size-full is-resized\"><img loading=\"lazy\" decoding=\"async\" width=\"1200\" height=\"900\" src=\"https:\/\/sites.uel.br\/blogbaguncei\/wp-content\/uploads\/2025\/04\/WhatsApp-Image-2025-04-17-at-14.37.49-edited.jpeg\" alt=\"\" class=\"wp-image-1278\" style=\"width:378px;height:auto\" srcset=\"https:\/\/sites.uel.br\/blogbaguncei\/wp-content\/uploads\/2025\/04\/WhatsApp-Image-2025-04-17-at-14.37.49-edited.jpeg 1200w, https:\/\/sites.uel.br\/blogbaguncei\/wp-content\/uploads\/2025\/04\/WhatsApp-Image-2025-04-17-at-14.37.49-edited-300x225.jpeg 300w, https:\/\/sites.uel.br\/blogbaguncei\/wp-content\/uploads\/2025\/04\/WhatsApp-Image-2025-04-17-at-14.37.49-edited-1024x768.jpeg 1024w, https:\/\/sites.uel.br\/blogbaguncei\/wp-content\/uploads\/2025\/04\/WhatsApp-Image-2025-04-17-at-14.37.49-edited-768x576.jpeg 768w\" sizes=\"auto, (max-width: 1200px) 100vw, 1200px\" \/><\/figure>\n<\/div><\/div>\n<\/div>\n\n\n\n<div class=\"wp-block-columns is-layout-flex wp-container-core-columns-is-layout-9d6595d7 wp-block-columns-is-layout-flex\">\n<div class=\"wp-block-column is-layout-flow wp-block-column-is-layout-flow\">\n<p class=\"has-text-align-center has-small-font-size\"><strong>Encontro do Grupo de Pesquisa Travessias. (30\/11\/2024)<\/strong><\/p>\n\n\n<div class=\"wp-block-image\">\n<figure class=\"aligncenter size-full is-resized\"><img loading=\"lazy\" decoding=\"async\" width=\"1280\" height=\"960\" src=\"https:\/\/sites.uel.br\/blogbaguncei\/wp-content\/uploads\/2025\/04\/WhatsApp-Image-2025-04-17-at-14.43.40.jpeg\" alt=\"\" class=\"wp-image-1281\" style=\"width:378px;height:auto\" srcset=\"https:\/\/sites.uel.br\/blogbaguncei\/wp-content\/uploads\/2025\/04\/WhatsApp-Image-2025-04-17-at-14.43.40.jpeg 1280w, https:\/\/sites.uel.br\/blogbaguncei\/wp-content\/uploads\/2025\/04\/WhatsApp-Image-2025-04-17-at-14.43.40-300x225.jpeg 300w, https:\/\/sites.uel.br\/blogbaguncei\/wp-content\/uploads\/2025\/04\/WhatsApp-Image-2025-04-17-at-14.43.40-1024x768.jpeg 1024w, https:\/\/sites.uel.br\/blogbaguncei\/wp-content\/uploads\/2025\/04\/WhatsApp-Image-2025-04-17-at-14.43.40-768x576.jpeg 768w\" sizes=\"auto, (max-width: 1280px) 100vw, 1280px\" \/><\/figure>\n<\/div><\/div>\n\n\n\n<div class=\"wp-block-column is-layout-flow wp-block-column-is-layout-flow\">\n<p class=\"has-text-align-center has-small-font-size\"><strong>Encontro do Grupo de Pesquisa Travessias. (30\/11\/2024)<\/strong><\/p>\n\n\n<div class=\"wp-block-image\">\n<figure class=\"aligncenter size-full is-resized\"><img loading=\"lazy\" decoding=\"async\" width=\"960\" height=\"1280\" src=\"https:\/\/sites.uel.br\/blogbaguncei\/wp-content\/uploads\/2025\/04\/WhatsApp-Image-2025-04-17-at-14.43.40-1.jpeg\" alt=\"\" class=\"wp-image-1282\" style=\"width:272px;height:auto\" srcset=\"https:\/\/sites.uel.br\/blogbaguncei\/wp-content\/uploads\/2025\/04\/WhatsApp-Image-2025-04-17-at-14.43.40-1.jpeg 960w, https:\/\/sites.uel.br\/blogbaguncei\/wp-content\/uploads\/2025\/04\/WhatsApp-Image-2025-04-17-at-14.43.40-1-225x300.jpeg 225w, https:\/\/sites.uel.br\/blogbaguncei\/wp-content\/uploads\/2025\/04\/WhatsApp-Image-2025-04-17-at-14.43.40-1-768x1024.jpeg 768w\" sizes=\"auto, (max-width: 960px) 100vw, 960px\" \/><\/figure>\n<\/div><\/div>\n<\/div>\n\n\n\n<div class=\"wp-block-columns is-layout-flex wp-container-core-columns-is-layout-9d6595d7 wp-block-columns-is-layout-flex\">\n<div class=\"wp-block-column is-layout-flow wp-block-column-is-layout-flow\">\n<p class=\"has-text-align-center has-small-font-size\"><strong>Encontro do Grupo de Pesquisa Travessias. (25\/01\/2025)<\/strong><\/p>\n\n\n<div class=\"wp-block-image\">\n<figure class=\"aligncenter size-full is-resized\"><img loading=\"lazy\" decoding=\"async\" width=\"1280\" height=\"960\" src=\"https:\/\/sites.uel.br\/blogbaguncei\/wp-content\/uploads\/2025\/04\/WhatsApp-Image-2025-04-17-at-14.43.40-2.jpeg\" alt=\"\" class=\"wp-image-1305\" style=\"width:378px;height:auto\" srcset=\"https:\/\/sites.uel.br\/blogbaguncei\/wp-content\/uploads\/2025\/04\/WhatsApp-Image-2025-04-17-at-14.43.40-2.jpeg 1280w, https:\/\/sites.uel.br\/blogbaguncei\/wp-content\/uploads\/2025\/04\/WhatsApp-Image-2025-04-17-at-14.43.40-2-300x225.jpeg 300w, https:\/\/sites.uel.br\/blogbaguncei\/wp-content\/uploads\/2025\/04\/WhatsApp-Image-2025-04-17-at-14.43.40-2-1024x768.jpeg 1024w, https:\/\/sites.uel.br\/blogbaguncei\/wp-content\/uploads\/2025\/04\/WhatsApp-Image-2025-04-17-at-14.43.40-2-768x576.jpeg 768w\" sizes=\"auto, (max-width: 1280px) 100vw, 1280px\" \/><\/figure>\n<\/div><\/div>\n\n\n\n<div class=\"wp-block-column is-layout-flow wp-block-column-is-layout-flow\">\n<p class=\"has-text-align-center has-small-font-size\"><strong>Encontro do Grupo de Pesquisa Travessias. (25\/01\/2025)<\/strong><\/p>\n\n\n<div class=\"wp-block-image\">\n<figure class=\"aligncenter size-full is-resized\"><img loading=\"lazy\" decoding=\"async\" width=\"1280\" height=\"960\" src=\"https:\/\/sites.uel.br\/blogbaguncei\/wp-content\/uploads\/2025\/04\/WhatsApp-Image-2025-04-17-at-14.43.40-3.jpeg\" alt=\"\" class=\"wp-image-1306\" style=\"width:384px;height:auto\" srcset=\"https:\/\/sites.uel.br\/blogbaguncei\/wp-content\/uploads\/2025\/04\/WhatsApp-Image-2025-04-17-at-14.43.40-3.jpeg 1280w, https:\/\/sites.uel.br\/blogbaguncei\/wp-content\/uploads\/2025\/04\/WhatsApp-Image-2025-04-17-at-14.43.40-3-300x225.jpeg 300w, https:\/\/sites.uel.br\/blogbaguncei\/wp-content\/uploads\/2025\/04\/WhatsApp-Image-2025-04-17-at-14.43.40-3-1024x768.jpeg 1024w, https:\/\/sites.uel.br\/blogbaguncei\/wp-content\/uploads\/2025\/04\/WhatsApp-Image-2025-04-17-at-14.43.40-3-768x576.jpeg 768w\" sizes=\"auto, (max-width: 1280px) 100vw, 1280px\" \/><\/figure>\n<\/div><\/div>\n<\/div>\n\n\n\n<div class=\"wp-block-columns is-layout-flex wp-container-core-columns-is-layout-9d6595d7 wp-block-columns-is-layout-flex\">\n<div class=\"wp-block-column is-layout-flow wp-block-column-is-layout-flow\">\n<p class=\"has-text-align-center has-small-font-size\"><strong>Encontro do Grupo de Pesquisa Travessias. (22\/02\/2025)<\/strong><\/p>\n\n\n<div class=\"wp-block-image\">\n<figure class=\"aligncenter size-full is-resized\"><img loading=\"lazy\" decoding=\"async\" width=\"1280\" height=\"960\" src=\"https:\/\/sites.uel.br\/blogbaguncei\/wp-content\/uploads\/2025\/04\/WhatsApp-Image-2025-04-17-at-14.43.39.jpeg\" alt=\"\" class=\"wp-image-1307\" style=\"width:378px;height:auto\" srcset=\"https:\/\/sites.uel.br\/blogbaguncei\/wp-content\/uploads\/2025\/04\/WhatsApp-Image-2025-04-17-at-14.43.39.jpeg 1280w, https:\/\/sites.uel.br\/blogbaguncei\/wp-content\/uploads\/2025\/04\/WhatsApp-Image-2025-04-17-at-14.43.39-300x225.jpeg 300w, https:\/\/sites.uel.br\/blogbaguncei\/wp-content\/uploads\/2025\/04\/WhatsApp-Image-2025-04-17-at-14.43.39-1024x768.jpeg 1024w, https:\/\/sites.uel.br\/blogbaguncei\/wp-content\/uploads\/2025\/04\/WhatsApp-Image-2025-04-17-at-14.43.39-768x576.jpeg 768w\" sizes=\"auto, (max-width: 1280px) 100vw, 1280px\" \/><\/figure>\n<\/div><\/div>\n\n\n\n<div class=\"wp-block-column is-layout-flow wp-block-column-is-layout-flow\">\n<p class=\"has-text-align-center has-small-font-size\"><strong>Encontro do Grupo de Pesquisa Travessias. (29\/03\/2025)<\/strong><\/p>\n\n\n<div class=\"wp-block-image\">\n<figure class=\"aligncenter size-full is-resized\"><img loading=\"lazy\" decoding=\"async\" width=\"1280\" height=\"960\" src=\"https:\/\/sites.uel.br\/blogbaguncei\/wp-content\/uploads\/2025\/04\/WhatsApp-Image-2025-04-17-at-14.43.39-1.jpeg\" alt=\"\" class=\"wp-image-1308\" style=\"width:384px;height:auto\" srcset=\"https:\/\/sites.uel.br\/blogbaguncei\/wp-content\/uploads\/2025\/04\/WhatsApp-Image-2025-04-17-at-14.43.39-1.jpeg 1280w, https:\/\/sites.uel.br\/blogbaguncei\/wp-content\/uploads\/2025\/04\/WhatsApp-Image-2025-04-17-at-14.43.39-1-300x225.jpeg 300w, https:\/\/sites.uel.br\/blogbaguncei\/wp-content\/uploads\/2025\/04\/WhatsApp-Image-2025-04-17-at-14.43.39-1-1024x768.jpeg 1024w, https:\/\/sites.uel.br\/blogbaguncei\/wp-content\/uploads\/2025\/04\/WhatsApp-Image-2025-04-17-at-14.43.39-1-768x576.jpeg 768w\" sizes=\"auto, (max-width: 1280px) 100vw, 1280px\" \/><\/figure>\n<\/div><\/div>\n<\/div>\n\n\n\n<div class=\"wp-block-columns is-layout-flex wp-container-core-columns-is-layout-9d6595d7 wp-block-columns-is-layout-flex\">\n<div class=\"wp-block-column is-layout-flow wp-block-column-is-layout-flow\">\n<p class=\"has-text-align-center has-small-font-size\"><strong>Encontro do Grupo de Pesquisa Travessias. (26\/04\/2025)<\/strong><\/p>\n\n\n<div class=\"wp-block-image\">\n<figure class=\"aligncenter size-full is-resized\"><img loading=\"lazy\" decoding=\"async\" width=\"1280\" height=\"720\" src=\"https:\/\/sites.uel.br\/blogbaguncei\/wp-content\/uploads\/2025\/04\/WhatsApp-Image-2025-04-26-at-12.15.38.jpeg\" alt=\"\" class=\"wp-image-1337\" style=\"width:424px;height:auto\" srcset=\"https:\/\/sites.uel.br\/blogbaguncei\/wp-content\/uploads\/2025\/04\/WhatsApp-Image-2025-04-26-at-12.15.38.jpeg 1280w, https:\/\/sites.uel.br\/blogbaguncei\/wp-content\/uploads\/2025\/04\/WhatsApp-Image-2025-04-26-at-12.15.38-300x169.jpeg 300w, https:\/\/sites.uel.br\/blogbaguncei\/wp-content\/uploads\/2025\/04\/WhatsApp-Image-2025-04-26-at-12.15.38-1024x576.jpeg 1024w, https:\/\/sites.uel.br\/blogbaguncei\/wp-content\/uploads\/2025\/04\/WhatsApp-Image-2025-04-26-at-12.15.38-768x432.jpeg 768w\" sizes=\"auto, (max-width: 1280px) 100vw, 1280px\" \/><\/figure>\n<\/div><\/div>\n\n\n\n<div class=\"wp-block-column is-layout-flow wp-block-column-is-layout-flow\"><\/div>\n<\/div>\n","protected":false},"excerpt":{"rendered":"<p>Encontros, reuni\u00f5es e eventos relacionados ao blog e a Educa\u00e7\u00e3o Infantil&nbsp; Primeiro dia do Londrina+ 2018 Blog BaguncEI no segundo dia do Londrina+ 2018 Reuni\u00e3o do BaguncEI na Pandemia &#8211; 2020 Reuni\u00e3o do BaguncEI 31\/08\/ 2022 organizando a agenda de tarefas Encontro do Grupo de Pesquisa Travessias. (04\/06\/22) Encontro do Grupo de Pesquisa Travessias. (02\/03\/2024) [&hellip;]<\/p>\n","protected":false},"author":10,"featured_media":0,"parent":0,"menu_order":0,"comment_status":"closed","ping_status":"closed","template":"","meta":{"footnotes":""},"class_list":["post-191","page","type-page","status-publish","hentry"],"acf":[],"_links":{"self":[{"href":"https:\/\/sites.uel.br\/blogbaguncei\/wp-json\/wp\/v2\/pages\/191","targetHints":{"allow":["GET"]}}],"collection":[{"href":"https:\/\/sites.uel.br\/blogbaguncei\/wp-json\/wp\/v2\/pages"}],"about":[{"href":"https:\/\/sites.uel.br\/blogbaguncei\/wp-json\/wp\/v2\/types\/page"}],"author":[{"embeddable":true,"href":"https:\/\/sites.uel.br\/blogbaguncei\/wp-json\/wp\/v2\/users\/10"}],"replies":[{"embeddable":true,"href":"https:\/\/sites.uel.br\/blogbaguncei\/wp-json\/wp\/v2\/comments?post=191"}],"version-history":[{"count":14,"href":"https:\/\/sites.uel.br\/blogbaguncei\/wp-json\/wp\/v2\/pages\/191\/revisions"}],"predecessor-version":[{"id":1338,"href":"https:\/\/sites.uel.br\/blogbaguncei\/wp-json\/wp\/v2\/pages\/191\/revisions\/1338"}],"wp:attachment":[{"href":"https:\/\/sites.uel.br\/blogbaguncei\/wp-json\/wp\/v2\/media?parent=191"}],"curies":[{"name":"wp","href":"https:\/\/api.w.org\/{rel}","templated":true}]}}