{"id":1300,"date":"2025-04-17T15:08:52","date_gmt":"2025-04-17T18:08:52","guid":{"rendered":"https:\/\/sites.uel.br\/blogbaguncei\/?page_id=1300"},"modified":"2025-04-17T15:39:00","modified_gmt":"2025-04-17T18:39:00","slug":"conheca-o-grupo-travessias","status":"publish","type":"page","link":"https:\/\/sites.uel.br\/blogbaguncei\/conheca-o-grupo-travessias\/","title":{"rendered":"Conhe\u00e7a o grupo Travessias"},"content":{"rendered":"\n<p><\/p>\n\n\n<div class=\"wp-block-image\">\n<figure class=\"aligncenter size-full is-resized\"><img loading=\"lazy\" decoding=\"async\" width=\"640\" height=\"640\" src=\"https:\/\/sites.uel.br\/blogbaguncei\/wp-content\/uploads\/2025\/04\/WhatsApp-Image-2025-01-15-at-17.00.46-1.jpeg\" alt=\"\" class=\"wp-image-1312\" style=\"width:357px;height:auto\" srcset=\"https:\/\/sites.uel.br\/blogbaguncei\/wp-content\/uploads\/2025\/04\/WhatsApp-Image-2025-01-15-at-17.00.46-1.jpeg 640w, https:\/\/sites.uel.br\/blogbaguncei\/wp-content\/uploads\/2025\/04\/WhatsApp-Image-2025-01-15-at-17.00.46-1-300x300.jpeg 300w, https:\/\/sites.uel.br\/blogbaguncei\/wp-content\/uploads\/2025\/04\/WhatsApp-Image-2025-01-15-at-17.00.46-1-150x150.jpeg 150w\" sizes=\"auto, (max-width: 640px) 100vw, 640px\" \/><\/figure>\n<\/div>\n\n\n<p class=\"has-text-align-center\">O grupo de pesquisa <strong>&#8220;Travessias Luso-Brasileiras na Educa\u00e7\u00e3o da Inf\u00e2ncia&#8221;<\/strong>, est\u00e1 cadastrado no Cnpq &#8211; desde 2018.<br>O grupo nasce do desejo de continuar a parceria com a Universidade de \u00c9vora &#8211; Portugal, por meio do estudo da educa\u00e7\u00e3o da inf\u00e2ncia na perspectiva da Teoria Hist\u00f3rico-Cultural.<br>As l\u00edderes do grupo s\u00e3o as professoras doutoras: Cassiana Magalh\u00e3es da Universidade Estadual de Londrina &#8211; Brasil. Ana Artur da Universidade de \u00c9vora &#8211; Portugal.<br>O grupo desenvolve pesquisas com estudantes da gradua\u00e7\u00e3o ao doutorado e professores da educa\u00e7\u00e3o b\u00e1sica.<br>As a\u00e7\u00f5es de internacionaliza\u00e7\u00e3o s\u00e3o vivenciadas por meio das bancas, produ\u00e7\u00e3o de artigos, organiza\u00e7\u00e3o de livros e participa\u00e7\u00e3o em eventos no Brasil e em Portugal.<\/p>\n\n\n\n<p><\/p>\n\n\n\n<p class=\"has-text-align-center\">Endere\u00e7o de acesso CNPq:<br><a href=\"http:\/\/dgp.cnpq.br\/dgp\/espelhogrupo\/9307384644798831\" data-type=\"link\" data-id=\"http:\/\/dgp.cnpq.br\/dgp\/espelhogrupo\/9307384644798831\">dgp.cnpq.br\/dgp\/espelhogrupo\/9307384644798831<\/a><\/p>\n","protected":false},"excerpt":{"rendered":"<p>O grupo de pesquisa &#8220;Travessias Luso-Brasileiras na Educa\u00e7\u00e3o da Inf\u00e2ncia&#8221;, est\u00e1 cadastrado no Cnpq &#8211; desde 2018.O grupo nasce do desejo de continuar a parceria com a Universidade de \u00c9vora &#8211; Portugal, por meio do estudo da educa\u00e7\u00e3o da inf\u00e2ncia na perspectiva da Teoria Hist\u00f3rico-Cultural.As l\u00edderes do grupo s\u00e3o as professoras doutoras: Cassiana Magalh\u00e3es da [&hellip;]<\/p>\n","protected":false},"author":11,"featured_media":0,"parent":0,"menu_order":0,"comment_status":"closed","ping_status":"closed","template":"","meta":{"footnotes":""},"class_list":["post-1300","page","type-page","status-publish","hentry"],"acf":[],"_links":{"self":[{"href":"https:\/\/sites.uel.br\/blogbaguncei\/wp-json\/wp\/v2\/pages\/1300","targetHints":{"allow":["GET"]}}],"collection":[{"href":"https:\/\/sites.uel.br\/blogbaguncei\/wp-json\/wp\/v2\/pages"}],"about":[{"href":"https:\/\/sites.uel.br\/blogbaguncei\/wp-json\/wp\/v2\/types\/page"}],"author":[{"embeddable":true,"href":"https:\/\/sites.uel.br\/blogbaguncei\/wp-json\/wp\/v2\/users\/11"}],"replies":[{"embeddable":true,"href":"https:\/\/sites.uel.br\/blogbaguncei\/wp-json\/wp\/v2\/comments?post=1300"}],"version-history":[{"count":2,"href":"https:\/\/sites.uel.br\/blogbaguncei\/wp-json\/wp\/v2\/pages\/1300\/revisions"}],"predecessor-version":[{"id":1313,"href":"https:\/\/sites.uel.br\/blogbaguncei\/wp-json\/wp\/v2\/pages\/1300\/revisions\/1313"}],"wp:attachment":[{"href":"https:\/\/sites.uel.br\/blogbaguncei\/wp-json\/wp\/v2\/media?parent=1300"}],"curies":[{"name":"wp","href":"https:\/\/api.w.org\/{rel}","templated":true}]}}