{"id":87,"date":"2022-03-09T15:56:57","date_gmt":"2022-03-09T18:56:57","guid":{"rendered":"https:\/\/sites.uel.br\/bibliotecas\/?page_id=87"},"modified":"2025-08-28T16:43:50","modified_gmt":"2025-08-28T19:43:50","slug":"fale-conosco","status":"publish","type":"page","link":"https:\/\/sites.uel.br\/bibliotecas\/fale-conosco\/","title":{"rendered":"Fale Conosco"},"content":{"rendered":"\n<div class=\"wp-block-columns is-layout-flex wp-container-core-columns-is-layout-9d6595d7 wp-block-columns-is-layout-flex\">\n<div class=\"wp-block-column is-layout-flow wp-block-column-is-layout-flow\">\n<figure class=\"wp-block-image size-full is-resized\"><a href=\"https:\/\/docs.google.com\/forms\/d\/e\/1FAIpQLSegYCAfDZV307Kid9J0wts04PTFN-8kbLBxOurbPoHeWieY3w\/viewform?usp=pp_url\" target=\"_blank\" rel=\"noreferrer noopener\"><img loading=\"lazy\" decoding=\"async\" width=\"500\" height=\"500\" src=\"https:\/\/sites.uel.br\/bibliotecas\/wp-content\/uploads\/2022\/06\/sugestoes-removebg-preview.png\" alt=\"\" class=\"wp-image-558\" style=\"width:224px;height:224px\" srcset=\"https:\/\/sites.uel.br\/bibliotecas\/wp-content\/uploads\/2022\/06\/sugestoes-removebg-preview.png 500w, https:\/\/sites.uel.br\/bibliotecas\/wp-content\/uploads\/2022\/06\/sugestoes-removebg-preview-300x300.png 300w, https:\/\/sites.uel.br\/bibliotecas\/wp-content\/uploads\/2022\/06\/sugestoes-removebg-preview-150x150.png 150w\" sizes=\"auto, (max-width: 500px) 100vw, 500px\" \/><\/a><\/figure>\n<\/div>\n<\/div>\n\n\n\n<figure class=\"wp-block-table\"><table class=\"has-background\" style=\"background-color:#67a53f\"><tbody><tr><td class=\"has-text-align-center\" data-align=\"center\"><strong>&nbsp;Direcione sua d\u00favida ao setor desejado<\/strong><\/td><\/tr><\/tbody><\/table><\/figure>\n\n\n\n<figure class=\"wp-block-table is-style-stripes\"><table class=\"has-background\" style=\"background-color:#67a53f\"><tbody><tr><td><strong>Geral<\/strong><\/td><td>(43) 3371 &#8211; 4336<img loading=\"lazy\" decoding=\"async\" width=\"38\" height=\"38\" class=\"wp-image-1048\" style=\"width: 38px;\" src=\"https:\/\/sites.uel.br\/bibliotecas\/wp-content\/uploads\/2024\/07\/image-removebg-preview-2.png\" alt=\"\" srcset=\"https:\/\/sites.uel.br\/bibliotecas\/wp-content\/uploads\/2024\/07\/image-removebg-preview-2.png 499w, https:\/\/sites.uel.br\/bibliotecas\/wp-content\/uploads\/2024\/07\/image-removebg-preview-2-300x300.png 300w, https:\/\/sites.uel.br\/bibliotecas\/wp-content\/uploads\/2024\/07\/image-removebg-preview-2-150x150.png 150w\" sizes=\"auto, (max-width: 38px) 100vw, 38px\" \/><br>bcuel@uel.br<\/td><\/tr><tr><td><strong>Dire\u00e7\u00e3o<\/strong><\/td><td>(43) 3371-4209<br>nemaza@uel.br<\/td><\/tr><tr><td><strong>Secretaria Executiva<\/strong><\/td><td>(43) 3371-4219<br>dir.bc@uel.br<\/td><\/tr><tr><td><strong>Compra e <\/strong><br><strong>Doa\u00e7\u00e3o de Livros<\/strong><\/td><td>(43) 3371- 4335<br>comprabc@uel.br<br>aquil@uel.br<\/td><\/tr><tr><td><strong>Ficha Catalogr\u00e1fica<\/strong><\/td><td>(43) 3371 &#8211; 4409<br>pereira@uel.br<br>proctec@uel.br&nbsp;<\/td><\/tr><tr><td><strong>Divis\u00e3o de Refer\u00eancia<\/strong><\/td><td>(43) 3371 &#8211; 4610<img loading=\"lazy\" decoding=\"async\" width=\"38\" height=\"38\" class=\"wp-image-1048\" style=\"width: 38px;\" src=\"https:\/\/sites.uel.br\/bibliotecas\/wp-content\/uploads\/2024\/07\/image-removebg-preview-2.png\" alt=\"\" srcset=\"https:\/\/sites.uel.br\/bibliotecas\/wp-content\/uploads\/2024\/07\/image-removebg-preview-2.png 499w, https:\/\/sites.uel.br\/bibliotecas\/wp-content\/uploads\/2024\/07\/image-removebg-preview-2-300x300.png 300w, https:\/\/sites.uel.br\/bibliotecas\/wp-content\/uploads\/2024\/07\/image-removebg-preview-2-150x150.png 150w\" sizes=\"auto, (max-width: 38px) 100vw, 38px\" \/><br>natali@uel.br<br>refere@uel.br<\/td><\/tr><tr><td><strong>Empr\u00e9stimo e Devolu\u00e7\u00e3o de Livros<\/strong><\/td><td>(43) 3371-4448<br>bccirc@uel.br<\/td><\/tr><tr><td><strong>Portal de Peri\u00f3dicos Cient\u00edficos da UEL<\/strong><\/td><td>(43) 3371-4850<br>(43) 3371 4610<br>periodicosuel@uel.br<\/td><\/tr><tr><td><strong>Reposit\u00f3rio Institucional da UEL<\/strong><\/td><td>(43) 3371- 4829<br>riuel@uel.br<\/td><\/tr><tr><td><strong>Biblioteca Setorial do Centro de Ci\u00eancias da Sa\u00fade<\/strong><\/td><td>(43) 3371-2357<img loading=\"lazy\" decoding=\"async\" width=\"38\" height=\"38\" class=\"wp-image-1048\" style=\"width: 38px;\" src=\"https:\/\/sites.uel.br\/bibliotecas\/wp-content\/uploads\/2024\/07\/image-removebg-preview-2.png\" alt=\"\" srcset=\"https:\/\/sites.uel.br\/bibliotecas\/wp-content\/uploads\/2024\/07\/image-removebg-preview-2.png 499w, https:\/\/sites.uel.br\/bibliotecas\/wp-content\/uploads\/2024\/07\/image-removebg-preview-2-300x300.png 300w, https:\/\/sites.uel.br\/bibliotecas\/wp-content\/uploads\/2024\/07\/image-removebg-preview-2-150x150.png 150w\" sizes=\"auto, (max-width: 38px) 100vw, 38px\" \/><br>(43) 3371 &#8211; 2952<br>(43) 3371 &#8211; 2951<br>rinaldorodrigues@uel.br<br>biblioteca.ccs@uel.br<\/td><\/tr><tr><td><strong>Biblioteca Setorial de Ci\u00eancias Humanas<\/strong><\/td><td>(43) 3371- 4864<img loading=\"lazy\" decoding=\"async\" width=\"38\" height=\"38\" class=\"wp-image-1048\" style=\"width: 38px;\" src=\"https:\/\/sites.uel.br\/bibliotecas\/wp-content\/uploads\/2024\/07\/image-removebg-preview-2.png\" alt=\"\" srcset=\"https:\/\/sites.uel.br\/bibliotecas\/wp-content\/uploads\/2024\/07\/image-removebg-preview-2.png 499w, https:\/\/sites.uel.br\/bibliotecas\/wp-content\/uploads\/2024\/07\/image-removebg-preview-2-300x300.png 300w, https:\/\/sites.uel.br\/bibliotecas\/wp-content\/uploads\/2024\/07\/image-removebg-preview-2-150x150.png 150w\" sizes=\"auto, (max-width: 38px) 100vw, 38px\" \/><br>solangeportello@uel.br<br>bibliotecach@uel.br<\/td><\/tr><\/tbody><\/table><\/figure>\n","protected":false},"excerpt":{"rendered":"<p>&nbsp;Direcione sua d\u00favida ao setor desejado Geral (43) 3371 &#8211; 4336bcuel@uel.br Dire\u00e7\u00e3o (43) 3371-4209nemaza@uel.br Secretaria Executiva (43) 3371-4219dir.bc@uel.br Compra e Doa\u00e7\u00e3o de Livros (43) 3371- 4335comprabc@uel.braquil@uel.br Ficha Catalogr\u00e1fica (43) 3371 &#8211; 4409pereira@uel.brproctec@uel.br&nbsp; Divis\u00e3o de Refer\u00eancia (43) 3371 &#8211; 4610natali@uel.brrefere@uel.br Empr\u00e9stimo e Devolu\u00e7\u00e3o de Livros (43) 3371-4448bccirc@uel.br Portal de Peri\u00f3dicos Cient\u00edficos da UEL (43) 3371-4850(43) 3371 [&hellip;]<\/p>\n","protected":false},"author":4,"featured_media":0,"parent":0,"menu_order":0,"comment_status":"closed","ping_status":"closed","template":"","meta":{"footnotes":""},"class_list":["post-87","page","type-page","status-publish","hentry"],"acf":[],"_links":{"self":[{"href":"https:\/\/sites.uel.br\/bibliotecas\/wp-json\/wp\/v2\/pages\/87","targetHints":{"allow":["GET"]}}],"collection":[{"href":"https:\/\/sites.uel.br\/bibliotecas\/wp-json\/wp\/v2\/pages"}],"about":[{"href":"https:\/\/sites.uel.br\/bibliotecas\/wp-json\/wp\/v2\/types\/page"}],"author":[{"embeddable":true,"href":"https:\/\/sites.uel.br\/bibliotecas\/wp-json\/wp\/v2\/users\/4"}],"replies":[{"embeddable":true,"href":"https:\/\/sites.uel.br\/bibliotecas\/wp-json\/wp\/v2\/comments?post=87"}],"version-history":[{"count":22,"href":"https:\/\/sites.uel.br\/bibliotecas\/wp-json\/wp\/v2\/pages\/87\/revisions"}],"predecessor-version":[{"id":1180,"href":"https:\/\/sites.uel.br\/bibliotecas\/wp-json\/wp\/v2\/pages\/87\/revisions\/1180"}],"wp:attachment":[{"href":"https:\/\/sites.uel.br\/bibliotecas\/wp-json\/wp\/v2\/media?parent=87"}],"curies":[{"name":"wp","href":"https:\/\/api.w.org\/{rel}","templated":true}]}}