{"id":438,"date":"2022-06-03T19:02:11","date_gmt":"2022-06-03T22:02:11","guid":{"rendered":"https:\/\/sites.uel.br\/bibliotecas\/?page_id=438"},"modified":"2022-06-03T19:06:19","modified_gmt":"2022-06-03T22:06:19","slug":"emprestimo-domiciliar-2","status":"publish","type":"page","link":"https:\/\/sites.uel.br\/bibliotecas\/emprestimo-domiciliar-2\/","title":{"rendered":"Empr\u00e9stimo Domiciliar"},"content":{"rendered":"\n<figure class=\"wp-block-image size-full\"><img loading=\"lazy\" decoding=\"async\" width=\"741\" height=\"507\" src=\"https:\/\/sites.uel.br\/bibliotecas\/wp-content\/uploads\/2022\/06\/image-3.png\" alt=\"\" class=\"wp-image-439\" srcset=\"https:\/\/sites.uel.br\/bibliotecas\/wp-content\/uploads\/2022\/06\/image-3.png 741w, https:\/\/sites.uel.br\/bibliotecas\/wp-content\/uploads\/2022\/06\/image-3-300x205.png 300w\" sizes=\"auto, (max-width: 741px) 100vw, 741px\" \/><\/figure>\n\n\n\n<p class=\"has-medium-font-size\">De acordo com o cap\u00edtulo X , do Regulamento de Funcionamento do Sistema de Bibliotecas que trata sobre a cobran\u00e7a de multa: <\/p>\n\n\n\n<p class=\"has-medium-font-size\">Art. 15\u00ba O material de informa\u00e7\u00e3o dever\u00e1 ser devolvido na biblioteca onde foi<br>emprestado.<br>\u00a7 1\u00ba A n\u00e3o\u2010devolu\u00e7\u00e3o do material emprestado no prazo estabelecido importar\u00e1 no<br>pagamento de multa por dia de atraso e por item emprestado, de acordo com<br>os valores em vigor, aprovados pela administra\u00e7\u00e3o superior da UEL (Ap\u00eandice<br>A).<br>\u00a7 2\u00baPara aplica\u00e7\u00e3o da multa ser\u00e3o considerados apenas os dias \u00fateis e dentro do<br>hor\u00e1rio de expediente da Biblioteca, inclusive no per\u00edodo das f\u00e9rias letivas.<\/p>\n\n\n\n<p>Fica estabelecido os valores:<\/p>\n\n\n\n<figure class=\"wp-block-image size-full\"><img loading=\"lazy\" decoding=\"async\" width=\"775\" height=\"195\" src=\"https:\/\/sites.uel.br\/bibliotecas\/wp-content\/uploads\/2022\/06\/image-4.png\" alt=\"\" class=\"wp-image-440\" srcset=\"https:\/\/sites.uel.br\/bibliotecas\/wp-content\/uploads\/2022\/06\/image-4.png 775w, https:\/\/sites.uel.br\/bibliotecas\/wp-content\/uploads\/2022\/06\/image-4-300x75.png 300w, https:\/\/sites.uel.br\/bibliotecas\/wp-content\/uploads\/2022\/06\/image-4-768x193.png 768w\" sizes=\"auto, (max-width: 775px) 100vw, 775px\" \/><\/figure>\n","protected":false},"excerpt":{"rendered":"<p>De acordo com o cap\u00edtulo X , do Regulamento de Funcionamento do Sistema de Bibliotecas que trata sobre a cobran\u00e7a de multa: Art. 15\u00ba O material de informa\u00e7\u00e3o dever\u00e1 ser devolvido na biblioteca onde foiemprestado.\u00a7 1\u00ba A n\u00e3o\u2010devolu\u00e7\u00e3o do material emprestado no prazo estabelecido importar\u00e1 nopagamento de multa por dia de atraso e por item [&hellip;]<\/p>\n","protected":false},"author":6,"featured_media":0,"parent":0,"menu_order":0,"comment_status":"closed","ping_status":"closed","template":"","meta":{"footnotes":""},"class_list":["post-438","page","type-page","status-publish","hentry"],"acf":[],"_links":{"self":[{"href":"https:\/\/sites.uel.br\/bibliotecas\/wp-json\/wp\/v2\/pages\/438","targetHints":{"allow":["GET"]}}],"collection":[{"href":"https:\/\/sites.uel.br\/bibliotecas\/wp-json\/wp\/v2\/pages"}],"about":[{"href":"https:\/\/sites.uel.br\/bibliotecas\/wp-json\/wp\/v2\/types\/page"}],"author":[{"embeddable":true,"href":"https:\/\/sites.uel.br\/bibliotecas\/wp-json\/wp\/v2\/users\/6"}],"replies":[{"embeddable":true,"href":"https:\/\/sites.uel.br\/bibliotecas\/wp-json\/wp\/v2\/comments?post=438"}],"version-history":[{"count":2,"href":"https:\/\/sites.uel.br\/bibliotecas\/wp-json\/wp\/v2\/pages\/438\/revisions"}],"predecessor-version":[{"id":443,"href":"https:\/\/sites.uel.br\/bibliotecas\/wp-json\/wp\/v2\/pages\/438\/revisions\/443"}],"wp:attachment":[{"href":"https:\/\/sites.uel.br\/bibliotecas\/wp-json\/wp\/v2\/media?parent=438"}],"curies":[{"name":"wp","href":"https:\/\/api.w.org\/{rel}","templated":true}]}}