{"id":432,"date":"2022-06-03T18:09:46","date_gmt":"2022-06-03T21:09:46","guid":{"rendered":"https:\/\/sites.uel.br\/bibliotecas\/?page_id=432"},"modified":"2025-01-15T10:00:45","modified_gmt":"2025-01-15T13:00:45","slug":"exposicoes","status":"publish","type":"page","link":"https:\/\/sites.uel.br\/bibliotecas\/exposicoes\/","title":{"rendered":"Exposi\u00e7\u00f5es"},"content":{"rendered":"\n<p>O Sistema de Bibliotecas cede suas depend\u00eancias para exposi\u00e7\u00f5es com o objetivo de contribuir e promover a demonstra\u00e7\u00e3o art\u00edstica e cultural nos espa\u00e7os acad\u00eamicos.<\/p>\n\n\n\n<p><\/p>\n\n\n\n<div class=\"wp-block-buttons is-layout-flex wp-block-buttons-is-layout-flex\">\n<div class=\"wp-block-button\"><a class=\"wp-block-button__link has-cinza-claro-color has-verde-background-color has-text-color has-background wp-element-button\" href=\"https:\/\/forms.gle\/Gmoi2HUBr2iMu9y1A\">Para solicitar uma data preencha o FORMUL\u00c1RIO<\/a><\/div>\n<\/div>\n\n\n\n<p><\/p>\n\n\n\n<p><a rel=\"noreferrer noopener\" href=\"https:\/\/www.flickr.com\/photos\/bibliotecauel\/sets\/\" target=\"_blank\">Confira Exposi\u00e7\u00f5es realizadas<\/a><\/p>\n\n\n\n<p><\/p>\n\n\n\n<p><\/p>\n","protected":false},"excerpt":{"rendered":"<p>O Sistema de Bibliotecas cede suas depend\u00eancias para exposi\u00e7\u00f5es com o objetivo de contribuir e promover a demonstra\u00e7\u00e3o art\u00edstica e cultural nos espa\u00e7os acad\u00eamicos. Confira Exposi\u00e7\u00f5es realizadas<\/p>\n","protected":false},"author":6,"featured_media":0,"parent":0,"menu_order":0,"comment_status":"closed","ping_status":"closed","template":"","meta":{"footnotes":""},"class_list":["post-432","page","type-page","status-publish","hentry"],"acf":[],"_links":{"self":[{"href":"https:\/\/sites.uel.br\/bibliotecas\/wp-json\/wp\/v2\/pages\/432","targetHints":{"allow":["GET"]}}],"collection":[{"href":"https:\/\/sites.uel.br\/bibliotecas\/wp-json\/wp\/v2\/pages"}],"about":[{"href":"https:\/\/sites.uel.br\/bibliotecas\/wp-json\/wp\/v2\/types\/page"}],"author":[{"embeddable":true,"href":"https:\/\/sites.uel.br\/bibliotecas\/wp-json\/wp\/v2\/users\/6"}],"replies":[{"embeddable":true,"href":"https:\/\/sites.uel.br\/bibliotecas\/wp-json\/wp\/v2\/comments?post=432"}],"version-history":[{"count":5,"href":"https:\/\/sites.uel.br\/bibliotecas\/wp-json\/wp\/v2\/pages\/432\/revisions"}],"predecessor-version":[{"id":1109,"href":"https:\/\/sites.uel.br\/bibliotecas\/wp-json\/wp\/v2\/pages\/432\/revisions\/1109"}],"wp:attachment":[{"href":"https:\/\/sites.uel.br\/bibliotecas\/wp-json\/wp\/v2\/media?parent=432"}],"curies":[{"name":"wp","href":"https:\/\/api.w.org\/{rel}","templated":true}]}}

Exposições

<p>O Sistema de Bibliotecas cede suas dependências para exposições com o objetivo de contribuir e promover a demonstração artística e cultural nos espaços acadêmicos.</p>



<p></p>



<div class="wp-block-buttons is-layout-flex wp-block-buttons-is-layout-flex">
<div class="wp-block-button"><a class="wp-block-button__link has-cinza-claro-color has-verde-background-color has-text-color has-background wp-element-button" href="https://forms.gle/Gmoi2HUBr2iMu9y1A">Para solicitar uma data preencha o FORMULÁRIO</a></div>
</div>



<p></p>



<p><a rel="noreferrer noopener" href="https://www.flickr.com/photos/bibliotecauel/sets/" target="_blank">Confira Exposições realizadas</a></p>



<p></p>



<p></p>

<p>O Sistema de Bibliotecas cede suas dependências para exposições com o objetivo de contribuir e promover a demonstração artística e cultural nos espaços acadêmicos. Confira Exposições realizadas</p>
