{"id":1623,"date":"2026-09-02T14:50:39","date_gmt":"2026-09-02T17:50:39","guid":{"rendered":"https:\/\/sites.uel.br\/bibliotecas\/?page_id=1623"},"modified":"2026-09-02T14:59:34","modified_gmt":"2026-09-02T17:59:34","slug":"historico","status":"publish","type":"page","link":"https:\/\/sites.uel.br\/bibliotecas\/historico\/","title":{"rendered":"Hist\u00f3rico"},"content":{"rendered":"\n<div class=\"wp-block-columns is-layout-flex wp-container-core-columns-is-layout-8f761849 wp-block-columns-is-layout-flex\">\n<div class=\"wp-block-column is-layout-flow wp-block-column-is-layout-flow\"><\/div>\n<\/div>\n\n\n\n<div class=\"wp-block-buttons is-layout-flex wp-block-buttons-is-layout-flex\">\n<div style=\"--wp--block-button--width: 50;\" class=\"wp-block-button has-custom-width wp-block-button__width wp-block-button__width-50\"><a class=\"wp-block-button__link has-cinza-claro-color has-verde-background-color has-text-color has-background wp-element-button\"><strong>Biblioteca Central<\/strong><\/a><\/div>\n<\/div>\n\n\n\n<div class=\"wp-block-columns is-layout-flex wp-container-core-columns-is-layout-8f761849 wp-block-columns-is-layout-flex\">\n<div class=\"wp-block-column is-layout-flow wp-block-column-is-layout-flow\"><\/div>\n<\/div>\n\n\n\n<p class=\"has-text-align-left wp-block-paragraph\">1972 &#8211; Cria\u00e7\u00e3o da Biblioteca Central \u2013 Resolu\u00e7\u00e3o 123\/72<\/p>\n\n\n\n<p class=\"has-text-align-left wp-block-paragraph\">1981 &#8211; Em decorr\u00eancia de uma nova estrutura organizacional, foram unificadas as bibliotecas setoriais localizadas no campus universit\u00e1rio.<\/p>\n\n\n\n<p class=\"has-text-align-left wp-block-paragraph\">O Sistema de Bibliotecas da UEL (SB\/UEL) \u00e9 coordenado pela Biblioteca Central (BC), que \u00e9 \u00d3rg\u00e3o de Apoio da UEL, vinculado administrativamente \u00e0 Reitoria, por delega\u00e7\u00e3o ao Vice-Reitor. Era composto por cinco unidades: Biblioteca Central (BC), Biblioteca Setorial do Centro de Ci\u00eancias da Sa\u00fade (BS\/CCS), Biblioteca Setorial do Escrit\u00f3rio de Aplica\u00e7\u00e3o de Assuntos Jur\u00eddicos (BS\/EAAJ) e Biblioteca Setorial de Ci\u00eancias Humanas (BS\/CH) e Biblioteca Setorial da Cl\u00ednica Odontol\u00f3gica. <\/p>\n\n\n\n<p class=\"has-text-align-left wp-block-paragraph\">Atualmente \u00e9 composto por tr\u00eas bibliotecas: Biblioteca Central (BC), Biblioteca Setorial de Ci\u00eancias Humanas (BS\/CH) e Biblioteca Setorial do Centro de Ci\u00eancias da Sa\u00fade (BS\/CCS).<\/p>\n\n\n\n<p class=\"has-text-align-left wp-block-paragraph\">A miss\u00e3o do Sistema de Bibliotecas \u00e9:<em>&#8220;Promover o acesso, a recupera\u00e7\u00e3o e a transfer\u00eancia da informa\u00e7\u00e3o para toda a comunidade universit\u00e1ria, de forma atualizada, \u00e1gil e qualificada, visando contribuir para a forma\u00e7\u00e3o profissional do cidad\u00e3o, colaborando, dessa forma, no desenvolvimento cient\u00edfico, tecnol\u00f3gico e cultural da sociedade como um todo&#8221;.<\/em><br><\/p>\n\n\n\n<div class=\"wp-block-columns is-layout-flex wp-container-core-columns-is-layout-8f761849 wp-block-columns-is-layout-flex\">\n<div class=\"wp-block-column is-layout-flow wp-block-column-is-layout-flow\"><\/div>\n<\/div>\n\n\n\n<div class=\"wp-block-buttons is-layout-flex wp-block-buttons-is-layout-flex\">\n<div style=\"--wp--block-button--width: 75;\" class=\"wp-block-button has-custom-width wp-block-button__width wp-block-button__width-75\"><a class=\"wp-block-button__link has-cinza-claro-color has-verde-background-color has-text-color has-background wp-element-button\"><strong>Biblioteca Setorial de Ci\u00eancias Humanas<\/strong><\/a><\/div>\n<\/div>\n\n\n\n<div class=\"wp-block-columns is-layout-flex wp-container-core-columns-is-layout-8f761849 wp-block-columns-is-layout-flex\">\n<div class=\"wp-block-column is-layout-flow wp-block-column-is-layout-flow\"><\/div>\n<\/div>\n\n\n\n<p class=\"wp-block-paragraph\">A Biblioteca Setorial teve seu in\u00edcio a partir de um acervo especial no Centro de Letras e Ci\u00eancias Humanas. Em 02 de abril de 2003 iniciaram-se os trabalhos em salas adaptadas no Centro de Letras e Ci\u00eancias Humanas.O acervo totalizava 1.939 livros e 5.975 fasc\u00edculos de peri\u00f3dicos, os materiais eram provenientes de v\u00e1rias institui\u00e7\u00f5es como Unicamp, UNISINOS, UNIMAR, CEDEC, ABRA entre outros. Al\u00e9m dos materiais est\u00e3o em processamento cerca de 4.000 itens.<\/p>\n\n\n\n<p class=\"wp-block-paragraph\">J\u00e1 em 2003, havia a possibilidade da constru\u00e7\u00e3o da Biblioteca Setorial de Ci\u00eancias Humanas.<\/p>\n\n\n\n<p class=\"wp-block-paragraph\">Em 22 de mar\u00e7o de 2004, iniciou-se o atendimento aos usu\u00e1rios no Acervo Especial.<\/p>\n\n\n\n<p class=\"wp-block-paragraph\">Em 25 de julho de 2004, foi assinado conv\u00eanio MEC\/UEL para a constru\u00e7\u00e3o da Biblioteca Setorial de Ci\u00eancias Humanas. Em 07 de dezembro de 2004, o pr\u00e9dio foi entregue.<\/p>\n\n\n\n<p class=\"wp-block-paragraph\">Em 15 de Julho 2005 a Biblioteca Setorial de Ci\u00eancias Humanas iniciou suas atividades de atendimento e consequentemente, o Acervo Especial foi desativado para o atendimento e parte do material passou a compor a BSCH.&nbsp;<\/p>\n\n\n\n<div class=\"wp-block-columns is-layout-flex wp-container-core-columns-is-layout-8f761849 wp-block-columns-is-layout-flex\">\n<div class=\"wp-block-column is-layout-flow wp-block-column-is-layout-flow\"><\/div>\n<\/div>\n\n\n\n<div class=\"wp-block-buttons is-layout-flex wp-block-buttons-is-layout-flex\">\n<div style=\"--wp--block-button--width: 75;\" class=\"wp-block-button has-custom-width wp-block-button__width wp-block-button__width-75\"><a class=\"wp-block-button__link has-cinza-claro-color has-verde-background-color has-text-color has-background wp-element-button\"><strong>Biblioteca Setorial Professora Ana Ito (BSCCS)<\/strong><\/a><\/div>\n<\/div>\n\n\n\n<div class=\"wp-block-columns is-layout-flex wp-container-core-columns-is-layout-8f761849 wp-block-columns-is-layout-flex\">\n<div class=\"wp-block-column is-layout-flow wp-block-column-is-layout-flow\"><\/div>\n<\/div>\n\n\n\n<p class=\"wp-block-paragraph\">A Biblioteca Setorial do Centro de Ci\u00eancias da Sa\u00fade (CCS) foi organizada com o objetivo de atender \u00e0s necessidades de alunos e docentes dos cursos que compunham o referido centro, inicialmente localizado na antiga Faculdade de Medicina Norte do Paran\u00e1, no Centro de Ci\u00eancias Biol\u00f3gicas (CCB), no Campus Universit\u00e1rio.<\/p>\n\n\n\n<p class=\"wp-block-paragraph\">Com a centraliza\u00e7\u00e3o das atividades acad\u00eamicas dos cursos em 1975, no Hospital Universit\u00e1rio, identificou-se a necessidade de um acervo espec\u00edfico voltado \u00e0s demandas dos estudantes de Medicina, Farm\u00e1cia, Enfermagem e Fisioterapia. Essa demanda resultou na transfer\u00eancia da Biblioteca Setorial do CCS para o Hospital Universit\u00e1rio em 1978.<br>Em 1980, a Setorial do CCS passou a integrar o Sistema de Bibliotecas da institui\u00e7\u00e3o, e, em 1989, o processamento t\u00e9cnico de seu acervo passou a ser de responsabilidade da Biblioteca Central.<\/p>\n\n\n\n<p class=\"wp-block-paragraph\">Devido \u00e0s condi\u00e7\u00f5es prec\u00e1rias do im\u00f3vel onde a biblioteca estava instalada, muitos materiais eram perdidos ou sofria danos. Em virtude disso, a BS\/CCS foi transferida, em 1991, para outro pr\u00e9dio localizado tamb\u00e9m nos limites do Hospital Universit\u00e1rio.<\/p>\n\n\n\n<p class=\"wp-block-paragraph\">Posteriormente, em 2001, a biblioteca foi instalada em novas instala\u00e7\u00f5es, com ambientes mais amplos e modernos, proporcionando melhores condi\u00e7\u00f5es de trabalho e estudo para seus usu\u00e1rios. Nesse momento, passou a ser denominada Biblioteca Setorial Professora Ana Ito.<\/p>\n\n\n\n<div class=\"wp-block-columns is-layout-flex wp-container-core-columns-is-layout-8f761849 wp-block-columns-is-layout-flex\">\n<div class=\"wp-block-column is-layout-flow wp-block-column-is-layout-flow\"><\/div>\n<\/div>\n\n\n\n<div class=\"wp-block-buttons is-layout-flex wp-block-buttons-is-layout-flex\">\n<div class=\"wp-block-button\"><a class=\"wp-block-button__link has-cinza-claro-color has-verde-background-color has-text-color has-background wp-element-button\"><strong>Biblioteca Setorial Escrit\u00f3rio de Aplica\u00e7\u00e3o de Assuntos Jur\u00eddicos<\/strong><\/a><\/div>\n<\/div>\n\n\n\n<div class=\"wp-block-columns is-layout-flex wp-container-core-columns-is-layout-8f761849 wp-block-columns-is-layout-flex\">\n<div class=\"wp-block-column is-layout-flow wp-block-column-is-layout-flow\"><\/div>\n<\/div>\n\n\n\n<p class=\"wp-block-paragraph\">A Biblioteca Setorial do Escrit\u00f3rio de Aplica\u00e7\u00e3o de Assuntos Jur\u00eddicos foi a terceira setorial a integrar o Sistema de Bibliotecas. Sua oficializa\u00e7\u00e3o como Biblioteca Setorial ocorreu atrav\u00e9s do processo n\u00ba 219.723 de 19 de Outubro de 1989, ficando respons\u00e1vel pelo acervo e atendimento espec\u00edfico da \u00e1rea do Direito. Fora do Campus Universit\u00e1rio a BS\/EAAJ come\u00e7ou a atuar na rua Pernambuco. E em 1997, mudou-se para a Rua Brasil, 742 \u2013 Centro, Londrina.<\/p>\n\n\n\n<p class=\"wp-block-paragraph\">A Biblioteca Setorial do Escrit\u00f3rio de Aplica\u00e7\u00e3o de Assuntos Jur\u00eddicos permaneceu no pr\u00e9dio at\u00e9 dezembro de 2024. A partir dessa data, seu acervo de livros e peri\u00f3dicos, bem como seus servi\u00e7os, foram integrados e passaram a ser disponibilizados pela Biblioteca Setorial de Ci\u00eancias Humanas e pela Biblioteca Central.<\/p>\n\n\n\n<div class=\"wp-block-columns is-layout-flex wp-container-core-columns-is-layout-8f761849 wp-block-columns-is-layout-flex\">\n<div class=\"wp-block-column is-layout-flow wp-block-column-is-layout-flow\"><\/div>\n<\/div>\n\n\n\n<div class=\"wp-block-buttons is-layout-flex wp-block-buttons-is-layout-flex\">\n<div style=\"--wp--block-button--width: 75;\" class=\"wp-block-button has-custom-width wp-block-button__width wp-block-button__width-75\"><a class=\"wp-block-button__link has-cinza-claro-color has-verde-background-color has-text-color has-background wp-element-button\"><strong>Biblioteca Setorial Cl\u00ednica Odontol\u00f3gica<\/strong><\/a><\/div>\n<\/div>\n\n\n\n<div class=\"wp-block-columns is-layout-flex wp-container-core-columns-is-layout-8f761849 wp-block-columns-is-layout-flex\">\n<div class=\"wp-block-column is-layout-flow wp-block-column-is-layout-flow\"><\/div>\n<\/div>\n\n\n\n<p class=\"wp-block-paragraph\">A Biblioteca de Odontologia surge a partir da cria\u00e7\u00e3o do curso de Odontologia junto aos por\u00f5es da Catedral Metropolitana de Londrina onde permaneceu at\u00e9 1971.&nbsp;O acervo foi constitu\u00eddo com doa\u00e7\u00f5es dos docentes oriundos principalmente do estado de S\u00e3o Paulo e outros para dar suporte ao curso.&nbsp;A primeira funcion\u00e1ria, Luzia Harueko Ueda, \u00e9 quem iniciou os trabalhos de organiza\u00e7\u00e3o do acervo de odontologia e posteriormente o da Medicina (1967), sendo nominada a primeira bibliotec\u00e1ria sem forma\u00e7\u00e3o, pois ainda n\u00e3o havia o curso de Biblioteconomia.<\/p>\n\n\n\n<p class=\"wp-block-paragraph\">Em meados 1972 o curso de odontologia mudou-se para Faculdade de Filosofia, Ci\u00eancias e Letras, que passou para a Funda\u00e7\u00e3o Universidade Estadual de Londrina e a Biblioteca, sendo que no pr\u00f3prio pr\u00e9dio a Biblioteca passou pelo menos por 4 locais diferentes.&nbsp;Em 1972 tamb\u00e9m houve a cria\u00e7\u00e3o da Biblioteca Central e em 1981 em decorr\u00eancia da unifica\u00e7\u00e3o das bibliotecas setoriais no Campus, a biblioteca de Odontologia permaneceu no centro de Londrina.&nbsp;<\/p>\n\n\n\n<p class=\"wp-block-paragraph\">A Biblioteca Setorial da Cl\u00ednica Odontol\u00f3gica permaneceu no pr\u00e9dio at\u00e9 18\/01\/2019, sendo que seu acervo de livros e peri\u00f3dicos e servi\u00e7os passaram a ser desenvolvidos&nbsp;pela&nbsp;Biblioteca Central.<\/p>\n\n\n\n<div class=\"wp-block-columns is-layout-flex wp-container-core-columns-is-layout-8f761849 wp-block-columns-is-layout-flex\">\n<div class=\"wp-block-column is-layout-flow wp-block-column-is-layout-flow\"><\/div>\n<\/div>\n","protected":false},"excerpt":{"rendered":"<p>1972 &#8211; Cria\u00e7\u00e3o da Biblioteca Central \u2013 Resolu\u00e7\u00e3o 123\/72 1981 &#8211; Em decorr\u00eancia de uma nova estrutura organizacional, foram unificadas as bibliotecas setoriais localizadas no campus universit\u00e1rio. O Sistema de Bibliotecas da UEL (SB\/UEL) \u00e9 coordenado pela Biblioteca Central (BC), que \u00e9 \u00d3rg\u00e3o de Apoio da UEL, vinculado administrativamente \u00e0 Reitoria, por delega\u00e7\u00e3o ao Vice-Reitor. [&hellip;]<\/p>\n","protected":false},"author":15,"featured_media":0,"parent":0,"menu_order":0,"comment_status":"closed","ping_status":"closed","template":"","meta":{"_acf_changed":false,"footnotes":"","_members_access_role":[],"_members_access_error":""},"class_list":["post-1623","page","type-page","status-publish","hentry"],"acf":[],"_links":{"self":[{"href":"https:\/\/sites.uel.br\/bibliotecas\/wp-json\/wp\/v2\/pages\/1623","targetHints":{"allow":["GET"]}}],"collection":[{"href":"https:\/\/sites.uel.br\/bibliotecas\/wp-json\/wp\/v2\/pages"}],"about":[{"href":"https:\/\/sites.uel.br\/bibliotecas\/wp-json\/wp\/v2\/types\/page"}],"author":[{"embeddable":true,"href":"https:\/\/sites.uel.br\/bibliotecas\/wp-json\/wp\/v2\/users\/15"}],"replies":[{"embeddable":true,"href":"https:\/\/sites.uel.br\/bibliotecas\/wp-json\/wp\/v2\/comments?post=1623"}],"version-history":[{"count":5,"href":"https:\/\/sites.uel.br\/bibliotecas\/wp-json\/wp\/v2\/pages\/1623\/revisions"}],"predecessor-version":[{"id":1633,"href":"https:\/\/sites.uel.br\/bibliotecas\/wp-json\/wp\/v2\/pages\/1623\/revisions\/1633"}],"wp:attachment":[{"href":"https:\/\/sites.uel.br\/bibliotecas\/wp-json\/wp\/v2\/media?parent=1623"}],"curies":[{"name":"wp","href":"https:\/\/api.w.org\/{rel}","templated":true}]}}

Histórico

<div class="wp-block-columns is-layout-flex wp-container-core-columns-is-layout-8f761849 wp-block-columns-is-layout-flex">
<div class="wp-block-column is-layout-flow wp-block-column-is-layout-flow"></div>
</div>



<div class="wp-block-buttons is-layout-flex wp-block-buttons-is-layout-flex">
<div style="--wp--block-button--width: 50;" class="wp-block-button has-custom-width wp-block-button__width wp-block-button__width-50"><a class="wp-block-button__link has-cinza-claro-color has-verde-background-color has-text-color has-background wp-element-button"><strong>Biblioteca Central</strong></a></div>
</div>



<div class="wp-block-columns is-layout-flex wp-container-core-columns-is-layout-8f761849 wp-block-columns-is-layout-flex">
<div class="wp-block-column is-layout-flow wp-block-column-is-layout-flow"></div>
</div>



<p class="has-text-align-left wp-block-paragraph">1972 &#8211; Criação da Biblioteca Central – Resolução 123/72</p>



<p class="has-text-align-left wp-block-paragraph">1981 &#8211; Em decorrência de uma nova estrutura organizacional, foram unificadas as bibliotecas setoriais localizadas no campus universitário.</p>



<p class="has-text-align-left wp-block-paragraph">O Sistema de Bibliotecas da UEL (SB/UEL) é coordenado pela Biblioteca Central (BC), que é Órgão de Apoio da UEL, vinculado administrativamente à Reitoria, por delegação ao Vice-Reitor. Era composto por cinco unidades: Biblioteca Central (BC), Biblioteca Setorial do Centro de Ciências da Saúde (BS/CCS), Biblioteca Setorial do Escritório de Aplicação de Assuntos Jurídicos (BS/EAAJ) e Biblioteca Setorial de Ciências Humanas (BS/CH) e Biblioteca Setorial da Clínica Odontológica. </p>



<p class="has-text-align-left wp-block-paragraph">Atualmente é composto por três bibliotecas: Biblioteca Central (BC), Biblioteca Setorial de Ciências Humanas (BS/CH) e Biblioteca Setorial do Centro de Ciências da Saúde (BS/CCS).</p>



<p class="has-text-align-left wp-block-paragraph">A missão do Sistema de Bibliotecas é:<em>&#8220;Promover o acesso, a recuperação e a transferência da informação para toda a comunidade universitária, de forma atualizada, ágil e qualificada, visando contribuir para a formação profissional do cidadão, colaborando, dessa forma, no desenvolvimento científico, tecnológico e cultural da sociedade como um todo&#8221;.</em><br></p>



<div class="wp-block-columns is-layout-flex wp-container-core-columns-is-layout-8f761849 wp-block-columns-is-layout-flex">
<div class="wp-block-column is-layout-flow wp-block-column-is-layout-flow"></div>
</div>



<div class="wp-block-buttons is-layout-flex wp-block-buttons-is-layout-flex">
<div style="--wp--block-button--width: 75;" class="wp-block-button has-custom-width wp-block-button__width wp-block-button__width-75"><a class="wp-block-button__link has-cinza-claro-color has-verde-background-color has-text-color has-background wp-element-button"><strong>Biblioteca Setorial de Ciências Humanas</strong></a></div>
</div>



<div class="wp-block-columns is-layout-flex wp-container-core-columns-is-layout-8f761849 wp-block-columns-is-layout-flex">
<div class="wp-block-column is-layout-flow wp-block-column-is-layout-flow"></div>
</div>



<p class="wp-block-paragraph">A Biblioteca Setorial teve seu início a partir de um acervo especial no Centro de Letras e Ciências Humanas. Em 02 de abril de 2003 iniciaram-se os trabalhos em salas adaptadas no Centro de Letras e Ciências Humanas.O acervo totalizava 1.939 livros e 5.975 fascículos de periódicos, os materiais eram provenientes de várias instituições como Unicamp, UNISINOS, UNIMAR, CEDEC, ABRA entre outros. Além dos materiais estão em processamento cerca de 4.000 itens.</p>



<p class="wp-block-paragraph">Já em 2003, havia a possibilidade da construção da Biblioteca Setorial de Ciências Humanas.</p>



<p class="wp-block-paragraph">Em 22 de março de 2004, iniciou-se o atendimento aos usuários no Acervo Especial.</p>



<p class="wp-block-paragraph">Em 25 de julho de 2004, foi assinado convênio MEC/UEL para a construção da Biblioteca Setorial de Ciências Humanas. Em 07 de dezembro de 2004, o prédio foi entregue.</p>



<p class="wp-block-paragraph">Em 15 de Julho 2005 a Biblioteca Setorial de Ciências Humanas iniciou suas atividades de atendimento e consequentemente, o Acervo Especial foi desativado para o atendimento e parte do material passou a compor a BSCH.&nbsp;</p>



<div class="wp-block-columns is-layout-flex wp-container-core-columns-is-layout-8f761849 wp-block-columns-is-layout-flex">
<div class="wp-block-column is-layout-flow wp-block-column-is-layout-flow"></div>
</div>



<div class="wp-block-buttons is-layout-flex wp-block-buttons-is-layout-flex">
<div style="--wp--block-button--width: 75;" class="wp-block-button has-custom-width wp-block-button__width wp-block-button__width-75"><a class="wp-block-button__link has-cinza-claro-color has-verde-background-color has-text-color has-background wp-element-button"><strong>Biblioteca Setorial Professora Ana Ito (BSCCS)</strong></a></div>
</div>



<div class="wp-block-columns is-layout-flex wp-container-core-columns-is-layout-8f761849 wp-block-columns-is-layout-flex">
<div class="wp-block-column is-layout-flow wp-block-column-is-layout-flow"></div>
</div>



<p class="wp-block-paragraph">A Biblioteca Setorial do Centro de Ciências da Saúde (CCS) foi organizada com o objetivo de atender às necessidades de alunos e docentes dos cursos que compunham o referido centro, inicialmente localizado na antiga Faculdade de Medicina Norte do Paraná, no Centro de Ciências Biológicas (CCB), no Campus Universitário.</p>



<p class="wp-block-paragraph">Com a centralização das atividades acadêmicas dos cursos em 1975, no Hospital Universitário, identificou-se a necessidade de um acervo específico voltado às demandas dos estudantes de Medicina, Farmácia, Enfermagem e Fisioterapia. Essa demanda resultou na transferência da Biblioteca Setorial do CCS para o Hospital Universitário em 1978.<br>Em 1980, a Setorial do CCS passou a integrar o Sistema de Bibliotecas da instituição, e, em 1989, o processamento técnico de seu acervo passou a ser de responsabilidade da Biblioteca Central.</p>



<p class="wp-block-paragraph">Devido às condições precárias do imóvel onde a biblioteca estava instalada, muitos materiais eram perdidos ou sofria danos. Em virtude disso, a BS/CCS foi transferida, em 1991, para outro prédio localizado também nos limites do Hospital Universitário.</p>



<p class="wp-block-paragraph">Posteriormente, em 2001, a biblioteca foi instalada em novas instalações, com ambientes mais amplos e modernos, proporcionando melhores condições de trabalho e estudo para seus usuários. Nesse momento, passou a ser denominada Biblioteca Setorial Professora Ana Ito.</p>



<div class="wp-block-columns is-layout-flex wp-container-core-columns-is-layout-8f761849 wp-block-columns-is-layout-flex">
<div class="wp-block-column is-layout-flow wp-block-column-is-layout-flow"></div>
</div>



<div class="wp-block-buttons is-layout-flex wp-block-buttons-is-layout-flex">
<div class="wp-block-button"><a class="wp-block-button__link has-cinza-claro-color has-verde-background-color has-text-color has-background wp-element-button"><strong>Biblioteca Setorial Escritório de Aplicação de Assuntos Jurídicos</strong></a></div>
</div>



<div class="wp-block-columns is-layout-flex wp-container-core-columns-is-layout-8f761849 wp-block-columns-is-layout-flex">
<div class="wp-block-column is-layout-flow wp-block-column-is-layout-flow"></div>
</div>



<p class="wp-block-paragraph">A Biblioteca Setorial do Escritório de Aplicação de Assuntos Jurídicos foi a terceira setorial a integrar o Sistema de Bibliotecas. Sua oficialização como Biblioteca Setorial ocorreu através do processo nº 219.723 de 19 de Outubro de 1989, ficando responsável pelo acervo e atendimento específico da área do Direito. Fora do Campus Universitário a BS/EAAJ começou a atuar na rua Pernambuco. E em 1997, mudou-se para a Rua Brasil, 742 – Centro, Londrina.</p>



<p class="wp-block-paragraph">A Biblioteca Setorial do Escritório de Aplicação de Assuntos Jurídicos permaneceu no prédio até dezembro de 2024. A partir dessa data, seu acervo de livros e periódicos, bem como seus serviços, foram integrados e passaram a ser disponibilizados pela Biblioteca Setorial de Ciências Humanas e pela Biblioteca Central.</p>



<div class="wp-block-columns is-layout-flex wp-container-core-columns-is-layout-8f761849 wp-block-columns-is-layout-flex">
<div class="wp-block-column is-layout-flow wp-block-column-is-layout-flow"></div>
</div>



<div class="wp-block-buttons is-layout-flex wp-block-buttons-is-layout-flex">
<div style="--wp--block-button--width: 75;" class="wp-block-button has-custom-width wp-block-button__width wp-block-button__width-75"><a class="wp-block-button__link has-cinza-claro-color has-verde-background-color has-text-color has-background wp-element-button"><strong>Biblioteca Setorial Clínica Odontológica</strong></a></div>
</div>



<div class="wp-block-columns is-layout-flex wp-container-core-columns-is-layout-8f761849 wp-block-columns-is-layout-flex">
<div class="wp-block-column is-layout-flow wp-block-column-is-layout-flow"></div>
</div>



<p class="wp-block-paragraph">A Biblioteca de Odontologia surge a partir da criação do curso de Odontologia junto aos porões da Catedral Metropolitana de Londrina onde permaneceu até 1971.&nbsp;O acervo foi constituído com doações dos docentes oriundos principalmente do estado de São Paulo e outros para dar suporte ao curso.&nbsp;A primeira funcionária, Luzia Harueko Ueda, é quem iniciou os trabalhos de organização do acervo de odontologia e posteriormente o da Medicina (1967), sendo nominada a primeira bibliotecária sem formação, pois ainda não havia o curso de Biblioteconomia.</p>



<p class="wp-block-paragraph">Em meados 1972 o curso de odontologia mudou-se para Faculdade de Filosofia, Ciências e Letras, que passou para a Fundação Universidade Estadual de Londrina e a Biblioteca, sendo que no próprio prédio a Biblioteca passou pelo menos por 4 locais diferentes.&nbsp;Em 1972 também houve a criação da Biblioteca Central e em 1981 em decorrência da unificação das bibliotecas setoriais no Campus, a biblioteca de Odontologia permaneceu no centro de Londrina.&nbsp;</p>



<p class="wp-block-paragraph">A Biblioteca Setorial da Clínica Odontológica permaneceu no prédio até 18/01/2019, sendo que seu acervo de livros e periódicos e serviços passaram a ser desenvolvidos&nbsp;pela&nbsp;Biblioteca Central.</p>



<div class="wp-block-columns is-layout-flex wp-container-core-columns-is-layout-8f761849 wp-block-columns-is-layout-flex">
<div class="wp-block-column is-layout-flow wp-block-column-is-layout-flow"></div>
</div>

<p>1972 &#8211; Criação da Biblioteca Central – Resolução 123/72 1981 &#8211; Em decorrência de uma nova estrutura organizacional, foram unificadas as bibliotecas setoriais localizadas no campus universitário. O Sistema de Bibliotecas da UEL (SB/UEL) é coordenado pela Biblioteca Central (BC), que é Órgão de Apoio da UEL, vinculado administrativamente à Reitoria, por delegação ao Vice-Reitor. [&hellip;]</p>
