{"id":989,"date":"2021-06-16T16:14:31","date_gmt":"2021-06-16T19:14:31","guid":{"rendered":"https:\/\/sites.uel.br\/ati\/?page_id=989"},"modified":"2026-02-12T10:31:37","modified_gmt":"2026-02-12T13:31:37","slug":"servicos","status":"publish","type":"page","link":"https:\/\/sites.uel.br\/ati\/servicos\/","title":{"rendered":"Servi\u00e7os Digitais"},"content":{"rendered":"\n<hr class=\"wp-block-separator has-css-opacity is-style-wide\" \/>\n\n\n\n<div style=\"height:30px\" aria-hidden=\"true\" class=\"wp-block-spacer\"><\/div>\n\n\n\n<p>Est\u00e3o listados a seguir tutoriais e cursos para aprendizado dos servi\u00e7os digitais dispon\u00edveis pela UEL.<\/p>\n\n\n\n<div id=\"wp-block-themeisle-blocks-accordion-e287ddb8\" class=\"wp-block-themeisle-blocks-accordion exclusive\">\n<details class=\"wp-block-themeisle-blocks-accordion-item\"><summary class=\"wp-block-themeisle-blocks-accordion-item__title\"><div><strong>Suporte Remoto ATI<\/strong><\/div><\/summary><div class=\"wp-block-themeisle-blocks-accordion-item__content\">\n<ul class=\"wp-block-list\">\n<li><a href=\"https:\/\/sites.uel.br\/ati\/suporte-remoto-ati-anydesk\/\">Suporte online a dispositivos pelos t\u00e9cnicos da ATI<\/a><\/li>\n<\/ul>\n<\/div><\/details>\n<\/div>\n\n\n\n<div id=\"wp-block-themeisle-blocks-accordion-decafb05\" class=\"wp-block-themeisle-blocks-accordion exclusive\">\n<details class=\"wp-block-themeisle-blocks-accordion-item\"><summary class=\"wp-block-themeisle-blocks-accordion-item__title\"><div><strong>Acesso remoto &#8211; FortiClient VPN<\/strong> <\/div><\/summary><div class=\"wp-block-themeisle-blocks-accordion-item__content\">\n<ul class=\"wp-block-list\">\n<li><a rel=\"noreferrer noopener\" href=\"https:\/\/sites.uel.br\/ati\/tutorial\/2021\/06\/09\/instalacao-do-cliente-forticlient-vpn\/\" target=\"_blank\">Instala\u00e7\u00e3o do cliente<em> FortiClient VPN <\/em>para Windows<\/a><\/li>\n<\/ul>\n\n\n\n<ul class=\"wp-block-list\">\n<li><a rel=\"noreferrer noopener\" href=\"https:\/\/sites.uel.br\/ati\/tutorial\/2021\/06\/14\/instalacao-do-cliente-forticlient-vpn-para-macos\/\" target=\"_blank\">Instala\u00e7\u00e3o do cliente <em>FortiClient VPN <\/em>para macOS<\/a><\/li>\n<\/ul>\n\n\n\n<p><\/p>\n<\/div><\/details>\n<\/div>\n\n\n\n<div id=\"wp-block-themeisle-blocks-accordion-0e203bf9\" class=\"wp-block-themeisle-blocks-accordion exclusive\">\n<details class=\"wp-block-themeisle-blocks-accordion-item\"><summary class=\"wp-block-themeisle-blocks-accordion-item__title\"><div><strong>Ambiente Virtual de Aprendizagem &#8211; Moodle<\/strong><\/div><\/summary><div class=\"wp-block-themeisle-blocks-accordion-item__content\">\n<p><\/p>\n\n\n\n<ul class=\"wp-block-list\">\n<li><a href=\"https:\/\/www.youtube.com\/watch?v=USSXwd_1A4A\"><em>Moodle<\/em> B\u00e1sico para Docentes (V\u00eddeo apresentado no VIRTUEL)<\/a><\/li>\n<\/ul>\n\n\n\n<ul class=\"wp-block-list\">\n<li><a href=\"https:\/\/www.youtube.com\/watch?v=936ostuxGeE\"><em>Moodle<\/em> b\u00e1sico para Discentes (V\u00eddeo apresentado no VIRTUEL)<\/a><\/li>\n<\/ul>\n\n\n\n<div style=\"height:20px\" aria-hidden=\"true\" class=\"wp-block-spacer\"><\/div>\n\n\n\n<p class=\"has-text-align-left\"><strong>Atualiza\u00e7\u00e3o de conte\u00fado &#8211; Apresentado no VIRTUEL 2 (2021)<\/strong><\/p>\n\n\n\n<div style=\"height:20px\" aria-hidden=\"true\" class=\"wp-block-spacer\"><\/div>\n\n\n\n<ul class=\"wp-block-list\">\n<li><a rel=\"noreferrer noopener\" href=\"https:\/\/www.youtube.com\/watch?v=4o-qw58DVXI\" target=\"_blank\">Oficina Moodle Avan\u00e7ado<\/a><\/li>\n<\/ul>\n<\/div><\/details>\n<\/div>\n\n\n\n<div id=\"wp-block-themeisle-blocks-accordion-b32f7962\" class=\"wp-block-themeisle-blocks-accordion exclusive\">\n<details class=\"wp-block-themeisle-blocks-accordion-item\"><summary class=\"wp-block-themeisle-blocks-accordion-item__title\"><div><strong>Aplicativo UEL Mobile<\/strong><\/div><\/summary><div class=\"wp-block-themeisle-blocks-accordion-item__content\">\n<ul class=\"wp-block-list\">\n<li><a rel=\"noreferrer noopener\" href=\"https:\/\/sites.uel.br\/ati\/sistema-de-inventario-patrimonial-uel-mobile\/\" target=\"_blank\">Sistema de Invent\u00e1rio Patrimonial &#8211; UEL Mobile<\/a><\/li>\n<\/ul>\n<\/div><\/details>\n<\/div>\n\n\n\n<div id=\"wp-block-themeisle-blocks-accordion-06870fa4\" class=\"wp-block-themeisle-blocks-accordion exclusive\">\n<details class=\"wp-block-themeisle-blocks-accordion-item\"><summary class=\"wp-block-themeisle-blocks-accordion-item__title\"><div><strong>Ferramentas Google<\/strong><\/div><\/summary><div class=\"wp-block-themeisle-blocks-accordion-item__content\">\n<ul class=\"wp-block-list\">\n<li><a rel=\"noreferrer noopener\" href=\"https:\/\/sites.uel.br\/ati\/google-workspace\/\" target=\"_blank\"><em>Google Workspace for Education<\/em><\/a><\/li>\n<\/ul>\n\n\n\n<ul class=\"wp-block-list\">\n<li><a href=\"https:\/\/www.youtube.com\/watch?v=w14LjtdhsKg\">Como usar o <em>Google Meet<\/em> para para aulas remotas (V\u00eddeo apresentado no VIRTUEL)<\/a><\/li>\n<\/ul>\n\n\n\n<ul class=\"wp-block-list\">\n<li><a href=\"https:\/\/www.youtube.com\/watch?v=9iZbouvOltk\"><em>Classroom<\/em> b\u00e1sico para docentes (V\u00eddeo apresentado no VIRTUEL)<\/a><\/li>\n<\/ul>\n\n\n\n<ul class=\"wp-block-list\">\n<li><a href=\"https:\/\/www.youtube.com\/watch?v=r16FS6CXXgE\"><em>Classroom<\/em> b\u00e1sico para discentes (V\u00eddeo apresentado no VIRTUEL)<\/a><\/li>\n<\/ul>\n\n\n\n<ul class=\"wp-block-list\">\n<li><a href=\"https:\/\/www.youtube.com\/watch?v=EOEdASNNcN4\">Ferramentas <em>Google Workspace<\/em> &#8211; parte 1 (V\u00eddeo apresentado no VIRTUEL)<\/a><\/li>\n<\/ul>\n\n\n\n<ul class=\"wp-block-list\">\n<li><a href=\"https:\/\/www.youtube.com\/watch?v=1scSTQWrY1Y\">Ferramentas <em>Google Workspace<\/em> &#8211; parte 2 (V\u00eddeo apresentado no VIRTUEL)<\/a><\/li>\n<\/ul>\n\n\n\n<ul class=\"wp-block-list\">\n<li><a href=\"https:\/\/www.youtube.com\/watch?v=4_bW0P9-BEY\">Servi\u00e7os Digitais para Comunidade Universit\u00e1ria (V\u00eddeo apresentado no VIRTUEL)<\/a><\/li>\n<\/ul>\n\n\n\n<div style=\"height:20px\" aria-hidden=\"true\" class=\"wp-block-spacer\"><\/div>\n\n\n\n<p class=\"has-text-align-left\"><strong>Atualiza\u00e7\u00e3o de conte\u00fado &#8211; Apresentado no VIRTUEL 2 (2021)<\/strong><\/p>\n\n\n\n<div style=\"height:20px\" aria-hidden=\"true\" class=\"wp-block-spacer\"><\/div>\n\n\n\n<ul class=\"wp-block-list\">\n<li><a href=\"https:\/\/www.youtube.com\/watch?v=dM2HNzzZ8k0\">Oficina Classroom Avan\u00e7ado\/Forms<\/a><\/li>\n<\/ul>\n<\/div><\/details>\n<\/div>\n\n\n\n<div id=\"wp-block-themeisle-blocks-accordion-5066b375\" class=\"wp-block-themeisle-blocks-accordion exclusive\">\n<details class=\"wp-block-themeisle-blocks-accordion-item\"><summary class=\"wp-block-themeisle-blocks-accordion-item__title\"><div><strong>Microsoft Office 365 <\/strong><\/div><\/summary><div class=\"wp-block-themeisle-blocks-accordion-item__content\">\n<ul class=\"wp-block-list\">\n<li><a rel=\"noreferrer noopener\" href=\"https:\/\/sites.uel.br\/ati\/?page_id=1173\" target=\"_blank\">Microsoft 365 para Educa\u00e7\u00e3o<\/a><\/li>\n<\/ul>\n<\/div><\/details>\n<\/div>\n\n\n\n<div id=\"wp-block-themeisle-blocks-accordion-c84d21c7\" class=\"wp-block-themeisle-blocks-accordion exclusive\">\n<details class=\"wp-block-themeisle-blocks-accordion-item\"><summary class=\"wp-block-themeisle-blocks-accordion-item__title\"><div><strong>Outros programas educacionais ou acad\u00eamicos<\/strong><\/div><\/summary><div class=\"wp-block-themeisle-blocks-accordion-item__content\">\n<ul class=\"wp-block-list\">\n<li><a rel=\"noreferrer noopener\" href=\"https:\/\/sites.uel.br\/ati\/tutorial\/2021\/06\/15\/ativacao-da-conta-autodesk-e-instalacao-do-autocad-para-acesso-educacional\/\" target=\"_blank\">Ativa\u00e7\u00e3o da conta AutoDesk e instala\u00e7\u00e3o do <em>AutoCAD<\/em> para acesso educacional<\/a><\/li>\n<\/ul>\n<\/div><\/details>\n<\/div>\n\n\n\n<div id=\"wp-block-themeisle-blocks-accordion-58b08e49\" class=\"wp-block-themeisle-blocks-accordion exclusive\">\n<details class=\"wp-block-themeisle-blocks-accordion-item\"><summary class=\"wp-block-themeisle-blocks-accordion-item__title\"><div><strong>Peri\u00f3dicos CAPES<\/strong><\/div><\/summary><div class=\"wp-block-themeisle-blocks-accordion-item__content\">\n<ul class=\"wp-block-list\">\n<li><a rel=\"noreferrer noopener\" href=\"https:\/\/sites.uel.br\/ati\/tutorial\/2021\/06\/10\/acesso-ao-periodicos-da-capes-fora-da-rede-uel\/\" target=\"_blank\">Acesso ao peri\u00f3dicos da CAPES fora da rede UEL<\/a><\/li>\n<\/ul>\n<\/div><\/details>\n<\/div>\n\n\n\n<div id=\"wp-block-themeisle-blocks-accordion-81b635a6\" class=\"wp-block-themeisle-blocks-accordion exclusive\">\n<details class=\"wp-block-themeisle-blocks-accordion-item\"><summary class=\"wp-block-themeisle-blocks-accordion-item__title\"><div><strong>Portal do Docente<\/strong><\/div><\/summary><div class=\"wp-block-themeisle-blocks-accordion-item__content\">\n<div style=\"height:30px\" aria-hidden=\"true\" class=\"wp-block-spacer\"><\/div>\n\n\n\n<ul class=\"wp-block-list\">\n<li><a href=\"https:\/\/sites.uel.br\/ati\/troca-de-senha-portal-docente-usuarios-especiais\/\">Troca de senha do Portal do Docente para Professor Visitante e S\u00eanior<\/a><\/li>\n<\/ul>\n\n\n\n<p><\/p>\n\n\n\n<ul class=\"wp-block-list\">\n<li><a href=\"https:\/\/sites.uel.br\/ati\/sem-categoria\/2023\/01\/25\/recuperar-senha-do-portal-do-docente\/\">Recuperar senha do Portal do Docente<\/a><\/li>\n<\/ul>\n\n\n\n<div style=\"height:30px\" aria-hidden=\"true\" class=\"wp-block-spacer\"><\/div>\n\n\n\n<p>Os servi\u00e7os abaixo s\u00e3o atendidos pela Pr\u00f3-Reitoria de Gradua\u00e7\u00e3o &#8211; PROGRAD, caso haja a necessidade de suporte, acesse o site:<\/p>\n\n\n\n<p class=\"has-text-align-left\"><a href=\"https:\/\/sites.uel.br\/prograd\/canais-de-atendimento\/\"><strong>https:\/\/sites.uel.br\/prograd\/canais-de-atendimento\/<\/strong><\/a><\/p>\n\n\n\n<div style=\"height:20px\" aria-hidden=\"true\" class=\"wp-block-spacer\"><\/div>\n\n\n\n<ul class=\"wp-block-list\">\n<li><a href=\"https:\/\/sites.uel.br\/prograd\/wp-content\/uploads\/tutoriais\/ati\/pauta_eletronica\/manual_pauta_eletronica.pdf\" target=\"_blank\" rel=\"noreferrer noopener\">Manual da Pauta Eletr\u00f4nica<\/a><\/li>\n<\/ul>\n\n\n\n<ul class=\"wp-block-list\">\n<li><a href=\"https:\/\/sites.uel.br\/prograd\/wp-content\/uploads\/tutoriais\/ati\/confirmacao_programa_atividade_academica\/manual_preenchimento_programa.pdf\" target=\"_blank\" rel=\"noreferrer noopener\">Preenchimento de Programa de Atividade Acad\u00eamica<\/a><\/li>\n<\/ul>\n\n\n\n<ul class=\"wp-block-list\">\n<li><a href=\"https:\/\/sites.uel.br\/prograd\/wp-content\/uploads\/tutoriais\/ati\/criacao_pauta_estagio_tcc\/tutorial_criacao_pauta_estagio_tcc.pdf\" target=\"_blank\" rel=\"noreferrer noopener\">Tutorial Para Cria\u00e7\u00e3o de Pautas de Est\u00e1gio e TCC dos Cursos de Gradua\u00e7\u00e3o UEL<\/a><\/li>\n<\/ul>\n\n\n\n<ul class=\"wp-block-list\">\n<li><a rel=\"noreferrer noopener\" href=\"https:\/\/sites.uel.br\/ati\/tutorial\/2021\/07\/27\/criacao-de-curso-no-moodle-e-no-google-classroom-pela-pauta-eletronica-de-graduacao\/\" target=\"_blank\">Tutorial Para Cria\u00e7\u00e3o de Cursos no <em>Moodle<\/em> e no <em>Google Classroom<\/em> pela Pauta Eletr\u00f4nica de Gradua\u00e7\u00e3o<\/a><\/li>\n<\/ul>\n\n\n\n<p><\/p>\n<\/div><\/details>\n<\/div>\n\n\n\n<div id=\"wp-block-themeisle-blocks-accordion-941e53e0\" class=\"wp-block-themeisle-blocks-accordion exclusive\">\n<details class=\"wp-block-themeisle-blocks-accordion-item\"><summary class=\"wp-block-themeisle-blocks-accordion-item__title\"><div><strong>Portal do Estudante<\/strong> <strong>de Gradua\u00e7\u00e3o<\/strong><\/div><\/summary><div class=\"wp-block-themeisle-blocks-accordion-item__content\">\n<p>Estes servi\u00e7os s\u00e3o atendidos pela Pr\u00f3-Reitoria de Gradua\u00e7\u00e3o &#8211; PROGRAD, caso haja a necessidade de suporte, acesse o site:<\/p>\n\n\n\n<p><a href=\"https:\/\/sites.uel.br\/prograd\/canais-de-atendimento\/\"><strong>https:\/\/sites.uel.br\/prograd\/canais-de-atendimento\/<\/strong><\/a><\/p>\n\n\n\n<div style=\"height:20px\" aria-hidden=\"true\" class=\"wp-block-spacer\"><\/div>\n\n\n\n<ul class=\"wp-block-list\">\n<li><a href=\"https:\/\/sites.uel.br\/prograd\/tutoriais-portal-do-estudante-de-graduacao\/\" target=\"_blank\" rel=\"noreferrer noopener\">Tutoriais para o estudante<\/a><\/li>\n<\/ul>\n\n\n\n<ul class=\"wp-block-list\">\n<li><a href=\"https:\/\/sites.uel.br\/ati\/recuperar-senha-do-portal-do-estudante\/\">Recuperar senha de acesso ao Portal do Estudante<\/a><\/li>\n<\/ul>\n\n\n\n<ul class=\"wp-block-list\">\n<li><a href=\"https:\/\/sites.uel.br\/ati\/cadastro-nova-matricula\/\">Cadastro de nova matr\u00edcula para alunos de Gradua\u00e7\u00e3o<\/a><\/li>\n<\/ul>\n<\/div><\/details>\n<\/div>\n\n\n\n<div id=\"wp-block-themeisle-blocks-accordion-163758c0\" class=\"wp-block-themeisle-blocks-accordion exclusive\">\n<details class=\"wp-block-themeisle-blocks-accordion-item\"><summary class=\"wp-block-themeisle-blocks-accordion-item__title\"><div><strong>Portal do Estudante de P\u00f3s-Gradua\u00e7\u00e3o<\/strong><\/div><\/summary><div class=\"wp-block-themeisle-blocks-accordion-item__content\">\n<ul class=\"wp-block-list\">\n<li><a href=\"https:\/\/sites.uel.br\/ati\/recuperar-senha-do-portal-do-estudante\/\">Recuperar senha de acesso ao Portal do Estudante<\/a><\/li>\n<\/ul>\n\n\n\n<ul class=\"wp-block-list\">\n<li><a href=\"https:\/\/sites.uel.br\/ati\/cadastro-matricula-pos\/\">Cadastro de nova matr\u00edcula para alunos de P\u00f3s-Gradua\u00e7\u00e3o<\/a><\/li>\n<\/ul>\n<\/div><\/details>\n<\/div>\n\n\n\n<div id=\"wp-block-themeisle-blocks-accordion-9549fa11\" class=\"wp-block-themeisle-blocks-accordion exclusive\">\n<details class=\"wp-block-themeisle-blocks-accordion-item\"><summary class=\"wp-block-themeisle-blocks-accordion-item__title\"><div><strong>Portal do Servidor<\/strong><\/div><\/summary><div class=\"wp-block-themeisle-blocks-accordion-item__content\">\n<ul class=\"wp-block-list\">\n<li><a rel=\"noreferrer noopener\" href=\"https:\/\/sites.uel.br\/ati\/tutorial\/2021\/06\/08\/cadastro-de-senha-no-portal-do-servidor\/\" target=\"_blank\">Cadastro de senha no Portal do Servidor<\/a><\/li>\n<\/ul>\n\n\n\n<ul class=\"wp-block-list\">\n<li><a href=\"https:\/\/sites.uel.br\/ati\/tutorial\/2021\/08\/02\/recuperar-a-senha-no-portal-do-servidor\/\">Recuperar a senha do Portal do Servidor <\/a><\/li>\n<\/ul>\n\n\n\n<p><\/p>\n<\/div><\/details>\n<\/div>\n\n\n\n<div id=\"wp-block-themeisle-blocks-accordion-e4eaac99\" class=\"wp-block-themeisle-blocks-accordion exclusive\">\n<details class=\"wp-block-themeisle-blocks-accordion-item\"><summary class=\"wp-block-themeisle-blocks-accordion-item__title\"><div><strong>Rede sem fio (WifiUEL)<\/strong><\/div><\/summary><div class=\"wp-block-themeisle-blocks-accordion-item__content\">\n<ul class=\"wp-block-list\">\n<li><a href=\"https:\/\/sites.uel.br\/ati\/quem-pode-utilizar-o-servico-de-rede-wireless-na-uel\/\">Servi\u00e7o de rede <em>Wireless<\/em> na UEL<\/a><\/li>\n<\/ul>\n<\/div><\/details>\n<\/div>\n\n\n\n<div id=\"wp-block-themeisle-blocks-accordion-65d6b71b\" class=\"wp-block-themeisle-blocks-accordion exclusive\">\n<details class=\"wp-block-themeisle-blocks-accordion-item\"><summary class=\"wp-block-themeisle-blocks-accordion-item__title\"><div><strong>Sites Institucionais<\/strong><\/div><\/summary><div class=\"wp-block-themeisle-blocks-accordion-item__content\">\n<ul class=\"wp-block-list\">\n<li><a href=\"https:\/\/sites.uel.br\/com\/suportesites\/\">Servi\u00e7o de suporte a sites institucionais<\/a><\/li>\n<\/ul>\n<\/div><\/details>\n<\/div>\n\n\n\n<div id=\"wp-block-themeisle-blocks-accordion-09b01f72\" class=\"wp-block-themeisle-blocks-accordion exclusive\">\n<details class=\"wp-block-themeisle-blocks-accordion-item\"><summary class=\"wp-block-themeisle-blocks-accordion-item__title\"><div><strong>Servi\u00e7os de E-mail<\/strong><\/div><\/summary><div class=\"wp-block-themeisle-blocks-accordion-item__content\">\n<ul class=\"wp-block-list\">\n<li><a href=\"https:\/\/sites.uel.br\/ati\/criar-e-mail-institucional\/\">Criar e-mail Institucional ou e-mail de Usu\u00e1rio Especial<\/a><\/li>\n\n\n\n<li><a href=\"https:\/\/sites.uel.br\/ati\/tutorial\/2021\/06\/09\/criar-e-mail-pessoal-pela-primeira-vez\/\">Criar e-mail pessoal pela primeira vez -Docentes e Funcion\u00e1rios<\/a><\/li>\n\n\n\n<li><a href=\"https:\/\/sites.uel.br\/ati\/criaremail-alunos\/\">Criar e-mail pessoal &#8211; Alunos de Gradua\u00e7\u00e3o e P\u00f3s-Gradua\u00e7\u00e3o<\/a><\/li>\n\n\n\n<li><a href=\"https:\/\/sites.uel.br\/ati\/configuracao-de-e-mail\/\">Configura\u00e7\u00e3o de e-mail nos dispositivos<\/a><\/li>\n\n\n\n<li><a href=\"https:\/\/sites.uel.br\/ati\/tutorial\/2021\/06\/10\/alteracao-da-senha-de-login-uel-br\/\">Troca de senha de e-mail &#8211; Docentes, Funcion\u00e1rios e Usu\u00e1rios Especiais<\/a><\/li>\n\n\n\n<li><a href=\"https:\/\/sites.uel.br\/ati\/tutorial\/2021\/07\/21\/alteracao-da-senha-de-alunos\/\">Troca de senha de e-mail &#8211; Alunos<\/a><\/li>\n<\/ul>\n<\/div><\/details>\n<\/div>\n\n\n\n<div id=\"wp-block-themeisle-blocks-accordion-32a42552\" class=\"wp-block-themeisle-blocks-accordion exclusive\">\n<details class=\"wp-block-themeisle-blocks-accordion-item\"><summary class=\"wp-block-themeisle-blocks-accordion-item__title\"><div><strong>Sistemas da UEL<\/strong><\/div><\/summary><div class=\"wp-block-themeisle-blocks-accordion-item__content\">\n<ul class=\"wp-block-list\">\n<li><a href=\"https:\/\/sistemas.uel.br\/index2\">Sistemas da Universidade Estadual de Londrina <\/a><\/li>\n<\/ul>\n<\/div><\/details>\n<\/div>\n\n\n\n<div id=\"wp-block-themeisle-blocks-accordion-efc83e40\" class=\"wp-block-themeisle-blocks-accordion exclusive\">\n<details class=\"wp-block-themeisle-blocks-accordion-item\"><summary class=\"wp-block-themeisle-blocks-accordion-item__title\"><div><strong>Sistema de Elei\u00e7\u00f5es<\/strong><\/div><\/summary><div class=\"wp-block-themeisle-blocks-accordion-item__content\">\n<ul class=\"wp-block-list\">\n<li><a rel=\"noreferrer noopener\" href=\"https:\/\/sites.uel.br\/ati\/sistema-de-eleicoes-saele\/\" target=\"_blank\">Sistema de elei\u00e7\u00f5es SAELE<\/a><\/li>\n<\/ul>\n<\/div><\/details>\n<\/div>\n\n\n\n<div id=\"wp-block-themeisle-blocks-accordion-1245c10f\" class=\"wp-block-themeisle-blocks-accordion exclusive\">\n<details class=\"wp-block-themeisle-blocks-accordion-item\"><summary class=\"wp-block-themeisle-blocks-accordion-item__title\"><div><strong>Sistema de Solicita\u00e7\u00f5es de Servi\u00e7os<\/strong><\/div><\/summary><div class=\"wp-block-themeisle-blocks-accordion-item__content\">\n<ul class=\"wp-block-list\">\n<li><a rel=\"noreferrer noopener\" href=\"https:\/\/sites.uel.br\/ati\/sistema-de-solicitacao-de-servico\/\" target=\"_blank\">Sistema de Atendimento UEL<\/a><\/li>\n<\/ul>\n<\/div><\/details>\n\n\n\n<div id=\"wp-block-themeisle-blocks-accordion-d9e88713\" class=\"wp-block-themeisle-blocks-accordion exclusive\">\n<details class=\"wp-block-themeisle-blocks-accordion-item\"><summary class=\"wp-block-themeisle-blocks-accordion-item__title\"><div><strong>Ticket para visitantes<\/strong><\/div><\/summary><div class=\"wp-block-themeisle-blocks-accordion-item__content\">\n<ul class=\"wp-block-list\">\n<li><a href=\"https:\/\/sites.uel.br\/ati\/tutorial\/2021\/06\/21\/gerar-ticket-para-visitantes\/\">Ticket de acesso \u00e0 rede wifiuel para visitantes<\/a><\/li>\n<\/ul>\n<\/div><\/details>\n<\/div>\n\n\n\n<div id=\"wp-block-themeisle-blocks-accordion-d915bfe8\" class=\"wp-block-themeisle-blocks-accordion exclusive\">\n<details class=\"wp-block-themeisle-blocks-accordion-item\"><summary class=\"wp-block-themeisle-blocks-accordion-item__title\"><div><strong>Usu\u00e1rio Especial<\/strong><\/div><\/summary><div class=\"wp-block-themeisle-blocks-accordion-item__content\">\n<ul class=\"wp-block-list\">\n<li><a href=\"https:\/\/sites.uel.br\/ati\/alteracao-senha-portal-usuarioespecial\/\">Cadastro ou altera\u00e7\u00e3o da senha de acesso aos Sistemas da UEL para Professor Visitante, S\u00eanior e em processo remo\u00e7\u00e3o<\/a><\/li>\n\n\n\n<li><a href=\"https:\/\/sites.uel.br\/ati\/cadastro-portal-usuespecial\/\">Cadastro ou altera\u00e7\u00e3o de senha do portal para Usu\u00e1rio Especial<\/a><\/li>\n<\/ul>\n<\/div><\/details>\n<\/div>\n<\/div>\n","protected":false},"excerpt":{"rendered":"<p>Est\u00e3o listados a seguir tutoriais e cursos para aprendizado dos servi\u00e7os digitais dispon\u00edveis pela UEL.<\/p>\n","protected":false},"author":10,"featured_media":0,"parent":0,"menu_order":0,"comment_status":"closed","ping_status":"closed","template":"","meta":{"_acf_changed":false,"_themeisle_gutenberg_block_has_review":false,"footnotes":""},"class_list":["post-989","page","type-page","status-publish","hentry"],"acf":[],"_links":{"self":[{"href":"https:\/\/sites.uel.br\/ati\/wp-json\/wp\/v2\/pages\/989","targetHints":{"allow":["GET"]}}],"collection":[{"href":"https:\/\/sites.uel.br\/ati\/wp-json\/wp\/v2\/pages"}],"about":[{"href":"https:\/\/sites.uel.br\/ati\/wp-json\/wp\/v2\/types\/page"}],"author":[{"embeddable":true,"href":"https:\/\/sites.uel.br\/ati\/wp-json\/wp\/v2\/users\/10"}],"replies":[{"embeddable":true,"href":"https:\/\/sites.uel.br\/ati\/wp-json\/wp\/v2\/comments?post=989"}],"version-history":[{"count":146,"href":"https:\/\/sites.uel.br\/ati\/wp-json\/wp\/v2\/pages\/989\/revisions"}],"predecessor-version":[{"id":3652,"href":"https:\/\/sites.uel.br\/ati\/wp-json\/wp\/v2\/pages\/989\/revisions\/3652"}],"wp:attachment":[{"href":"https:\/\/sites.uel.br\/ati\/wp-json\/wp\/v2\/media?parent=989"}],"curies":[{"name":"wp","href":"https:\/\/api.w.org\/{rel}","templated":true}]}}