{"id":976,"date":"2021-06-16T15:26:04","date_gmt":"2021-06-16T18:26:04","guid":{"rendered":"https:\/\/sites.uel.br\/ati\/?page_id=976"},"modified":"2025-04-09T11:00:55","modified_gmt":"2025-04-09T14:00:55","slug":"quem-pode-utilizar-o-servico-de-rede-wireless-na-uel","status":"publish","type":"page","link":"https:\/\/sites.uel.br\/ati\/quem-pode-utilizar-o-servico-de-rede-wireless-na-uel\/","title":{"rendered":"Quem pode utilizar o servi\u00e7o de rede Wireless na UEL"},"content":{"rendered":"\n<hr class=\"wp-block-separator has-css-opacity is-style-wide\"\/>\n\n\n\n<div style=\"height:50px\" aria-hidden=\"true\" class=\"wp-block-spacer\"><\/div>\n\n\n\n<p><strong>Rede Sem Fio na UEL<\/strong><\/p>\n\n\n\n<p>A rede wireless (WifiUEL) e tamb\u00e9m a rede cabeada \u00e9 disponibilizada somente para servidores, estudantes e usu\u00e1rios que tenham algum v\u00ednculo com a Universidade.<\/p>\n\n\n\n<p>Para utilizar a rede wireless da UEL o servidor deve acessar com seu login (e-mail da UEL) e senha correspondente. Para estudantes o acesso deve ser com n\u00famero de matr\u00edcula\/senha do portal do estudante, ou com login (e-mail da UEL) e senha correspondente.<\/p>\n\n\n\n<p>Al\u00e9m do acesso citado acima, a Universidade Estadual de Londrina tem dispon\u00edvel o servi\u00e7o <strong>Eduroam (education roaming)<\/strong>, que permite ao <strong>usu\u00e1rio visitante<\/strong> que faz parte das Institui\u00e7\u00f5es de Ensino parceiras utilizar sua identifica\u00e7\u00e3o e senha de acesso da institui\u00e7\u00e3o origem para se conectar \u00e0 rede sem fio da UEL. Clique no link abaixo para mais detalhes:<\/p>\n\n\n\n<div style=\"height:30px\" aria-hidden=\"true\" class=\"wp-block-spacer\"><\/div>\n\n\n\n<p class=\"has-cinza-escuro-color has-text-color has-medium-font-size\"><strong>Onde e como utilizar a rede Eduroam<\/strong><\/p>\n\n\n\n<p><a href=\"https:\/\/ajuda.rnp.br\/eduroam\/\"><strong>https:\/\/ajuda.rnp.br\/eduroam\/<\/strong><\/a><\/p>\n\n\n\n<div style=\"height:30px\" aria-hidden=\"true\" class=\"wp-block-spacer\"><\/div>\n\n\n\n<hr class=\"wp-block-separator has-css-opacity is-style-default\"\/>\n\n\n\n<div style=\"height:30px\" aria-hidden=\"true\" class=\"wp-block-spacer\"><\/div>\n\n\n\n<p><strong>Para acessar a rede Wifiuel \u00e9 necess\u00e1rio realizar a configura\u00e7\u00e3o da rede no seu dispositivo m\u00f3vel, clique nos bot\u00f5es abaixo para realizar a configura\u00e7\u00e3o de acordo com o equipamento a ser utilizado, ser\u00e1 encaminhado para a p\u00e1gina com o tutorial de configura\u00e7\u00e3o correspondente.<\/strong><\/p>\n\n\n\n<div style=\"height:50px\" aria-hidden=\"true\" class=\"wp-block-spacer\"><\/div>\n\n\n\n<div class=\"wp-block-buttons is-horizontal is-content-justification-center is-layout-flex wp-container-core-buttons-is-layout-499968f5 wp-block-buttons-is-layout-flex\">\n<div class=\"wp-block-button is-style-outline is-style-outline--1\"><a class=\"wp-block-button__link has-verde-escuro-background-color has-text-color has-background wp-element-button\" href=\"https:\/\/sites.uel.br\/ati\/tutorial\/2021\/06\/10\/configuracao-da-rede-wifiuel\/\" style=\"color:#eef2f4\">Windows 7 a 11<\/a><\/div>\n\n\n\n<div class=\"wp-block-button\"><a class=\"wp-block-button__link has-verde-escuro-background-color has-text-color has-background wp-element-button\" href=\"https:\/\/sites.uel.br\/ati\/tutorial\/2021\/06\/10\/configuracao-da-rede-wifiuel-para-dispositivos-android\/\" style=\"color:#e3e7e9\">Android<\/a><\/div>\n\n\n\n<div class=\"wp-block-button is-style-outline is-style-outline--2\"><a class=\"wp-block-button__link has-verde-escuro-background-color has-text-color has-background wp-element-button\" href=\"https:\/\/sites.uel.br\/ati\/tutorial\/2021\/06\/10\/configuracao-da-rede-wifiuel-para-ios-iphone\/\" style=\"color:#f7fbfd\">iOS<\/a><\/div>\n\n\n\n<div class=\"wp-block-button is-style-outline is-style-outline--3\"><a class=\"wp-block-button__link has-verde-escuro-background-color has-text-color has-background wp-element-button\" href=\"https:\/\/sites.uel.br\/ati\/tutorial\/2023\/03\/17\/configuracao-wifiuel-chromebook\/\" style=\"color:#f7fbfd\">ChromeOS<\/a><\/div>\n<\/div>\n\n\n\n<div style=\"height:50px\" aria-hidden=\"true\" class=\"wp-block-spacer\"><\/div>\n\n\n\n<p><\/p>\n","protected":false},"excerpt":{"rendered":"<p>Rede Sem Fio na UEL A rede wireless (WifiUEL) e tamb\u00e9m a rede cabeada \u00e9 disponibilizada somente para servidores, estudantes e usu\u00e1rios que tenham algum v\u00ednculo com a Universidade. Para utilizar a rede wireless da UEL o servidor deve acessar com seu login (e-mail da UEL) e senha correspondente. Para estudantes o acesso deve ser [&hellip;]<\/p>\n","protected":false},"author":10,"featured_media":0,"parent":0,"menu_order":0,"comment_status":"closed","ping_status":"closed","template":"","meta":{"_acf_changed":false,"_themeisle_gutenberg_block_has_review":false,"footnotes":""},"class_list":["post-976","page","type-page","status-publish","hentry"],"acf":[],"_links":{"self":[{"href":"https:\/\/sites.uel.br\/ati\/wp-json\/wp\/v2\/pages\/976","targetHints":{"allow":["GET"]}}],"collection":[{"href":"https:\/\/sites.uel.br\/ati\/wp-json\/wp\/v2\/pages"}],"about":[{"href":"https:\/\/sites.uel.br\/ati\/wp-json\/wp\/v2\/types\/page"}],"author":[{"embeddable":true,"href":"https:\/\/sites.uel.br\/ati\/wp-json\/wp\/v2\/users\/10"}],"replies":[{"embeddable":true,"href":"https:\/\/sites.uel.br\/ati\/wp-json\/wp\/v2\/comments?post=976"}],"version-history":[{"count":24,"href":"https:\/\/sites.uel.br\/ati\/wp-json\/wp\/v2\/pages\/976\/revisions"}],"predecessor-version":[{"id":3363,"href":"https:\/\/sites.uel.br\/ati\/wp-json\/wp\/v2\/pages\/976\/revisions\/3363"}],"wp:attachment":[{"href":"https:\/\/sites.uel.br\/ati\/wp-json\/wp\/v2\/media?parent=976"}],"curies":[{"name":"wp","href":"https:\/\/api.w.org\/{rel}","templated":true}]}}