{"id":933,"date":"2021-06-16T11:24:51","date_gmt":"2021-06-16T14:24:51","guid":{"rendered":"https:\/\/sites.uel.br\/ati\/?page_id=933"},"modified":"2021-07-15T09:28:19","modified_gmt":"2021-07-15T12:28:19","slug":"orientacoes-sobre-uso-de-software-legalizado","status":"publish","type":"page","link":"https:\/\/sites.uel.br\/ati\/orientacoes-sobre-uso-de-software-legalizado\/","title":{"rendered":"Orienta\u00e7\u00f5es sobre uso de software legalizado"},"content":{"rendered":"\n<hr class=\"wp-block-separator is-style-wide\" \/>\n\n\n\n<div style=\"height:30px\" aria-hidden=\"true\" class=\"wp-block-spacer\"><\/div>\n\n\n\n<p><em>Informe divulgado nas listas digitais em 18\/02\/2021<\/em><\/p>\n\n\n\n<div style=\"height:30px\" aria-hidden=\"true\" class=\"wp-block-spacer\"><\/div>\n\n\n\n<p>Sabe-se que alguns usu\u00e1rios da comunidade adquirem e instalam software n\u00e3o genu\u00edno (SNG) sem o pleno conhecimento das consequ\u00eancias que podem colocar em risco os servi\u00e7os de TIC (Tecnologia de Informa\u00e7\u00e3o e Comunica\u00e7\u00e3o). Devido a conectividade \u00e0 rede mundial de computadores, as empresas propriet\u00e1rias do software conseguem detectar facilmente essas instala\u00e7\u00f5es, possibilitando a identifica\u00e7\u00e3o da m\u00e1quina em que o SNG est\u00e1 instalado.<\/p>\n\n\n\n<p>&nbsp;Considerando o cen\u00e1rio em que SNG pode comprometer a disponibilidade dos servi\u00e7os de TIC (rede, sistemas e outros), a ATI apoia e implementa iniciativas com o objetivo de garantir a seguran\u00e7a e a integridade dos mesmos, j\u00e1 que s\u00e3o considerados de car\u00e1ter essencial para realiza\u00e7\u00e3o dos trabalhos acad\u00eamicos e administrativos. A eventual interrup\u00e7\u00e3o desses recursos tecnol\u00f3gicos acarretam preju\u00edzos ao andamento das atividades da comunidade.<\/p>\n\n\n\n<p>Especificamente, o uso de SNG aumenta a exposi\u00e7\u00e3o a malwares e outras amea\u00e7as digitais, como acesso n\u00e3o autorizado a dados importantes. Tal fato pode ocorrer durante a instala\u00e7\u00e3o ou uso do produto e, ao conect\u00e1-lo a uma rede de computadores, outros tamb\u00e9m podem ser afetados. Esta situa\u00e7\u00e3o aplica-se a todo dispositivo conectado na rede UEL, quer seja do patrim\u00f4nio da Universidade ou de uso pessoal dos estudantes e funcion\u00e1rios via rede sem fio ou cabeada (notebooks, smartphones, tablets etc).<\/p>\n\n\n\n<p>O SNG, conhecido popularmente como software pirata, \u00e9 obtido por meios indevidos, sem legaliza\u00e7\u00e3o por meio de contrato de licen\u00e7a. Tal procedimento pode desencadear as seguintes situa\u00e7\u00f5es:<\/p>\n\n\n\n<div style=\"height:30px\" aria-hidden=\"true\" class=\"wp-block-spacer\"><\/div>\n\n\n\n<p><strong>Riscos para quem instala SNG<\/strong><\/p>\n\n\n\n<ul class=\"wp-block-list\"><li>Detec\u00e7\u00e3o do usu\u00e1rio e computador pelo fornecedor do software;<\/li><li>Responder a quest\u00f5es legais tem em vista a Lei de prote\u00e7\u00e3o de propriedade intelectual de programa de computador;<\/li><\/ul>\n\n\n\n<div style=\"height:30px\" aria-hidden=\"true\" class=\"wp-block-spacer\"><\/div>\n\n\n\n<p><strong>Riscos para a institui\u00e7\u00e3o<\/strong><\/p>\n\n\n\n<ul class=\"wp-block-list\"><li>Potencial comprometimento da seguran\u00e7a da rede e computadores da Comunidade;<\/li><li>Indisponibilidade\/comprometimento dos servi\u00e7os de TIC;<\/li><li>Exposi\u00e7\u00e3o de dados sigilosos protegidos pela Lei Geral de Prote\u00e7\u00e3o de Dados Pessoais LGPD;<\/li><li>Preju\u00edzos administrativos e acad\u00eamicos para a Comunidade em geral, com a interrup\u00e7\u00e3o de servi\u00e7os;<\/li><li>Aumento de demanda ao time de resposta a incidentes da ATI.<\/li><\/ul>\n\n\n\n<div style=\"height:30px\" aria-hidden=\"true\" class=\"wp-block-spacer\"><\/div>\n\n\n\n<p><strong>Regulariza\u00e7\u00e3o<\/strong><\/p>\n\n\n\n<p>Diante do exposto, fica evidente a import\u00e2ncia do uso de software regularizado, considerando os impactos e o compromisso social e \u00e9tico da Universidade.<\/p>\n\n\n\n<p>Para regulariza\u00e7\u00e3o, existem as seguintes possibilidades:&nbsp;<\/p>\n\n\n\n<ul class=\"wp-block-list\"><li>Solu\u00e7\u00f5es alternativas sem custo (software livre);<\/li><li>Aquisi\u00e7\u00e3o;<\/li><li>Remo\u00e7\u00e3o.<\/li><\/ul>\n\n\n\n<p><strong>Alternativas sem custo<\/strong><br><\/p>\n\n\n\n<p>H\u00e1 v\u00e1rias op\u00e7\u00f5es gratuitas dispon\u00edveis e acess\u00edveis pela Internet. Segue abaixo alguns exemplos das mais conhecidas. Embora a instala\u00e7\u00e3o possa ser realizada pelo pr\u00f3prio usu\u00e1rio, o time da ATI pode auxiliar no processo por meio de seu Canal de Atendimento. O aprendizado da ferramenta e eventuais treinamentos dever\u00e3o ser providenciados pelo pr\u00f3prio interessado.<\/p>\n\n\n\n<figure class=\"wp-block-table\"><table class=\"has-fixed-layout\"><thead><tr><th>Tipo<\/th><th class=\"has-text-align-left\" data-align=\"left\">Ferramenta<\/th><\/tr><\/thead><tbody><tr><td>Ferramentas de escrit\u00f3rio (Editores de texto, planilhas, agenda, armazenamento, reuni\u00f5es, apresenta\u00e7\u00f5es e comunica\u00e7\u00e3o)<\/td><td class=\"has-text-align-left\" data-align=\"left\"><a rel=\"noreferrer noopener\" href=\"https:\/\/edu.google.com\/intl\/pt-BR\/products\/gsuite-for-education\/\" target=\"_blank\">Google G Suite for Education<\/a><br><a rel=\"noreferrer noopener\" href=\"https:\/\/www.microsoft.com\/pt-br\/education\/products\/office\" target=\"_blank\">Office 365 Education<\/a><br><a rel=\"noreferrer noopener\" href=\"https:\/\/pt-br.libreoffice.org\/\" target=\"_blank\">LibreOffice<\/a><br><a rel=\"noreferrer noopener\" href=\"https:\/\/www.wps.com\/pt-BR\/\" target=\"_blank\">WPS Office<\/a><br><a rel=\"noreferrer noopener\" href=\"https:\/\/www.onlyoffice.com\/pt\/\" target=\"_blank\">OnlyOffice<\/a><\/td><\/tr><tr><td>Ensino Remoto<br><br><\/td><td class=\"has-text-align-left\" data-align=\"left\"><a rel=\"noreferrer noopener\" href=\"https:\/\/www.labted.net\/virtuel-link-das-transmissoes\" target=\"_blank\">Apresenta\u00e7\u00f5es e Treinamentos &#8211; Virtuel<\/a><\/td><\/tr><tr><td>Editor de imagens<\/td><td class=\"has-text-align-left\" data-align=\"left\"><a rel=\"noreferrer noopener\" href=\"https:\/\/www.gimp.org\/\" target=\"_blank\">Gimp<\/a><br><a rel=\"noreferrer noopener\" href=\"https:\/\/pixlr.com\/br\/\" target=\"_blank\">Pixlr<\/a><br><a rel=\"noreferrer noopener\" href=\"https:\/\/www.canva.com\/\" target=\"_blank\">Canva<\/a><\/td><\/tr><tr><td>Editor de imagens vetoriais<\/td><td class=\"has-text-align-left\" data-align=\"left\"><a rel=\"noreferrer noopener\" href=\"https:\/\/inkscape.org\/pt-br\/\" target=\"_blank\">Inkscape<\/a><\/td><\/tr><tr><td>Editor de v\u00eddeos<\/td><td class=\"has-text-align-left\" data-align=\"left\"><a rel=\"noreferrer noopener\" href=\"https:\/\/shotcut.org\/\" target=\"_blank\">Shotcut<\/a><br><a rel=\"noreferrer noopener\" href=\"https:\/\/kdenlive.org\/en\/\" target=\"_blank\">Kdenlive<\/a><br><a rel=\"noreferrer noopener\" href=\"https:\/\/www.blender.org\/\" target=\"_blank\">Blender<\/a><\/td><\/tr><tr><td>Design de p\u00e1ginas web<\/td><td class=\"has-text-align-left\" data-align=\"left\"><a rel=\"noreferrer noopener\" href=\"http:\/\/www.aptana.com\/\" target=\"_blank\">Aptana<\/a><\/td><\/tr><tr><td>Editor de \u00e1udio<\/td><td class=\"has-text-align-left\" data-align=\"left\"><a rel=\"noreferrer noopener\" href=\"https:\/\/www.audacityteam.org\/\" target=\"_blank\">Audacity<\/a><\/td><\/tr><\/tbody><\/table><\/figure>\n\n\n\n<div style=\"height:30px\" aria-hidden=\"true\" class=\"wp-block-spacer\"><\/div>\n\n\n\n<p><strong>Aquisi\u00e7\u00e3o<\/strong><\/p>\n\n\n\n<p>A ATI disponibiliza o servi\u00e7o de assessoria para aquisi\u00e7\u00e3o de softwares, que consiste na especifica\u00e7\u00e3o t\u00e9cnica e registro no SICOR. O objetivo \u00e9 auxiliar o requisitante na defini\u00e7\u00e3o dos softwares, servi\u00e7os e equipamentos de inform\u00e1tica que atendam \u00e0s suas necessidades. Quest\u00f5es or\u00e7ament\u00e1rias e processo de compra devem ser tratados pelo interessado diretamente com os setores respons\u00e1veis.<\/p>\n\n\n\n<p>Para fazer o pedido de especifica\u00e7\u00e3o t\u00e9cnica acesse o sistema\u00a0<a rel=\"noreferrer noopener\" href=\"https:\/\/sistemas.uel.br\/atendimento\" target=\"_blank\"><strong>Atendimento UEL<\/strong><\/a>, executante ATI e informe o tipo de servi\u00e7o 891, com a descri\u00e7\u00e3o, justificativa e autoriza\u00e7\u00e3o do gestor do \u00f3rg\u00e3o.<\/p>\n\n\n\n<p><strong>Remo\u00e7\u00e3o<\/strong><\/p>\n\n\n\n<p>Caso a decis\u00e3o seja pela remo\u00e7\u00e3o, solicite a execu\u00e7\u00e3o da tarefa por meio do sistema\u00a0<a rel=\"noreferrer noopener\" href=\"https:\/\/sistemas.uel.br\/atendimento\" target=\"_blank\"><strong>Atendimento UEL<\/strong><\/a>, executante ATI e informar o tipo de servi\u00e7o 176 &#8211; Manuten\u00e7\u00e3o Preventiva e Corretiva, com a descri\u00e7\u00e3o e autoriza\u00e7\u00e3o do gestor do \u00f3rg\u00e3o.<\/p>\n\n\n\n<div style=\"height:50px\" aria-hidden=\"true\" class=\"wp-block-spacer\"><\/div>\n\n\n\n<hr class=\"wp-block-separator is-style-wide\" \/>\n\n\n\n<div style=\"height:50px\" aria-hidden=\"true\" class=\"wp-block-spacer\"><\/div>\n\n\n\n<p class=\"has-text-align-center\"><strong>Em caso de d\u00favidas, entre em contato com nossos <a href=\"https:\/\/sites.uel.br\/ati\/atendimento\/\">canais de atendimento<\/a><\/strong><\/p>\n\n\n\n<div style=\"height:50px\" aria-hidden=\"true\" class=\"wp-block-spacer\"><\/div>\n\n\n\n<p><\/p>\n","protected":false},"excerpt":{"rendered":"<p>Informe divulgado nas listas digitais em 18\/02\/2021 Sabe-se que alguns usu\u00e1rios da comunidade adquirem e instalam software n\u00e3o genu\u00edno (SNG) sem o pleno conhecimento das consequ\u00eancias que podem colocar em risco os servi\u00e7os de TIC (Tecnologia de Informa\u00e7\u00e3o e Comunica\u00e7\u00e3o). Devido a conectividade \u00e0 rede mundial de computadores, as empresas propriet\u00e1rias do software conseguem detectar [&hellip;]<\/p>\n","protected":false},"author":10,"featured_media":0,"parent":0,"menu_order":0,"comment_status":"closed","ping_status":"closed","template":"","meta":{"_acf_changed":false,"_themeisle_gutenberg_block_has_review":false,"footnotes":""},"class_list":["post-933","page","type-page","status-publish","hentry"],"acf":[],"_links":{"self":[{"href":"https:\/\/sites.uel.br\/ati\/wp-json\/wp\/v2\/pages\/933","targetHints":{"allow":["GET"]}}],"collection":[{"href":"https:\/\/sites.uel.br\/ati\/wp-json\/wp\/v2\/pages"}],"about":[{"href":"https:\/\/sites.uel.br\/ati\/wp-json\/wp\/v2\/types\/page"}],"author":[{"embeddable":true,"href":"https:\/\/sites.uel.br\/ati\/wp-json\/wp\/v2\/users\/10"}],"replies":[{"embeddable":true,"href":"https:\/\/sites.uel.br\/ati\/wp-json\/wp\/v2\/comments?post=933"}],"version-history":[{"count":31,"href":"https:\/\/sites.uel.br\/ati\/wp-json\/wp\/v2\/pages\/933\/revisions"}],"predecessor-version":[{"id":1445,"href":"https:\/\/sites.uel.br\/ati\/wp-json\/wp\/v2\/pages\/933\/revisions\/1445"}],"wp:attachment":[{"href":"https:\/\/sites.uel.br\/ati\/wp-json\/wp\/v2\/media?parent=933"}],"curies":[{"name":"wp","href":"https:\/\/api.w.org\/{rel}","templated":true}]}}