{"id":3449,"date":"2025-08-18T16:46:18","date_gmt":"2025-08-18T19:46:18","guid":{"rendered":"https:\/\/sites.uel.br\/ati\/?page_id=3449"},"modified":"2025-10-03T10:24:29","modified_gmt":"2025-10-03T13:24:29","slug":"cadastro-portal-usuespecial","status":"publish","type":"page","link":"https:\/\/sites.uel.br\/ati\/cadastro-portal-usuespecial\/","title":{"rendered":"Cadastro de senha do portal para Usu\u00e1rio Especial"},"content":{"rendered":"\n<hr class=\"wp-block-separator has-alpha-channel-opacity is-style-wide\" \/>\n\n\n\n<div style=\"height:30px\" aria-hidden=\"true\" class=\"wp-block-spacer\"><\/div>\n\n\n\n<p>Este tutorial \u00e9 voltado para os usu\u00e1rios que foram cadastrados com algum v\u00ednculo de Usu\u00e1rio Especial (com exce\u00e7\u00e3o de Professor Visitante, Professor S\u00eanior e em processo remo\u00e7\u00e3o).<\/p>\n\n\n\n<p>Para saber qual o n\u00famero de sua chapa, verifique o campo &#8220;Chapa&#8221; indicado pela seta laranja na sua carteirinha, conforme a imagem abaixo.<\/p>\n\n\n<div class=\"wp-block-image\">\n<figure class=\"aligncenter size-full is-resized\"><img loading=\"lazy\" decoding=\"async\" width=\"388\" height=\"239\" src=\"https:\/\/sites.uel.br\/ati\/wp-content\/uploads\/2025\/01\/modelo-carteirinha.jpg\" alt=\"\" class=\"wp-image-3293\" style=\"width:388px;height:239px\" srcset=\"https:\/\/sites.uel.br\/ati\/wp-content\/uploads\/2025\/01\/modelo-carteirinha.jpg 388w, https:\/\/sites.uel.br\/ati\/wp-content\/uploads\/2025\/01\/modelo-carteirinha-300x185.jpg 300w\" sizes=\"auto, (max-width: 388px) 100vw, 388px\" \/><\/figure>\n<\/div>\n\n\n<div style=\"height:20px\" aria-hidden=\"true\" class=\"wp-block-spacer\"><\/div>\n\n\n\n<p>Para realizar o cadastro ou troca da senha de usu\u00e1rio especial, acesse este <a href=\"https:\/\/auth.sistemas.uel.br\/realms\/UEL\/login-actions\/reset-credentials\"><strong>LINK<\/strong><\/a>. Ser\u00e1 aberto esta tela abaixo.<\/p>\n\n\n<div class=\"wp-block-image\">\n<figure class=\"aligncenter size-full\"><img loading=\"lazy\" decoding=\"async\" width=\"460\" height=\"303\" src=\"https:\/\/sites.uel.br\/ati\/wp-content\/uploads\/2025\/08\/image.png\" alt=\"\" class=\"wp-image-3450\" srcset=\"https:\/\/sites.uel.br\/ati\/wp-content\/uploads\/2025\/08\/image.png 460w, https:\/\/sites.uel.br\/ati\/wp-content\/uploads\/2025\/08\/image-300x198.png 300w\" sizes=\"auto, (max-width: 460px) 100vw, 460px\" \/><\/figure>\n<\/div>\n\n\n<p>Digite sua chapa (conforme indicado na sua carteirinha) e clique em OK.<\/p>\n\n\n\n<div style=\"height:20px\" aria-hidden=\"true\" class=\"wp-block-spacer\"><\/div>\n\n\n<div class=\"wp-block-image\">\n<figure class=\"aligncenter size-full\"><img loading=\"lazy\" decoding=\"async\" width=\"467\" height=\"413\" src=\"https:\/\/sites.uel.br\/ati\/wp-content\/uploads\/2025\/08\/image-2.png\" alt=\"\" class=\"wp-image-3452\" srcset=\"https:\/\/sites.uel.br\/ati\/wp-content\/uploads\/2025\/08\/image-2.png 467w, https:\/\/sites.uel.br\/ati\/wp-content\/uploads\/2025\/08\/image-2-300x265.png 300w\" sizes=\"auto, (max-width: 467px) 100vw, 467px\" \/><\/figure>\n<\/div>\n\n\n<p>Ser\u00e1 encaminhado um <em>e-m<\/em>ail de recupera\u00e7\u00e3o no seu <em>e-mail<\/em> cadastrado no sistema.<\/p>\n\n\n\n<div style=\"height:50px\" aria-hidden=\"true\" class=\"wp-block-spacer\"><\/div>\n\n\n\n<p class=\"has-verde-escuro-background-color has-text-color has-background\" style=\"color:#eff1f2\"><img loading=\"lazy\" decoding=\"async\" width=\"30\" height=\"30\" class=\"wp-image-1437\" style=\"width: 30px\" src=\"https:\/\/sites.uel.br\/ati\/wp-content\/uploads\/2021\/06\/info-icon-transparent-9-inverse.png\" alt=\"\"> Caso voc\u00ea n\u00e3o receba o e-mail com o link de recupera\u00e7\u00e3o descrito no passo anterior, encaminhar um  e-mail para ati.atendimento@uel.br informando sua chapa, CPF e nome completo.<\/p>\n\n\n\n<div style=\"height:30px\" aria-hidden=\"true\" class=\"wp-block-spacer\"><\/div>\n\n\n\n<p>Encontre o e-mail enviado e abra o <em>Link <\/em>indicado em azul no <em>e-mail<\/em> recebido.<\/p>\n\n\n<div class=\"wp-block-image\">\n<figure class=\"aligncenter size-full\"><img loading=\"lazy\" decoding=\"async\" width=\"649\" height=\"196\" src=\"https:\/\/sites.uel.br\/ati\/wp-content\/uploads\/2025\/08\/image-3.png\" alt=\"\" class=\"wp-image-3453\" srcset=\"https:\/\/sites.uel.br\/ati\/wp-content\/uploads\/2025\/08\/image-3.png 649w, https:\/\/sites.uel.br\/ati\/wp-content\/uploads\/2025\/08\/image-3-300x91.png 300w\" sizes=\"auto, (max-width: 649px) 100vw, 649px\" \/><\/figure>\n<\/div>\n\n\n<div style=\"height:50px\" aria-hidden=\"true\" class=\"wp-block-spacer\"><\/div>\n\n\n\n<p>Digite a nova senha e confirme, clique em OK.<\/p>\n\n\n<div class=\"wp-block-image\">\n<figure class=\"aligncenter size-full\"><img loading=\"lazy\" decoding=\"async\" width=\"451\" height=\"349\" src=\"https:\/\/sites.uel.br\/ati\/wp-content\/uploads\/2025\/08\/image-4.png\" alt=\"\" class=\"wp-image-3454\" srcset=\"https:\/\/sites.uel.br\/ati\/wp-content\/uploads\/2025\/08\/image-4.png 451w, https:\/\/sites.uel.br\/ati\/wp-content\/uploads\/2025\/08\/image-4-300x232.png 300w\" sizes=\"auto, (max-width: 451px) 100vw, 451px\" \/><\/figure>\n<\/div>\n\n\n<p class=\"has-verde-escuro-background-color has-text-color has-background\" style=\"color:#eff1f2\"><img loading=\"lazy\" decoding=\"async\" width=\"30\" height=\"30\" class=\"wp-image-1437\" style=\"width: 30px\" src=\"https:\/\/sites.uel.br\/ati\/wp-content\/uploads\/2021\/06\/info-icon-transparent-9-inverse.png\" alt=\"\"> A nova senha deve <strong>obrigatoriamente<\/strong> possuir no m\u00ednimo 8 caracteres compostos por letras mai\u00fasculas, min\u00fasculas e n\u00fameros.<\/p>\n\n\n\n<div style=\"height:30px\" aria-hidden=\"true\" class=\"wp-block-spacer\"><\/div>\n\n\n\n<p>Para altera\u00e7\u00e3o da senha do e-mail, acesse o respectivo tutorial clicando neste <a href=\"https:\/\/sites.uel.br\/ati\/tutorial\/2021\/06\/10\/alteracao-da-senha-de-login-uel-br\/\"><strong>LINK<\/strong><\/a>.<\/p>\n\n\n\n<div style=\"height:50px\" aria-hidden=\"true\" class=\"wp-block-spacer\"><\/div>\n\n\n\n<hr class=\"wp-block-separator has-css-opacity is-style-wide\" \/>\n\n\n\n<div style=\"height:50px\" aria-hidden=\"true\" class=\"wp-block-spacer\"><\/div>\n\n\n\n<p class=\"has-text-align-center\"><strong>Em caso de d\u00favidas, entre em contato com nossos&nbsp;<a href=\"https:\/\/sites.uel.br\/ati\/atendimento\/\">canais de atendimento<\/a><\/strong><\/p>\n","protected":false},"excerpt":{"rendered":"<p>Este tutorial \u00e9 voltado para os usu\u00e1rios que foram cadastrados com algum v\u00ednculo de Usu\u00e1rio Especial (com exce\u00e7\u00e3o de Professor Visitante, Professor S\u00eanior e em processo remo\u00e7\u00e3o). Para saber qual o n\u00famero de sua chapa, verifique o campo &#8220;Chapa&#8221; indicado pela seta laranja na sua carteirinha, conforme a imagem abaixo. Para realizar o cadastro ou [&hellip;]<\/p>\n","protected":false},"author":10,"featured_media":0,"parent":0,"menu_order":0,"comment_status":"closed","ping_status":"closed","template":"","meta":{"_acf_changed":false,"_themeisle_gutenberg_block_has_review":false,"footnotes":""},"class_list":["post-3449","page","type-page","status-publish","hentry"],"acf":[],"_links":{"self":[{"href":"https:\/\/sites.uel.br\/ati\/wp-json\/wp\/v2\/pages\/3449","targetHints":{"allow":["GET"]}}],"collection":[{"href":"https:\/\/sites.uel.br\/ati\/wp-json\/wp\/v2\/pages"}],"about":[{"href":"https:\/\/sites.uel.br\/ati\/wp-json\/wp\/v2\/types\/page"}],"author":[{"embeddable":true,"href":"https:\/\/sites.uel.br\/ati\/wp-json\/wp\/v2\/users\/10"}],"replies":[{"embeddable":true,"href":"https:\/\/sites.uel.br\/ati\/wp-json\/wp\/v2\/comments?post=3449"}],"version-history":[{"count":12,"href":"https:\/\/sites.uel.br\/ati\/wp-json\/wp\/v2\/pages\/3449\/revisions"}],"predecessor-version":[{"id":3486,"href":"https:\/\/sites.uel.br\/ati\/wp-json\/wp\/v2\/pages\/3449\/revisions\/3486"}],"wp:attachment":[{"href":"https:\/\/sites.uel.br\/ati\/wp-json\/wp\/v2\/media?parent=3449"}],"curies":[{"name":"wp","href":"https:\/\/api.w.org\/{rel}","templated":true}]}}