{"id":3082,"date":"2023-06-29T17:24:25","date_gmt":"2023-06-29T20:24:25","guid":{"rendered":"https:\/\/sites.uel.br\/ati\/?page_id=3082"},"modified":"2025-08-18T16:55:02","modified_gmt":"2025-08-18T19:55:02","slug":"alteracao-senha-portal-usuarioespecial","status":"publish","type":"page","link":"https:\/\/sites.uel.br\/ati\/alteracao-senha-portal-usuarioespecial\/","title":{"rendered":"Cadastro ou altera\u00e7\u00e3o de senha do portal para Professor Visitante e S\u00eanior"},"content":{"rendered":"\n<div id=\"wp-block-themeisle-blocks-advanced-columns-58f6f1a6\" class=\"wp-block-themeisle-blocks-advanced-columns has-1-columns has-desktop-equal-layout has-tablet-equal-layout has-mobile-equal-layout has-vertical-unset has-default-gap\"><div class=\"wp-block-themeisle-blocks-advanced-columns-overlay\"><\/div><div class=\"innerblocks-wrap\">\n<div id=\"wp-block-themeisle-blocks-advanced-column-ff8d8c5b\" class=\"wp-block-themeisle-blocks-advanced-column\">\n<hr class=\"wp-block-separator has-alpha-channel-opacity is-style-wide\" \/>\n\n\n\n<p>Este tutorial \u00e9 voltado para os servidores da UEL que foram contratados com o v\u00ednculo de <strong>Professor Visitante<\/strong> e <strong>Professor S\u00eanior<\/strong> <strong>.<\/strong> Ambos os v\u00ednculos possuem cadastro de Usu\u00e1rio Especial e possuem o n\u00famero de chapa come\u00e7ando com os d\u00edgitos 50XXXXX.<\/p>\n\n\n\n<p>Para saber qual o n\u00famero de sua chapa, verifique o campo &#8220;Chapa&#8221; indicado pela seta laranja na sua carteirinha, conforme a imagem abaixo.<\/p>\n\n\n<div class=\"wp-block-image\">\n<figure class=\"aligncenter size-full is-resized\"><img loading=\"lazy\" decoding=\"async\" width=\"388\" height=\"239\" src=\"https:\/\/sites.uel.br\/ati\/wp-content\/uploads\/2025\/01\/modelo-carteirinha.jpg\" alt=\"\" class=\"wp-image-3293\" style=\"width:388px;height:239px\" srcset=\"https:\/\/sites.uel.br\/ati\/wp-content\/uploads\/2025\/01\/modelo-carteirinha.jpg 388w, https:\/\/sites.uel.br\/ati\/wp-content\/uploads\/2025\/01\/modelo-carteirinha-300x185.jpg 300w\" sizes=\"auto, (max-width: 388px) 100vw, 388px\" \/><\/figure>\n<\/div>\n\n\n<div style=\"height:20px\" aria-hidden=\"true\" class=\"wp-block-spacer\"><\/div>\n\n\n\n<p>Para realizar o cadastro ou troca da senha para acesso aos Sistemas da UEL, acesse o link <a href=\"http:\/\/www.uel.br\">www.uel.br<\/a>, clique em Portais no menu superior da p\u00e1gina e depois clique em Portal do Docente.<\/p>\n\n\n<div class=\"wp-block-image\">\n<figure class=\"aligncenter size-full is-resized\"><img loading=\"lazy\" decoding=\"async\" width=\"1461\" height=\"839\" src=\"https:\/\/sites.uel.br\/ati\/wp-content\/uploads\/2025\/08\/Untitled-1.jpg\" alt=\"\" class=\"wp-image-3462\" style=\"aspect-ratio:2.145714285714286;width:803px;height:auto\" srcset=\"https:\/\/sites.uel.br\/ati\/wp-content\/uploads\/2025\/08\/Untitled-1.jpg 1461w, https:\/\/sites.uel.br\/ati\/wp-content\/uploads\/2025\/08\/Untitled-1-300x172.jpg 300w, https:\/\/sites.uel.br\/ati\/wp-content\/uploads\/2025\/08\/Untitled-1-1024x588.jpg 1024w, https:\/\/sites.uel.br\/ati\/wp-content\/uploads\/2025\/08\/Untitled-1-768x441.jpg 768w\" sizes=\"auto, (max-width: 1461px) 100vw, 1461px\" \/><\/figure>\n<\/div>\n\n\n<div style=\"height:50px\" aria-hidden=\"true\" class=\"wp-block-spacer\"><\/div>\n\n\n\n<p>Clique em Entrar no bot\u00e3o laranja no canto superior direito da tela.<\/p>\n\n\n<div class=\"wp-block-image\">\n<figure class=\"aligncenter size-large is-resized\"><img loading=\"lazy\" decoding=\"async\" width=\"1024\" height=\"126\" src=\"https:\/\/sites.uel.br\/ati\/wp-content\/uploads\/2023\/06\/2-1024x126.jpg\" alt=\"\" class=\"wp-image-3085\" style=\"width:715px;height:87px\" srcset=\"https:\/\/sites.uel.br\/ati\/wp-content\/uploads\/2023\/06\/2-1024x126.jpg 1024w, https:\/\/sites.uel.br\/ati\/wp-content\/uploads\/2023\/06\/2-300x37.jpg 300w, https:\/\/sites.uel.br\/ati\/wp-content\/uploads\/2023\/06\/2-768x95.jpg 768w, https:\/\/sites.uel.br\/ati\/wp-content\/uploads\/2023\/06\/2.jpg 1134w\" sizes=\"auto, (max-width: 1024px) 100vw, 1024px\" \/><\/figure>\n<\/div>\n\n\n<div style=\"height:50px\" aria-hidden=\"true\" class=\"wp-block-spacer\"><\/div>\n\n\n\n<p>Clique em &#8220;Esqueceu sua senha?&#8221;.<\/p>\n\n\n<div class=\"wp-block-image\">\n<figure class=\"aligncenter size-full is-resized\"><img loading=\"lazy\" decoding=\"async\" width=\"817\" height=\"426\" src=\"https:\/\/sites.uel.br\/ati\/wp-content\/uploads\/2023\/07\/1-2.jpg\" alt=\"\" class=\"wp-image-3152\" style=\"width:678px;height:352px\" srcset=\"https:\/\/sites.uel.br\/ati\/wp-content\/uploads\/2023\/07\/1-2.jpg 817w, https:\/\/sites.uel.br\/ati\/wp-content\/uploads\/2023\/07\/1-2-300x156.jpg 300w, https:\/\/sites.uel.br\/ati\/wp-content\/uploads\/2023\/07\/1-2-768x400.jpg 768w\" sizes=\"auto, (max-width: 817px) 100vw, 817px\" \/><\/figure>\n<\/div>\n\n\n<div style=\"height:50px\" aria-hidden=\"true\" class=\"wp-block-spacer\"><\/div>\n\n\n\n<p>Digite sua chapa e clique em OK.<\/p>\n\n\n<div class=\"wp-block-image\">\n<figure class=\"aligncenter size-full is-resized\"><img loading=\"lazy\" decoding=\"async\" width=\"463\" height=\"336\" src=\"https:\/\/sites.uel.br\/ati\/wp-content\/uploads\/2022\/03\/image-1.png\" alt=\"\" class=\"wp-image-2513\" style=\"width:362px;height:263px\" srcset=\"https:\/\/sites.uel.br\/ati\/wp-content\/uploads\/2022\/03\/image-1.png 463w, https:\/\/sites.uel.br\/ati\/wp-content\/uploads\/2022\/03\/image-1-300x218.png 300w\" sizes=\"auto, (max-width: 463px) 100vw, 463px\" \/><\/figure>\n<\/div>\n\n\n<div style=\"height:50px\" aria-hidden=\"true\" class=\"wp-block-spacer\"><\/div>\n\n\n\n<p>Ser\u00e1 encaminhado um <em>e-m<\/em>ail de recupera\u00e7\u00e3o no seu <em>e-mail<\/em> cadastrado no sistema.<\/p>\n\n\n\n<p class=\"has-verde-escuro-background-color has-text-color has-background\" style=\"color:#eff1f2\"><img loading=\"lazy\" decoding=\"async\" width=\"30\" height=\"30\" class=\"wp-image-1437\" style=\"width: 30px\" src=\"https:\/\/sites.uel.br\/ati\/wp-content\/uploads\/2021\/06\/info-icon-transparent-9-inverse.png\" alt=\"\">  Caso voc\u00ea n\u00e3o receba o e-mail com o link de recupera\u00e7\u00e3o descrito no passo anterior, encaminhar um e-mail para ati.atendimento@uel.br informando sua chapa, CPF e nome completo.<\/p>\n\n\n<div class=\"wp-block-image\">\n<figure class=\"aligncenter size-full is-resized\"><img loading=\"lazy\" decoding=\"async\" width=\"778\" height=\"386\" src=\"https:\/\/sites.uel.br\/ati\/wp-content\/uploads\/2023\/01\/image-2.png\" alt=\"\" class=\"wp-image-2832\" style=\"width:645px;height:320px\" srcset=\"https:\/\/sites.uel.br\/ati\/wp-content\/uploads\/2023\/01\/image-2.png 778w, https:\/\/sites.uel.br\/ati\/wp-content\/uploads\/2023\/01\/image-2-300x149.png 300w, https:\/\/sites.uel.br\/ati\/wp-content\/uploads\/2023\/01\/image-2-768x381.png 768w\" sizes=\"auto, (max-width: 778px) 100vw, 778px\" \/><\/figure>\n<\/div>\n\n\n<div style=\"height:50px\" aria-hidden=\"true\" class=\"wp-block-spacer\"><\/div>\n\n\n\n<p>Encontre o e-mail enviado e abra o <em>Link <\/em>indicado em azul no <em>e-mail<\/em> recebido.<\/p>\n\n\n<div class=\"wp-block-image\">\n<figure class=\"aligncenter size-full is-resized\"><img loading=\"lazy\" decoding=\"async\" width=\"783\" height=\"361\" src=\"https:\/\/sites.uel.br\/ati\/wp-content\/uploads\/2023\/01\/image-3.jpg\" alt=\"\" class=\"wp-image-2834\" style=\"width:684px;height:315px\" srcset=\"https:\/\/sites.uel.br\/ati\/wp-content\/uploads\/2023\/01\/image-3.jpg 783w, https:\/\/sites.uel.br\/ati\/wp-content\/uploads\/2023\/01\/image-3-300x138.jpg 300w, https:\/\/sites.uel.br\/ati\/wp-content\/uploads\/2023\/01\/image-3-768x354.jpg 768w\" sizes=\"auto, (max-width: 783px) 100vw, 783px\" \/><\/figure>\n<\/div>\n\n\n<div style=\"height:50px\" aria-hidden=\"true\" class=\"wp-block-spacer\"><\/div>\n\n\n\n<p>Digite a nova senha e confirme, clique em OK.<\/p>\n\n\n<div class=\"wp-block-image\">\n<figure class=\"aligncenter size-full is-resized\"><img loading=\"lazy\" decoding=\"async\" width=\"470\" height=\"393\" src=\"https:\/\/sites.uel.br\/ati\/wp-content\/uploads\/2022\/03\/image-4.png\" alt=\"\" class=\"wp-image-2516\" style=\"width:362px;height:303px\" srcset=\"https:\/\/sites.uel.br\/ati\/wp-content\/uploads\/2022\/03\/image-4.png 470w, https:\/\/sites.uel.br\/ati\/wp-content\/uploads\/2022\/03\/image-4-300x251.png 300w\" sizes=\"auto, (max-width: 470px) 100vw, 470px\" \/><\/figure>\n<\/div>\n\n\n<p><\/p>\n\n\n\n<p class=\"has-verde-escuro-background-color has-text-color has-background\" style=\"color:#eff1f2\"><img loading=\"lazy\" decoding=\"async\" width=\"30\" height=\"30\" class=\"wp-image-1437\" style=\"width: 30px\" src=\"https:\/\/sites.uel.br\/ati\/wp-content\/uploads\/2021\/06\/info-icon-transparent-9-inverse.png\" alt=\"\">  A nova senha deve <strong>obrigatoriamente<\/strong> possuir no m\u00ednimo 8 caracteres compostos por letras mai\u00fasculas, min\u00fasculas e n\u00fameros. <strong>OBS: ESTA SENHA TAMB\u00c9M SER\u00c1 SINCRONIZADA COM O SISTEMA UEL (SICOR)<\/strong>. AS SENHAS SER\u00c3O UNIFICADAS CONFORME O INFORMATIVO DA ATI PUBLICADO DIA 16\/11\/2022.<\/p>\n\n\n\n<div style=\"height:30px\" aria-hidden=\"true\" class=\"wp-block-spacer\"><\/div>\n\n\n\n<p>Ao cadastrar uma nova senha utilizando o <em>link <\/em>enviado para seu <em>e-mail<\/em>, j\u00e1 poder\u00e1 acessar os Sistemas da UEL.<\/p>\n\n\n\n<div style=\"height:50px\" aria-hidden=\"true\" class=\"wp-block-spacer\"><\/div>\n\n\n\n<hr class=\"wp-block-separator has-css-opacity is-style-wide\" \/>\n\n\n\n<div style=\"height:50px\" aria-hidden=\"true\" class=\"wp-block-spacer\"><\/div>\n\n\n\n<p class=\"has-text-align-center\"><strong>Em caso de d\u00favidas, entre em contato com nossos&nbsp;<a href=\"https:\/\/sites.uel.br\/ati\/atendimento\/\">canais de atendimento<\/a><\/strong><\/p>\n<\/div>\n<\/div><\/div>\n","protected":false},"excerpt":{"rendered":"","protected":false},"author":10,"featured_media":0,"parent":0,"menu_order":0,"comment_status":"closed","ping_status":"closed","template":"","meta":{"_acf_changed":false,"_themeisle_gutenberg_block_has_review":false,"footnotes":""},"class_list":["post-3082","page","type-page","status-publish","hentry"],"acf":[],"_links":{"self":[{"href":"https:\/\/sites.uel.br\/ati\/wp-json\/wp\/v2\/pages\/3082","targetHints":{"allow":["GET"]}}],"collection":[{"href":"https:\/\/sites.uel.br\/ati\/wp-json\/wp\/v2\/pages"}],"about":[{"href":"https:\/\/sites.uel.br\/ati\/wp-json\/wp\/v2\/types\/page"}],"author":[{"embeddable":true,"href":"https:\/\/sites.uel.br\/ati\/wp-json\/wp\/v2\/users\/10"}],"replies":[{"embeddable":true,"href":"https:\/\/sites.uel.br\/ati\/wp-json\/wp\/v2\/comments?post=3082"}],"version-history":[{"count":10,"href":"https:\/\/sites.uel.br\/ati\/wp-json\/wp\/v2\/pages\/3082\/revisions"}],"predecessor-version":[{"id":3464,"href":"https:\/\/sites.uel.br\/ati\/wp-json\/wp\/v2\/pages\/3082\/revisions\/3464"}],"wp:attachment":[{"href":"https:\/\/sites.uel.br\/ati\/wp-json\/wp\/v2\/media?parent=3082"}],"curies":[{"name":"wp","href":"https:\/\/api.w.org\/{rel}","templated":true}]}}