{"id":2509,"date":"2023-01-25T10:01:49","date_gmt":"2023-01-25T13:01:49","guid":{"rendered":"https:\/\/sites.uel.br\/ati\/?page_id=2509"},"modified":"2025-01-10T14:58:56","modified_gmt":"2025-01-10T17:58:56","slug":"troca-de-senha-portal-docente-usuarios-especiais","status":"publish","type":"page","link":"https:\/\/sites.uel.br\/ati\/troca-de-senha-portal-docente-usuarios-especiais\/","title":{"rendered":"Troca de senha do Portal do Docente para Professor Visitante e S\u00eanior"},"content":{"rendered":"\n<div style=\"height:30px\" aria-hidden=\"true\" class=\"wp-block-spacer\"><\/div>\n\n\n\n<hr class=\"wp-block-separator has-css-opacity is-style-wide\" \/>\n\n\n\n<p><strong>A  senha do Portal do Docente para Professor Visitante e S\u00eanior tamb\u00e9m \u00e9 utilizada para acesso \u00e0 Pauta Eletr\u00f4nica e Sistema UEL<\/strong>.<\/p>\n\n\n\n<p>Para realizar a troca da senha do Portal do Docente, acesse a p\u00e1gina dos <a href=\"https:\/\/sistemas.uel.br\/index2\">Sistemas UEL<\/a> e clique em Portal do Docente de Gradua\u00e7\u00e3o ou de P\u00f3s Gradua\u00e7\u00e3o.<\/p>\n\n\n<div class=\"wp-block-image\">\n<figure class=\"aligncenter size-large is-resized\"><img loading=\"lazy\" decoding=\"async\" width=\"1024\" height=\"499\" src=\"https:\/\/sites.uel.br\/ati\/wp-content\/uploads\/2022\/03\/portal-do-docente-1024x499.png\" alt=\"\" class=\"wp-image-2510\" style=\"width:953px;height:464px\" srcset=\"https:\/\/sites.uel.br\/ati\/wp-content\/uploads\/2022\/03\/portal-do-docente-1024x499.png 1024w, https:\/\/sites.uel.br\/ati\/wp-content\/uploads\/2022\/03\/portal-do-docente-300x146.png 300w, https:\/\/sites.uel.br\/ati\/wp-content\/uploads\/2022\/03\/portal-do-docente-768x375.png 768w, https:\/\/sites.uel.br\/ati\/wp-content\/uploads\/2022\/03\/portal-do-docente.png 1427w\" sizes=\"auto, (max-width: 1024px) 100vw, 1024px\" \/><\/figure>\n<\/div>\n\n\n<div style=\"height:50px\" aria-hidden=\"true\" class=\"wp-block-spacer\"><\/div>\n\n\n\n<p>Clique em Entrar no bot\u00e3o laranja no canto superior direito da tela.<\/p>\n\n\n<div class=\"wp-block-image\">\n<figure class=\"aligncenter size-large is-resized\"><img loading=\"lazy\" decoding=\"async\" width=\"1024\" height=\"136\" src=\"https:\/\/sites.uel.br\/ati\/wp-content\/uploads\/2022\/03\/image-1024x136.png\" alt=\"\" class=\"wp-image-2511\" style=\"width:947px;height:125px\" srcset=\"https:\/\/sites.uel.br\/ati\/wp-content\/uploads\/2022\/03\/image-1024x136.png 1024w, https:\/\/sites.uel.br\/ati\/wp-content\/uploads\/2022\/03\/image-300x40.png 300w, https:\/\/sites.uel.br\/ati\/wp-content\/uploads\/2022\/03\/image-768x102.png 768w, https:\/\/sites.uel.br\/ati\/wp-content\/uploads\/2022\/03\/image-1536x204.png 1536w, https:\/\/sites.uel.br\/ati\/wp-content\/uploads\/2022\/03\/image.png 1581w\" sizes=\"auto, (max-width: 1024px) 100vw, 1024px\" \/><\/figure>\n<\/div>\n\n\n<div style=\"height:50px\" aria-hidden=\"true\" class=\"wp-block-spacer\"><\/div>\n\n\n\n<p>Clique em &#8220;Esqueceu sua senha?&#8221;.<\/p>\n\n\n<div class=\"wp-block-image\">\n<figure class=\"aligncenter size-full is-resized\"><img loading=\"lazy\" decoding=\"async\" width=\"817\" height=\"426\" src=\"https:\/\/sites.uel.br\/ati\/wp-content\/uploads\/2023\/07\/1-2.jpg\" alt=\"\" class=\"wp-image-3152\" style=\"width:626px;height:325px\" srcset=\"https:\/\/sites.uel.br\/ati\/wp-content\/uploads\/2023\/07\/1-2.jpg 817w, https:\/\/sites.uel.br\/ati\/wp-content\/uploads\/2023\/07\/1-2-300x156.jpg 300w, https:\/\/sites.uel.br\/ati\/wp-content\/uploads\/2023\/07\/1-2-768x400.jpg 768w\" sizes=\"auto, (max-width: 817px) 100vw, 817px\" \/><\/figure>\n<\/div>\n\n\n<div style=\"height:50px\" aria-hidden=\"true\" class=\"wp-block-spacer\"><\/div>\n\n\n\n<p>Digite sua chapa funcional e clique em OK.<\/p>\n\n\n<div class=\"wp-block-image\">\n<figure class=\"aligncenter size-full is-resized\"><img loading=\"lazy\" decoding=\"async\" width=\"463\" height=\"336\" src=\"https:\/\/sites.uel.br\/ati\/wp-content\/uploads\/2022\/03\/image-1.png\" alt=\"\" class=\"wp-image-2513\" style=\"width:362px;height:263px\" srcset=\"https:\/\/sites.uel.br\/ati\/wp-content\/uploads\/2022\/03\/image-1.png 463w, https:\/\/sites.uel.br\/ati\/wp-content\/uploads\/2022\/03\/image-1-300x218.png 300w\" sizes=\"auto, (max-width: 463px) 100vw, 463px\" \/><\/figure>\n<\/div>\n\n\n<div style=\"height:50px\" aria-hidden=\"true\" class=\"wp-block-spacer\"><\/div>\n\n\n\n<p>Ser\u00e1 encaminhado um <em>e-mail <\/em>para seu <em>e-mail<\/em> de recupera\u00e7\u00e3o cadastrado na PRORH.<\/p>\n\n\n<div class=\"wp-block-image\">\n<figure class=\"aligncenter size-full is-resized\"><img loading=\"lazy\" decoding=\"async\" width=\"778\" height=\"386\" src=\"https:\/\/sites.uel.br\/ati\/wp-content\/uploads\/2023\/01\/image-2.png\" alt=\"\" class=\"wp-image-2832\" style=\"width:645px;height:320px\" srcset=\"https:\/\/sites.uel.br\/ati\/wp-content\/uploads\/2023\/01\/image-2.png 778w, https:\/\/sites.uel.br\/ati\/wp-content\/uploads\/2023\/01\/image-2-300x149.png 300w, https:\/\/sites.uel.br\/ati\/wp-content\/uploads\/2023\/01\/image-2-768x381.png 768w\" sizes=\"auto, (max-width: 778px) 100vw, 778px\" \/><\/figure>\n<\/div>\n\n\n<div style=\"height:50px\" aria-hidden=\"true\" class=\"wp-block-spacer\"><\/div>\n\n\n\n<p>Encontre o e-mail enviado e abra o <em>Link <\/em>indicado em azul no <em>e-mail<\/em> recebido.<\/p>\n\n\n<div class=\"wp-block-image\">\n<figure class=\"aligncenter size-full is-resized\"><img loading=\"lazy\" decoding=\"async\" width=\"783\" height=\"361\" src=\"https:\/\/sites.uel.br\/ati\/wp-content\/uploads\/2023\/01\/image-3.jpg\" alt=\"\" class=\"wp-image-2834\" style=\"width:684px;height:315px\" srcset=\"https:\/\/sites.uel.br\/ati\/wp-content\/uploads\/2023\/01\/image-3.jpg 783w, https:\/\/sites.uel.br\/ati\/wp-content\/uploads\/2023\/01\/image-3-300x138.jpg 300w, https:\/\/sites.uel.br\/ati\/wp-content\/uploads\/2023\/01\/image-3-768x354.jpg 768w\" sizes=\"auto, (max-width: 783px) 100vw, 783px\" \/><\/figure>\n<\/div>\n\n\n<div style=\"height:50px\" aria-hidden=\"true\" class=\"wp-block-spacer\"><\/div>\n\n\n\n<p>Digite a nova senha e confirme, clique em OK.<\/p>\n\n\n<div class=\"wp-block-image\">\n<figure class=\"aligncenter size-full is-resized\"><img loading=\"lazy\" decoding=\"async\" width=\"470\" height=\"393\" src=\"https:\/\/sites.uel.br\/ati\/wp-content\/uploads\/2022\/03\/image-4.png\" alt=\"\" class=\"wp-image-2516\" style=\"width:362px;height:303px\" srcset=\"https:\/\/sites.uel.br\/ati\/wp-content\/uploads\/2022\/03\/image-4.png 470w, https:\/\/sites.uel.br\/ati\/wp-content\/uploads\/2022\/03\/image-4-300x251.png 300w\" sizes=\"auto, (max-width: 470px) 100vw, 470px\" \/><\/figure>\n<\/div>\n\n\n<p><\/p>\n\n\n\n<p class=\"has-verde-escuro-background-color has-text-color has-background\" style=\"color:#eff1f2\"><img loading=\"lazy\" decoding=\"async\" width=\"30\" height=\"30\" class=\"wp-image-1437\" style=\"width: 30px\" src=\"https:\/\/sites.uel.br\/ati\/wp-content\/uploads\/2021\/06\/info-icon-transparent-9-inverse.png\" alt=\"\">  A nova senha deve <strong>obrigatoriamente<\/strong> possuir no m\u00ednimo 8 caracteres compostos por letras mai\u00fasculas, min\u00fasculas e n\u00fameros. <strong>OBS: ESTA SENHA TAMB\u00c9M SER\u00c1 SINCRONIZADA COM O SISTEMA UEL (SICOR)<\/strong>. AS SENHAS SER\u00c3O UNIFICADAS CONFORME O INFORMATIVO DA ATI PUBLICADO DIA 16\/11\/2022.<\/p>\n\n\n\n<div style=\"height:30px\" aria-hidden=\"true\" class=\"wp-block-spacer\"><\/div>\n\n\n\n<p><strong>Para maiores informa\u00e7\u00f5es sobre a altera\u00e7\u00e3o de senha no acesso ao Sistema UEL, Portais e Sistemas na Web,<a href=\"https:\/\/sites.uel.br\/ati\/informativos\/2022\/11\/16\/alteracao-sistema-uel-portais-sistemasweb\/\"><em> clique AQUI<\/em><\/a><\/strong>.<\/p>\n\n\n\n<div style=\"height:30px\" aria-hidden=\"true\" class=\"wp-block-spacer\"><\/div>\n\n\n\n<p>Ao cadastrar uma nova senha utilizando o <em>link <\/em>enviado para seu <em>e-mail<\/em>, j\u00e1 poder\u00e1 acessar o Portal do Docente.<\/p>\n\n\n\n<div style=\"height:50px\" aria-hidden=\"true\" class=\"wp-block-spacer\"><\/div>\n\n\n\n<hr class=\"wp-block-separator has-css-opacity is-style-wide\" \/>\n\n\n\n<div style=\"height:50px\" aria-hidden=\"true\" class=\"wp-block-spacer\"><\/div>\n\n\n\n<p class=\"has-text-align-center\"><strong>Em caso de d\u00favidas, entre em contato com nossos <a href=\"https:\/\/sites.uel.br\/ati\/atendimento\/\">canais de atendimento<\/a><\/strong><\/p>\n","protected":false},"excerpt":{"rendered":"<p>A senha do Portal do Docente para Professor Visitante e S\u00eanior tamb\u00e9m \u00e9 utilizada para acesso \u00e0 Pauta Eletr\u00f4nica e Sistema UEL. Para realizar a troca da senha do Portal do Docente, acesse a p\u00e1gina dos Sistemas UEL e clique em Portal do Docente de Gradua\u00e7\u00e3o ou de P\u00f3s Gradua\u00e7\u00e3o. Clique em Entrar no bot\u00e3o [&hellip;]<\/p>\n","protected":false},"author":10,"featured_media":2510,"parent":0,"menu_order":0,"comment_status":"closed","ping_status":"closed","template":"","meta":{"_acf_changed":false,"_themeisle_gutenberg_block_has_review":false,"footnotes":""},"class_list":["post-2509","page","type-page","status-publish","has-post-thumbnail","hentry"],"acf":[],"_links":{"self":[{"href":"https:\/\/sites.uel.br\/ati\/wp-json\/wp\/v2\/pages\/2509","targetHints":{"allow":["GET"]}}],"collection":[{"href":"https:\/\/sites.uel.br\/ati\/wp-json\/wp\/v2\/pages"}],"about":[{"href":"https:\/\/sites.uel.br\/ati\/wp-json\/wp\/v2\/types\/page"}],"author":[{"embeddable":true,"href":"https:\/\/sites.uel.br\/ati\/wp-json\/wp\/v2\/users\/10"}],"replies":[{"embeddable":true,"href":"https:\/\/sites.uel.br\/ati\/wp-json\/wp\/v2\/comments?post=2509"}],"version-history":[{"count":17,"href":"https:\/\/sites.uel.br\/ati\/wp-json\/wp\/v2\/pages\/2509\/revisions"}],"predecessor-version":[{"id":3299,"href":"https:\/\/sites.uel.br\/ati\/wp-json\/wp\/v2\/pages\/2509\/revisions\/3299"}],"wp:featuredmedia":[{"embeddable":true,"href":"https:\/\/sites.uel.br\/ati\/wp-json\/wp\/v2\/media\/2510"}],"wp:attachment":[{"href":"https:\/\/sites.uel.br\/ati\/wp-json\/wp\/v2\/media?parent=2509"}],"curies":[{"name":"wp","href":"https:\/\/api.w.org\/{rel}","templated":true}]}}