{"id":2389,"date":"2021-12-21T17:11:10","date_gmt":"2021-12-21T20:11:10","guid":{"rendered":"https:\/\/sites.uel.br\/ati\/?page_id=2389"},"modified":"2021-12-21T17:11:10","modified_gmt":"2021-12-21T20:11:10","slug":"instrucoes-de-pagamento-pix","status":"publish","type":"page","link":"https:\/\/sites.uel.br\/ati\/instrucoes-de-pagamento-pix\/","title":{"rendered":"Instru\u00e7\u00f5es de pagamento PIX\/Guia de Arrecada\u00e7\u00e3o"},"content":{"rendered":"\n<hr class=\"wp-block-separator is-style-wide\" \/>\n\n\n\n<div style=\"height:30px\" aria-hidden=\"true\" class=\"wp-block-spacer\"><\/div>\n\n\n\n<div class=\"wp-block-image\"><figure class=\"aligncenter size-large\"><img loading=\"lazy\" decoding=\"async\" width=\"1024\" height=\"480\" src=\"https:\/\/sites.uel.br\/ati\/wp-content\/uploads\/2021\/12\/image-1-1024x480.png\" alt=\"\" class=\"wp-image-2263\" srcset=\"https:\/\/sites.uel.br\/ati\/wp-content\/uploads\/2021\/12\/image-1-1024x480.png 1024w, https:\/\/sites.uel.br\/ati\/wp-content\/uploads\/2021\/12\/image-1-300x141.png 300w, https:\/\/sites.uel.br\/ati\/wp-content\/uploads\/2021\/12\/image-1-768x360.png 768w, https:\/\/sites.uel.br\/ati\/wp-content\/uploads\/2021\/12\/image-1-1536x720.png 1536w, https:\/\/sites.uel.br\/ati\/wp-content\/uploads\/2021\/12\/image-1.png 1876w\" sizes=\"auto, (max-width: 1024px) 100vw, 1024px\" \/><\/figure><\/div>\n\n\n\n<div style=\"height:20px\" aria-hidden=\"true\" class=\"wp-block-spacer\"><\/div>\n\n\n\n<p>O usu\u00e1rio pode chegar ao pagamento pelos Sistemas UEL ou, por exemplo, pelo site do curso ou evento em que vai se inscrever. At\u00e9 ent\u00e3o, ap\u00f3s preencher os dados solicitados, a pessoa era encaminhada ao pagamento, ou seja, gera\u00e7\u00e3o da guia de arrecada\u00e7\u00e3o.<\/p>\n\n\n\n<p> Agora, aparece uma tela com um QR Code e, com o celular acessando sua conta banc\u00e1ria de qualquer banco, \u00e9 poss\u00edvel pagar imediatamente. Tamb\u00e9m h\u00e1 a op\u00e7\u00e3o de PIX Copia e Cola quando n\u00e3o h\u00e1 op\u00e7\u00e3o de escanear o QR Code.<\/p>\n\n\n\n<p> Existe ainda a op\u00e7\u00e3o de imprimir a guia de arrecada\u00e7\u00e3o para pagar depois, a guia tamb\u00e9m disponibiliza o QR Code. O pagamento desta guia com c\u00f3digo de barras at\u00e9 a data de vencimento ser\u00e1 poss\u00edvel somente pelo BANCO DO BRASIL e conveniados conforme instru\u00e7\u00f5es constante no documento.<\/p>\n","protected":false},"excerpt":{"rendered":"<p>O usu\u00e1rio pode chegar ao pagamento pelos Sistemas UEL ou, por exemplo, pelo site do curso ou evento em que vai se inscrever. At\u00e9 ent\u00e3o, ap\u00f3s preencher os dados solicitados, a pessoa era encaminhada ao pagamento, ou seja, gera\u00e7\u00e3o da guia de arrecada\u00e7\u00e3o. Agora, aparece uma tela com um QR Code e, com o celular [&hellip;]<\/p>\n","protected":false},"author":10,"featured_media":2263,"parent":0,"menu_order":0,"comment_status":"closed","ping_status":"closed","template":"","meta":{"_acf_changed":false,"_themeisle_gutenberg_block_has_review":false,"footnotes":""},"class_list":["post-2389","page","type-page","status-publish","has-post-thumbnail","hentry"],"acf":[],"_links":{"self":[{"href":"https:\/\/sites.uel.br\/ati\/wp-json\/wp\/v2\/pages\/2389","targetHints":{"allow":["GET"]}}],"collection":[{"href":"https:\/\/sites.uel.br\/ati\/wp-json\/wp\/v2\/pages"}],"about":[{"href":"https:\/\/sites.uel.br\/ati\/wp-json\/wp\/v2\/types\/page"}],"author":[{"embeddable":true,"href":"https:\/\/sites.uel.br\/ati\/wp-json\/wp\/v2\/users\/10"}],"replies":[{"embeddable":true,"href":"https:\/\/sites.uel.br\/ati\/wp-json\/wp\/v2\/comments?post=2389"}],"version-history":[{"count":1,"href":"https:\/\/sites.uel.br\/ati\/wp-json\/wp\/v2\/pages\/2389\/revisions"}],"predecessor-version":[{"id":2390,"href":"https:\/\/sites.uel.br\/ati\/wp-json\/wp\/v2\/pages\/2389\/revisions\/2390"}],"wp:featuredmedia":[{"embeddable":true,"href":"https:\/\/sites.uel.br\/ati\/wp-json\/wp\/v2\/media\/2263"}],"wp:attachment":[{"href":"https:\/\/sites.uel.br\/ati\/wp-json\/wp\/v2\/media?parent=2389"}],"curies":[{"name":"wp","href":"https:\/\/api.w.org\/{rel}","templated":true}]}}