{"id":2197,"date":"2021-10-22T17:12:39","date_gmt":"2021-10-22T20:12:39","guid":{"rendered":"https:\/\/sites.uel.br\/ati\/?page_id=2197"},"modified":"2025-04-09T11:10:37","modified_gmt":"2025-04-09T14:10:37","slug":"configuracao-wifiuel-windows8e10","status":"publish","type":"page","link":"https:\/\/sites.uel.br\/ati\/configuracao-wifiuel-windows8e10\/","title":{"rendered":"Configura\u00e7\u00e3o manual da rede WifiUEL &#8211; Windows 8, 10 e 11"},"content":{"rendered":"\n<hr class=\"wp-block-separator is-style-wide\" \/>\n\n\n\n<div style=\"height:50px\" aria-hidden=\"true\" class=\"wp-block-spacer\"><\/div>\n\n\n\n<p>1- Clique no \u00edcone da rede ao lado do rel\u00f3gio e clique em &#8220;Configura\u00e7\u00f5es de Rede e Internet&#8221;.<\/p>\n\n\n\n<div class=\"wp-block-image\"><figure class=\"aligncenter size-full\"><img loading=\"lazy\" decoding=\"async\" width=\"358\" height=\"240\" src=\"https:\/\/sites.uel.br\/ati\/wp-content\/uploads\/2021\/10\/1-1.png\" alt=\"\" class=\"wp-image-2198\" srcset=\"https:\/\/sites.uel.br\/ati\/wp-content\/uploads\/2021\/10\/1-1.png 358w, https:\/\/sites.uel.br\/ati\/wp-content\/uploads\/2021\/10\/1-1-300x201.png 300w\" sizes=\"auto, (max-width: 358px) 100vw, 358px\" \/><\/figure><\/div>\n\n\n\n<div style=\"height:30px\" aria-hidden=\"true\" class=\"wp-block-spacer\"><\/div>\n\n\n\n<p>2- Clique em Central de Rede e Compatilhamento<\/p>\n\n\n\n<div class=\"wp-block-image\"><figure class=\"aligncenter size-large is-resized\"><img loading=\"lazy\" decoding=\"async\" src=\"https:\/\/sites.uel.br\/ati\/wp-content\/uploads\/2021\/10\/2-2-1024x816.png\" alt=\"\" class=\"wp-image-2199\" width=\"660\" height=\"526\" srcset=\"https:\/\/sites.uel.br\/ati\/wp-content\/uploads\/2021\/10\/2-2-1024x816.png 1024w, https:\/\/sites.uel.br\/ati\/wp-content\/uploads\/2021\/10\/2-2-300x239.png 300w, https:\/\/sites.uel.br\/ati\/wp-content\/uploads\/2021\/10\/2-2-768x612.png 768w, https:\/\/sites.uel.br\/ati\/wp-content\/uploads\/2021\/10\/2-2.png 1090w\" sizes=\"auto, (max-width: 660px) 100vw, 660px\" \/><\/figure><\/div>\n\n\n\n<div style=\"height:30px\" aria-hidden=\"true\" class=\"wp-block-spacer\"><\/div>\n\n\n\n<p>3- Clique em &#8220;Configurar uma nova conex\u00e3o ou rede&#8221;.<\/p>\n\n\n\n<div class=\"wp-block-image\"><figure class=\"aligncenter size-full\"><img loading=\"lazy\" decoding=\"async\" width=\"567\" height=\"431\" src=\"https:\/\/sites.uel.br\/ati\/wp-content\/uploads\/2021\/10\/3-1.png\" alt=\"\" class=\"wp-image-2201\" srcset=\"https:\/\/sites.uel.br\/ati\/wp-content\/uploads\/2021\/10\/3-1.png 567w, https:\/\/sites.uel.br\/ati\/wp-content\/uploads\/2021\/10\/3-1-300x228.png 300w\" sizes=\"auto, (max-width: 567px) 100vw, 567px\" \/><\/figure><\/div>\n\n\n\n<div style=\"height:30px\" aria-hidden=\"true\" class=\"wp-block-spacer\"><\/div>\n\n\n\n<p>4-Clique em &#8220;Conectar-se manualmente a uma rede sem fio&#8221; e depois em &#8220;Avan\u00e7ar&#8221;.<\/p>\n\n\n\n<div class=\"wp-block-image\"><figure class=\"aligncenter size-full\"><img loading=\"lazy\" decoding=\"async\" width=\"567\" height=\"421\" src=\"https:\/\/sites.uel.br\/ati\/wp-content\/uploads\/2021\/10\/4-1.png\" alt=\"\" class=\"wp-image-2202\" srcset=\"https:\/\/sites.uel.br\/ati\/wp-content\/uploads\/2021\/10\/4-1.png 567w, https:\/\/sites.uel.br\/ati\/wp-content\/uploads\/2021\/10\/4-1-300x223.png 300w\" sizes=\"auto, (max-width: 567px) 100vw, 567px\" \/><\/figure><\/div>\n\n\n\n<div style=\"height:30px\" aria-hidden=\"true\" class=\"wp-block-spacer\"><\/div>\n\n\n\n<p>5- Deixe configurado conforme o exemplo abaixo e logo ap\u00f3s, clique no bot\u00e3o &#8220;Avan\u00e7ar&#8221;.<\/p>\n\n\n\n<div class=\"wp-block-image\"><figure class=\"aligncenter size-full\"><img loading=\"lazy\" decoding=\"async\" width=\"543\" height=\"364\" src=\"https:\/\/sites.uel.br\/ati\/wp-content\/uploads\/2021\/10\/image-1.png\" alt=\"\" class=\"wp-image-2203\" srcset=\"https:\/\/sites.uel.br\/ati\/wp-content\/uploads\/2021\/10\/image-1.png 543w, https:\/\/sites.uel.br\/ati\/wp-content\/uploads\/2021\/10\/image-1-300x201.png 300w\" sizes=\"auto, (max-width: 543px) 100vw, 543px\" \/><\/figure><\/div>\n\n\n\n<div style=\"height:30px\" aria-hidden=\"true\" class=\"wp-block-spacer\"><\/div>\n\n\n\n<p>6-Clique em &#8220;Alterar configura\u00e7\u00f5es da conex\u00e3o&#8221;.<\/p>\n\n\n\n<div class=\"wp-block-image\"><figure class=\"aligncenter size-full\"><img loading=\"lazy\" decoding=\"async\" width=\"567\" height=\"421\" src=\"https:\/\/sites.uel.br\/ati\/wp-content\/uploads\/2021\/10\/image-2.png\" alt=\"\" class=\"wp-image-2204\" srcset=\"https:\/\/sites.uel.br\/ati\/wp-content\/uploads\/2021\/10\/image-2.png 567w, https:\/\/sites.uel.br\/ati\/wp-content\/uploads\/2021\/10\/image-2-300x223.png 300w\" sizes=\"auto, (max-width: 567px) 100vw, 567px\" \/><\/figure><\/div>\n\n\n\n<div style=\"height:30px\" aria-hidden=\"true\" class=\"wp-block-spacer\"><\/div>\n\n\n\n<p>7-Deixe a janela configurada como a do exemplo abaixo e em seguida clique na aba <strong>\u201cSeguran\u00e7a\u201d.<\/strong><\/p>\n\n\n\n<div class=\"wp-block-image\"><figure class=\"aligncenter size-full is-resized\"><img loading=\"lazy\" decoding=\"async\" src=\"https:\/\/sites.uel.br\/ati\/wp-content\/uploads\/2021\/10\/image-3.png\" alt=\"\" class=\"wp-image-2205\" width=\"363\" height=\"440\" srcset=\"https:\/\/sites.uel.br\/ati\/wp-content\/uploads\/2021\/10\/image-3.png 315w, https:\/\/sites.uel.br\/ati\/wp-content\/uploads\/2021\/10\/image-3-247x300.png 247w\" sizes=\"auto, (max-width: 363px) 100vw, 363px\" \/><\/figure><\/div>\n\n\n\n<div style=\"height:30px\" aria-hidden=\"true\" class=\"wp-block-spacer\"><\/div>\n\n\n\n<p>8- Na aba &#8220;Seguran\u00e7a&#8221;, verificar se os dados est\u00e3o iguais a tela abaixo e depois clicar em &#8220;Configura\u00e7\u00f5es&#8221; assinalado pela seta.<\/p>\n\n\n\n<div class=\"wp-block-image\"><figure class=\"aligncenter size-full\"><img loading=\"lazy\" decoding=\"async\" width=\"389\" height=\"505\" src=\"https:\/\/sites.uel.br\/ati\/wp-content\/uploads\/2021\/10\/6.1.png\" alt=\"\" class=\"wp-image-2182\" srcset=\"https:\/\/sites.uel.br\/ati\/wp-content\/uploads\/2021\/10\/6.1.png 389w, https:\/\/sites.uel.br\/ati\/wp-content\/uploads\/2021\/10\/6.1-231x300.png 231w\" sizes=\"auto, (max-width: 389px) 100vw, 389px\" \/><\/figure><\/div>\n\n\n\n<div style=\"height:30px\" aria-hidden=\"true\" class=\"wp-block-spacer\"><\/div>\n\n\n\n<p>9- Configurar os campos conforme a tela abaixo, depois clique em &#8220;Configurar&#8221;.<\/p>\n\n\n\n<div class=\"wp-block-image\"><figure class=\"aligncenter size-full\"><img loading=\"lazy\" decoding=\"async\" width=\"393\" height=\"563\" src=\"https:\/\/sites.uel.br\/ati\/wp-content\/uploads\/2021\/10\/7-1.png\" alt=\"\" class=\"wp-image-2185\" srcset=\"https:\/\/sites.uel.br\/ati\/wp-content\/uploads\/2021\/10\/7-1.png 393w, https:\/\/sites.uel.br\/ati\/wp-content\/uploads\/2021\/10\/7-1-209x300.png 209w\" sizes=\"auto, (max-width: 393px) 100vw, 393px\" \/><\/figure><\/div>\n\n\n\n<div style=\"height:30px\" aria-hidden=\"true\" class=\"wp-block-spacer\"><\/div>\n\n\n\n<p>10- Desmarque a op\u00e7\u00e3o que aparece nesta tela e clique OK.<\/p>\n\n\n\n<div class=\"wp-block-image\"><figure class=\"aligncenter size-full\"><img loading=\"lazy\" decoding=\"async\" width=\"301\" height=\"178\" src=\"https:\/\/sites.uel.br\/ati\/wp-content\/uploads\/2021\/10\/8.png\" alt=\"\" class=\"wp-image-2186\" \/><\/figure><\/div>\n\n\n\n<p>Clique em Ok novamente na tela que aparecer e v\u00e1 para o passo seguinte.<\/p>\n\n\n\n<div style=\"height:30px\" aria-hidden=\"true\" class=\"wp-block-spacer\"><\/div>\n\n\n\n<p>11- Nesta tela clicar em &#8220;Configura\u00e7\u00f5es Avan\u00e7adas&#8221;.<\/p>\n\n\n\n<div class=\"wp-block-image\"><figure class=\"aligncenter size-full\"><img loading=\"lazy\" decoding=\"async\" width=\"389\" height=\"505\" src=\"https:\/\/sites.uel.br\/ati\/wp-content\/uploads\/2021\/10\/6.2.png\" alt=\"\" class=\"wp-image-2187\" srcset=\"https:\/\/sites.uel.br\/ati\/wp-content\/uploads\/2021\/10\/6.2.png 389w, https:\/\/sites.uel.br\/ati\/wp-content\/uploads\/2021\/10\/6.2-231x300.png 231w\" sizes=\"auto, (max-width: 389px) 100vw, 389px\" \/><\/figure><\/div>\n\n\n\n<div style=\"height:30px\" aria-hidden=\"true\" class=\"wp-block-spacer\"><\/div>\n\n\n\n<p>12-  Habilitar a op\u00e7\u00e3o &#8220;Especificar o modo de autentica\u00e7\u00e3o:&#8221; e selecionar  &#8220;Autentica\u00e7\u00e3o de usu\u00e1rio&#8221;. Clique em OK. Pode clicar em OK nas outras p\u00e1ginas que estiverem abertas.<\/p>\n\n\n\n<div class=\"wp-block-image\"><figure class=\"aligncenter size-full\"><img loading=\"lazy\" decoding=\"async\" width=\"389\" height=\"505\" src=\"https:\/\/sites.uel.br\/ati\/wp-content\/uploads\/2021\/10\/9.1.png\" alt=\"\" class=\"wp-image-2188\" srcset=\"https:\/\/sites.uel.br\/ati\/wp-content\/uploads\/2021\/10\/9.1.png 389w, https:\/\/sites.uel.br\/ati\/wp-content\/uploads\/2021\/10\/9.1-231x300.png 231w\" sizes=\"auto, (max-width: 389px) 100vw, 389px\" \/><\/figure><\/div>\n\n\n\n<div style=\"height:30px\" aria-hidden=\"true\" class=\"wp-block-spacer\"><\/div>\n\n\n\n<p>13- Clicar no \u00edcone da rede ao lado do rel\u00f3gio novamente, localizar a conex\u00e3o wifiuel e clicar em &#8220;Conectar&#8221;.<\/p>\n\n\n\n<div class=\"wp-block-image\"><figure class=\"aligncenter size-full\"><img loading=\"lazy\" decoding=\"async\" width=\"360\" height=\"165\" src=\"https:\/\/sites.uel.br\/ati\/wp-content\/uploads\/2021\/10\/5-1.png\" alt=\"\" class=\"wp-image-2210\" srcset=\"https:\/\/sites.uel.br\/ati\/wp-content\/uploads\/2021\/10\/5-1.png 360w, https:\/\/sites.uel.br\/ati\/wp-content\/uploads\/2021\/10\/5-1-300x138.png 300w\" sizes=\"auto, (max-width: 360px) 100vw, 360px\" \/><\/figure><\/div>\n\n\n\n<div style=\"height:30px\" aria-hidden=\"true\" class=\"wp-block-spacer\"><\/div>\n\n\n\n<p>14- Aparecer\u00e1 a janela solicitando nome de usu\u00e1rio, digite seu e-mail da UEL (sem o @uel.br) e senha,  clicar no bot\u00e3o \u201cOK\u201d. <\/p>\n\n\n\n<div class=\"wp-block-image\"><figure class=\"aligncenter size-full\"><img loading=\"lazy\" decoding=\"async\" width=\"414\" height=\"247\" src=\"https:\/\/sites.uel.br\/ati\/wp-content\/uploads\/2021\/10\/image-5.png\" alt=\"\" class=\"wp-image-2209\" srcset=\"https:\/\/sites.uel.br\/ati\/wp-content\/uploads\/2021\/10\/image-5.png 414w, https:\/\/sites.uel.br\/ati\/wp-content\/uploads\/2021\/10\/image-5-300x179.png 300w\" sizes=\"auto, (max-width: 414px) 100vw, 414px\" \/><\/figure><\/div>\n\n\n\n<div style=\"height:30px\" aria-hidden=\"true\" class=\"wp-block-spacer\"><\/div>\n\n\n\n<p><\/p>\n","protected":false},"excerpt":{"rendered":"<p>1- Clique no \u00edcone da rede ao lado do rel\u00f3gio e clique em &#8220;Configura\u00e7\u00f5es de Rede e Internet&#8221;. 2- Clique em Central de Rede e Compatilhamento 3- Clique em &#8220;Configurar uma nova conex\u00e3o ou rede&#8221;. 4-Clique em &#8220;Conectar-se manualmente a uma rede sem fio&#8221; e depois em &#8220;Avan\u00e7ar&#8221;. 5- Deixe configurado conforme o exemplo abaixo [&hellip;]<\/p>\n","protected":false},"author":10,"featured_media":0,"parent":0,"menu_order":0,"comment_status":"closed","ping_status":"closed","template":"","meta":{"_acf_changed":false,"_themeisle_gutenberg_block_has_review":false,"footnotes":""},"class_list":["post-2197","page","type-page","status-publish","hentry"],"acf":[],"_links":{"self":[{"href":"https:\/\/sites.uel.br\/ati\/wp-json\/wp\/v2\/pages\/2197","targetHints":{"allow":["GET"]}}],"collection":[{"href":"https:\/\/sites.uel.br\/ati\/wp-json\/wp\/v2\/pages"}],"about":[{"href":"https:\/\/sites.uel.br\/ati\/wp-json\/wp\/v2\/types\/page"}],"author":[{"embeddable":true,"href":"https:\/\/sites.uel.br\/ati\/wp-json\/wp\/v2\/users\/10"}],"replies":[{"embeddable":true,"href":"https:\/\/sites.uel.br\/ati\/wp-json\/wp\/v2\/comments?post=2197"}],"version-history":[{"count":5,"href":"https:\/\/sites.uel.br\/ati\/wp-json\/wp\/v2\/pages\/2197\/revisions"}],"predecessor-version":[{"id":3367,"href":"https:\/\/sites.uel.br\/ati\/wp-json\/wp\/v2\/pages\/2197\/revisions\/3367"}],"wp:attachment":[{"href":"https:\/\/sites.uel.br\/ati\/wp-json\/wp\/v2\/media?parent=2197"}],"curies":[{"name":"wp","href":"https:\/\/api.w.org\/{rel}","templated":true}]}}