{"id":1832,"date":"2021-07-13T16:00:22","date_gmt":"2021-07-13T19:00:22","guid":{"rendered":"https:\/\/sites.uel.br\/ati\/?page_id=1832"},"modified":"2023-01-31T14:21:24","modified_gmt":"2023-01-31T17:21:24","slug":"desinstalar-office","status":"publish","type":"page","link":"https:\/\/sites.uel.br\/ati\/desinstalar-office\/","title":{"rendered":"Desinstalar vers\u00f5es existentes do Microsoft Office"},"content":{"rendered":"\n<hr class=\"wp-block-separator is-style-wide\" \/>\n\n\n\n<div style=\"height:30px\" aria-hidden=\"true\" class=\"wp-block-spacer\"><\/div>\n\n\n\n<p class=\"has-verde-escuro-background-color has-text-color has-background\" style=\"color:#eff1f2\"><img loading=\"lazy\" decoding=\"async\" width=\"30\" height=\"30\" class=\"wp-image-1437\" style=\"width: 30px\" src=\"https:\/\/sites.uel.br\/ati\/wp-content\/uploads\/2021\/06\/info-icon-transparent-9-inverse.png\" alt=\"\">  Este manual est\u00e1 dispon\u00edvel na vers\u00e3o impressa e na vers\u00e3o em v\u00eddeo. Para acessar o manual em v\u00eddeo clique no v\u00eddeo abaixo, caso queira visualizar a vers\u00e3o impressa role a p\u00e1gina.<\/p>\n\n\n\n<div style=\"height:30px\" aria-hidden=\"true\" class=\"wp-block-spacer\"><\/div>\n\n\n\n<figure class=\"wp-block-table is-style-stripes\"><table><tbody><tr><td class=\"has-text-align-center\" data-align=\"center\"><strong>Manual em v\u00eddeo <\/strong><\/td><\/tr><\/tbody><\/table><\/figure>\n\n\n\n<div style=\"height:30px\" aria-hidden=\"true\" class=\"wp-block-spacer\"><\/div>\n\n\n\n<figure class=\"wp-block-table is-style-stripes\"><table><tbody><tr><td class=\"has-text-align-center\" data-align=\"center\"><strong>Desinstala\u00e7\u00e3o de vers\u00f5es antigas do Microsoft Office<\/strong><\/td><\/tr><\/tbody><\/table><\/figure>\n\n\n\n<div class=\"wp-block-columns is-layout-flex wp-container-core-columns-is-layout-9d6595d7 wp-block-columns-is-layout-flex\">\n<div class=\"wp-block-column is-layout-flow wp-block-column-is-layout-flow\" style=\"flex-basis:25%\"><\/div>\n\n\n\n<div class=\"wp-block-column is-layout-flow wp-block-column-is-layout-flow\" style=\"flex-basis:50%\">\n<figure class=\"wp-block-embed is-type-video is-provider-youtube wp-block-embed-youtube wp-embed-aspect-4-3 wp-has-aspect-ratio\"><div class=\"wp-block-embed__wrapper\">\n<iframe loading=\"lazy\" title=\"Desinstala\u00e7\u00e3o de vers\u00f5es antigas do Microsoft Office\" width=\"500\" height=\"375\" src=\"https:\/\/www.youtube.com\/embed\/O66CeqyPj5c?feature=oembed\" frameborder=\"0\" allow=\"accelerometer; autoplay; clipboard-write; encrypted-media; gyroscope; picture-in-picture; web-share\" referrerpolicy=\"strict-origin-when-cross-origin\" allowfullscreen><\/iframe>\n<\/div><\/figure>\n<\/div>\n\n\n\n<div class=\"wp-block-column is-layout-flow wp-block-column-is-layout-flow\" style=\"flex-basis:25%\"><\/div>\n<\/div>\n\n\n\n<div style=\"height:50px\" aria-hidden=\"true\" class=\"wp-block-spacer\"><\/div>\n\n\n\n<figure class=\"wp-block-table is-style-stripes\"><table><tbody><tr><td class=\"has-text-align-center\" data-align=\"center\"><strong>Manual impresso<\/strong><\/td><\/tr><\/tbody><\/table><\/figure>\n\n\n\n<p>1-Clicar no bot\u00e3o iniciar do Windows (imagem da esquerda), ou tecla do teclado identificado pela imagem da direita<\/p>\n\n\n\n<div class=\"wp-block-image is-style-default\"><figure class=\"aligncenter size-large is-resized\"><img loading=\"lazy\" decoding=\"async\" src=\"https:\/\/sites.uel.br\/ati\/wp-content\/uploads\/2021\/07\/desinstalar-0.jpg\" alt=\"\" class=\"wp-image-1833\" width=\"237\" height=\"107\" \/><\/figure><\/div>\n\n\n\n<div style=\"height:30px\" aria-hidden=\"true\" class=\"wp-block-spacer\"><\/div>\n\n\n\n<div class=\"wp-block-image is-style-default\"><figure class=\"aligncenter size-large is-resized\"><img loading=\"lazy\" decoding=\"async\" src=\"https:\/\/sites.uel.br\/ati\/wp-content\/uploads\/2021\/07\/tecla-win.jpg\" alt=\"\" class=\"wp-image-1834\" width=\"213\" height=\"128\" srcset=\"https:\/\/sites.uel.br\/ati\/wp-content\/uploads\/2021\/07\/tecla-win.jpg 1000w, https:\/\/sites.uel.br\/ati\/wp-content\/uploads\/2021\/07\/tecla-win-300x180.jpg 300w, https:\/\/sites.uel.br\/ati\/wp-content\/uploads\/2021\/07\/tecla-win-768x462.jpg 768w\" sizes=\"auto, (max-width: 213px) 100vw, 213px\" \/><\/figure><\/div>\n\n\n\n<p>2- Digitar \u201cPainel de Controle\u201d para o Windows pesquisar o aplicativo Painel de controle. Ao abrir a janela com o resultado da pesquisa, clicar em \u201c<strong>Abrir<\/strong>\u201d identificado na seta.<\/p>\n\n\n\n<div class=\"wp-block-image is-style-default\"><figure class=\"aligncenter size-large is-resized\"><img loading=\"lazy\" decoding=\"async\" src=\"https:\/\/sites.uel.br\/ati\/wp-content\/uploads\/2021\/07\/desinstalar-1.jpg\" alt=\"\" class=\"wp-image-1835\" width=\"509\" height=\"415\" srcset=\"https:\/\/sites.uel.br\/ati\/wp-content\/uploads\/2021\/07\/desinstalar-1.jpg 784w, https:\/\/sites.uel.br\/ati\/wp-content\/uploads\/2021\/07\/desinstalar-1-300x245.jpg 300w, https:\/\/sites.uel.br\/ati\/wp-content\/uploads\/2021\/07\/desinstalar-1-768x627.jpg 768w\" sizes=\"auto, (max-width: 509px) 100vw, 509px\" \/><\/figure><\/div>\n\n\n\n<p>3- Na tela que se abrir\u00e1, clicar em \u201c<strong>Programas e Recursos<\/strong>\u201d.<\/p>\n\n\n\n<div class=\"wp-block-image is-style-default\"><figure class=\"aligncenter size-large is-resized\"><img loading=\"lazy\" decoding=\"async\" src=\"https:\/\/sites.uel.br\/ati\/wp-content\/uploads\/2021\/07\/desinstalar-2-1024x546.jpg\" alt=\"\" class=\"wp-image-1836\" width=\"764\" height=\"408\" srcset=\"https:\/\/sites.uel.br\/ati\/wp-content\/uploads\/2021\/07\/desinstalar-2-1024x546.jpg 1024w, https:\/\/sites.uel.br\/ati\/wp-content\/uploads\/2021\/07\/desinstalar-2-300x160.jpg 300w, https:\/\/sites.uel.br\/ati\/wp-content\/uploads\/2021\/07\/desinstalar-2-768x409.jpg 768w, https:\/\/sites.uel.br\/ati\/wp-content\/uploads\/2021\/07\/desinstalar-2.jpg 1366w\" sizes=\"auto, (max-width: 764px) 100vw, 764px\" \/><\/figure><\/div>\n\n\n\n<p>04- Na pr\u00f3xima tela procurar a vers\u00e3o do Microsoft Office instalado no seu computador\/notebook e clicar em \u201c<strong>Desinstalar\u201d <\/strong>identificado na seta<strong>. <\/strong>Nesse exemplo, a vers\u00e3o instalada era o Microsoft Office Professional Plus 2010.<\/p>\n\n\n\n<div class=\"wp-block-image is-style-default\"><figure class=\"aligncenter size-large is-resized\"><img loading=\"lazy\" decoding=\"async\" src=\"https:\/\/sites.uel.br\/ati\/wp-content\/uploads\/2021\/07\/desinstalar-3.jpg\" alt=\"\" class=\"wp-image-1837\" width=\"791\" height=\"531\" srcset=\"https:\/\/sites.uel.br\/ati\/wp-content\/uploads\/2021\/07\/desinstalar-3.jpg 978w, https:\/\/sites.uel.br\/ati\/wp-content\/uploads\/2021\/07\/desinstalar-3-300x201.jpg 300w, https:\/\/sites.uel.br\/ati\/wp-content\/uploads\/2021\/07\/desinstalar-3-768x515.jpg 768w\" sizes=\"auto, (max-width: 791px) 100vw, 791px\" \/><\/figure><\/div>\n\n\n\n<p>05- Ir\u00e1 abrir uma janela assistente de desinstala\u00e7\u00e3o do Microsoft Office perguntando se deseja remover o Office, clique em \u201c<strong>SIM\u201d.<\/strong><\/p>\n\n\n\n<div class=\"wp-block-image is-style-default\"><figure class=\"aligncenter size-large is-resized\"><img loading=\"lazy\" decoding=\"async\" src=\"https:\/\/sites.uel.br\/ati\/wp-content\/uploads\/2021\/07\/desinstalar-4.jpg\" alt=\"\" class=\"wp-image-1838\" width=\"458\" height=\"369\" srcset=\"https:\/\/sites.uel.br\/ati\/wp-content\/uploads\/2021\/07\/desinstalar-4.jpg 610w, https:\/\/sites.uel.br\/ati\/wp-content\/uploads\/2021\/07\/desinstalar-4-300x242.jpg 300w\" sizes=\"auto, (max-width: 458px) 100vw, 458px\" \/><\/figure><\/div>\n\n\n\n<p>06- Acompanhe as janelas de avan\u00e7o da desinstala\u00e7\u00e3o at\u00e9 a parecer a mensagem que o Office foi desinstalado com \u00eaxito, clique em \u201c<strong>Fechar\u201d<\/strong>. Seu aplicativo Microsoft Office foi desinstalado, siga para o pr\u00f3ximo tutorial de instala\u00e7\u00e3o do Microsoft Office 365. <strong>OBS: \u00c9 altamente recomend\u00e1vel reiniciar o seu computador antes de prosseguir para o pr\u00f3ximo tutorial de instala\u00e7\u00e3o do Office 365.<\/strong><\/p>\n\n\n\n<div class=\"wp-block-image is-style-default\"><figure class=\"aligncenter size-large is-resized\"><img loading=\"lazy\" decoding=\"async\" src=\"https:\/\/sites.uel.br\/ati\/wp-content\/uploads\/2021\/07\/desinstalar-5.jpg\" alt=\"\" class=\"wp-image-1839\" width=\"462\" height=\"375\" srcset=\"https:\/\/sites.uel.br\/ati\/wp-content\/uploads\/2021\/07\/desinstalar-5.jpg 612w, https:\/\/sites.uel.br\/ati\/wp-content\/uploads\/2021\/07\/desinstalar-5-300x244.jpg 300w\" sizes=\"auto, (max-width: 462px) 100vw, 462px\" \/><\/figure><\/div>\n\n\n\n<div style=\"height:30px\" aria-hidden=\"true\" class=\"wp-block-spacer\"><\/div>\n\n\n\n<div class=\"wp-block-image is-style-default\"><figure class=\"aligncenter size-large is-resized\"><img loading=\"lazy\" decoding=\"async\" src=\"https:\/\/sites.uel.br\/ati\/wp-content\/uploads\/2021\/07\/desinstalar-6.jpg\" alt=\"\" class=\"wp-image-1840\" width=\"467\" height=\"379\" srcset=\"https:\/\/sites.uel.br\/ati\/wp-content\/uploads\/2021\/07\/desinstalar-6.jpg 612w, https:\/\/sites.uel.br\/ati\/wp-content\/uploads\/2021\/07\/desinstalar-6-300x244.jpg 300w\" sizes=\"auto, (max-width: 467px) 100vw, 467px\" \/><\/figure><\/div>\n\n\n\n<p><\/p>\n","protected":false},"excerpt":{"rendered":"<p>Este manual est\u00e1 dispon\u00edvel na vers\u00e3o impressa e na vers\u00e3o em v\u00eddeo. Para acessar o manual em v\u00eddeo clique no v\u00eddeo abaixo, caso queira visualizar a vers\u00e3o impressa role a p\u00e1gina. Manual em v\u00eddeo Desinstala\u00e7\u00e3o de vers\u00f5es antigas do Microsoft Office Manual impresso 1-Clicar no bot\u00e3o iniciar do Windows (imagem da esquerda), ou tecla do [&hellip;]<\/p>\n","protected":false},"author":10,"featured_media":0,"parent":0,"menu_order":0,"comment_status":"closed","ping_status":"closed","template":"","meta":{"_acf_changed":false,"_themeisle_gutenberg_block_has_review":false,"footnotes":""},"class_list":["post-1832","page","type-page","status-publish","hentry"],"acf":[],"_links":{"self":[{"href":"https:\/\/sites.uel.br\/ati\/wp-json\/wp\/v2\/pages\/1832","targetHints":{"allow":["GET"]}}],"collection":[{"href":"https:\/\/sites.uel.br\/ati\/wp-json\/wp\/v2\/pages"}],"about":[{"href":"https:\/\/sites.uel.br\/ati\/wp-json\/wp\/v2\/types\/page"}],"author":[{"embeddable":true,"href":"https:\/\/sites.uel.br\/ati\/wp-json\/wp\/v2\/users\/10"}],"replies":[{"embeddable":true,"href":"https:\/\/sites.uel.br\/ati\/wp-json\/wp\/v2\/comments?post=1832"}],"version-history":[{"count":6,"href":"https:\/\/sites.uel.br\/ati\/wp-json\/wp\/v2\/pages\/1832\/revisions"}],"predecessor-version":[{"id":1850,"href":"https:\/\/sites.uel.br\/ati\/wp-json\/wp\/v2\/pages\/1832\/revisions\/1850"}],"wp:attachment":[{"href":"https:\/\/sites.uel.br\/ati\/wp-json\/wp\/v2\/media?parent=1832"}],"curies":[{"name":"wp","href":"https:\/\/api.w.org\/{rel}","templated":true}]}}