{"id":1011,"date":"2021-06-17T10:34:04","date_gmt":"2021-06-17T13:34:04","guid":{"rendered":"https:\/\/sites.uel.br\/ati\/?page_id=1011"},"modified":"2023-01-31T14:21:24","modified_gmt":"2023-01-31T17:21:24","slug":"dds","status":"publish","type":"page","link":"https:\/\/sites.uel.br\/ati\/dds\/","title":{"rendered":"Diretoria de Desenvolvimento de Sistemas (DDS)"},"content":{"rendered":"\n<hr class=\"wp-block-separator is-style-wide\" \/>\n\n\n\n<div style=\"height:30px\" aria-hidden=\"true\" class=\"wp-block-spacer\"><\/div>\n\n\n\n<p>A Diretoria de Desenvolvimento de Sistemas (DDS) \u00e9 respons\u00e1vel pelo projeto, desenvolvimento, programa\u00e7\u00e3o e implanta\u00e7\u00e3o dos sistemas de informa\u00e7\u00e3o que auxiliam as atividades administrativas e acad\u00eamicas da Universidade.<\/p>\n\n\n\n<div style=\"height:30px\" aria-hidden=\"true\" class=\"wp-block-spacer\"><\/div>\n\n\n\n<p><strong>Portif\u00f3lio de servi\u00e7os da DDS<\/strong><\/p>\n\n\n\n<ul class=\"wp-block-list\"><li>An\u00e1lise e desenvolvimento de sistemas para informatiza\u00e7\u00e3o e automatiza\u00e7\u00e3o de processos de neg\u00f3cio da universidade;<\/li><li>Altera\u00e7\u00f5es de dados cadastrados em sistema;<\/li><li>Avalia\u00e7\u00e3o e consultoria na resolu\u00e7\u00e3o de problemas em sistemas;<\/li><li>Levantamento de informa\u00e7\u00f5es de sistema;<\/li><li>Suporte e treinamento para uso de sistemas desenvolvidos pela DDS;<\/li><li>Cargas de dados;<\/li><li>Elabora\u00e7\u00e3o de relat\u00f3rios de <em>Business Inteligence<\/em> (BI).<\/li><\/ul>\n","protected":false},"excerpt":{"rendered":"<p>A Diretoria de Desenvolvimento de Sistemas (DDS) \u00e9 respons\u00e1vel pelo projeto, desenvolvimento, programa\u00e7\u00e3o e implanta\u00e7\u00e3o dos sistemas de informa\u00e7\u00e3o que auxiliam as atividades administrativas e acad\u00eamicas da Universidade. Portif\u00f3lio de servi\u00e7os da DDS An\u00e1lise e desenvolvimento de sistemas para informatiza\u00e7\u00e3o e automatiza\u00e7\u00e3o de processos de neg\u00f3cio da universidade; Altera\u00e7\u00f5es de dados cadastrados em sistema; Avalia\u00e7\u00e3o [&hellip;]<\/p>\n","protected":false},"author":10,"featured_media":0,"parent":0,"menu_order":0,"comment_status":"closed","ping_status":"closed","template":"","meta":{"_acf_changed":false,"_themeisle_gutenberg_block_has_review":false,"footnotes":""},"class_list":["post-1011","page","type-page","status-publish","hentry"],"acf":[],"_links":{"self":[{"href":"https:\/\/sites.uel.br\/ati\/wp-json\/wp\/v2\/pages\/1011","targetHints":{"allow":["GET"]}}],"collection":[{"href":"https:\/\/sites.uel.br\/ati\/wp-json\/wp\/v2\/pages"}],"about":[{"href":"https:\/\/sites.uel.br\/ati\/wp-json\/wp\/v2\/types\/page"}],"author":[{"embeddable":true,"href":"https:\/\/sites.uel.br\/ati\/wp-json\/wp\/v2\/users\/10"}],"replies":[{"embeddable":true,"href":"https:\/\/sites.uel.br\/ati\/wp-json\/wp\/v2\/comments?post=1011"}],"version-history":[{"count":7,"href":"https:\/\/sites.uel.br\/ati\/wp-json\/wp\/v2\/pages\/1011\/revisions"}],"predecessor-version":[{"id":1025,"href":"https:\/\/sites.uel.br\/ati\/wp-json\/wp\/v2\/pages\/1011\/revisions\/1025"}],"wp:attachment":[{"href":"https:\/\/sites.uel.br\/ati\/wp-json\/wp\/v2\/media?parent=1011"}],"curies":[{"name":"wp","href":"https:\/\/api.w.org\/{rel}","templated":true}]}}