{"id":651,"date":"2022-12-06T11:32:31","date_gmt":"2022-12-06T14:32:31","guid":{"rendered":"https:\/\/sites.uel.br\/ari\/?page_id=651"},"modified":"2026-04-08T17:51:25","modified_gmt":"2026-04-08T20:51:25","slug":"boletim-arinews","status":"publish","type":"page","link":"https:\/\/sites.uel.br\/ari\/boletim-arinews\/","title":{"rendered":"Boletim Arinews"},"content":{"rendered":"\n<p><\/p>\n\n\n\n<p><strong>Boletim Informativo da ARI &#8211; Arinews<\/strong><\/p>\n\n\n\n<p>44\u00aa Edi\u00e7\u00e3o: <strong><a href=\"https:\/\/tinyurl.com\/yy62u6a4\">Abril\/2026<\/a><\/strong><\/p>\n\n\n\n<p>43\u00aa Edi\u00e7\u00e3o: <a href=\"https:\/\/tinyurl.com\/tep5vf4p\"><strong>Mar\u00e7o\/2026<\/strong><\/a><\/p>\n\n\n\n<p>42\u00aa Edi\u00e7\u00e3o: <a href=\"https:\/\/tinyurl.com\/5n7mjd97\"><strong>Fevereiro\/2026<\/strong><\/a><\/p>\n\n\n\n<p>41\u00aa Edi\u00e7\u00e3o: <a href=\"https:\/\/drive.google.com\/file\/d\/1UBtlf6Y_ZergjQLms-OTEwcyB6d8dq6J\/view?usp=sharing\"><strong>Dezembro\/2025<\/strong><\/a><\/p>\n\n\n\n<p>40\u00aa Edi\u00e7\u00e3o: <a href=\"https:\/\/drive.google.com\/file\/d\/1Ae0Yw4rCW3OECreR4ORb58R47D2pq8w9\/view\"><strong>Novembro\/2025<\/strong><\/a><\/p>\n\n\n\n<p>39\u00aa Edi\u00e7\u00e3o: <a href=\"https:\/\/drive.google.com\/file\/d\/1esX-_bcWZYlgrFRmYtBl2-MpS4BECb_E\/view?usp=sharing\" data-type=\"link\" data-id=\"https:\/\/drive.google.com\/file\/d\/1esX-_bcWZYlgrFRmYtBl2-MpS4BECb_E\/view?usp=sharing\"><strong>Outubro\/2025<\/strong><\/a><\/p>\n\n\n\n<p>38\u00aa Edi\u00e7\u00e3o: <a href=\"https:\/\/drive.google.com\/file\/d\/1ey5OuLg-uznh2K-m4nfOnSkbyemdXmu3\/view?usp=sharing\" data-type=\"link\" data-id=\"https:\/\/drive.google.com\/file\/d\/11RUGZ1duAgtJabJYJWZqIvkACEhq-v4S\/view?usp=sharing\"><strong>Setembro\/2025<\/strong><\/a><\/p>\n\n\n\n<p>37\u00aa Edi\u00e7\u00e3o: <a href=\"https:\/\/drive.google.com\/file\/d\/11RUGZ1duAgtJabJYJWZqIvkACEhq-v4S\/view?usp=sharing\" data-type=\"link\" data-id=\"https:\/\/drive.google.com\/file\/d\/11RUGZ1duAgtJabJYJWZqIvkACEhq-v4S\/view?usp=sharing\"><strong>Agosto\/2025<\/strong><\/a><\/p>\n\n\n\n<p>36\u00aa Edi\u00e7\u00e3o: <strong><a href=\"https:\/\/drive.google.com\/file\/d\/1GtljE5O2gTO2FZPcQYtWUXc7LlgfXW2n\/view?usp=sharing\">Julho\/2025<\/a><\/strong><\/p>\n\n\n\n<p>35\u00aa Edi\u00e7\u00e3o: <a href=\"https:\/\/drive.google.com\/file\/d\/1p6eIvkP0alqJMU5UR7FzlmC4bC8Z7OgK\/view?usp=sharing\"><strong>Junho\/2025<\/strong><\/a><\/p>\n\n\n\n<p>34\u00aa Edi\u00e7\u00e3o: <a href=\"https:\/\/drive.google.com\/file\/d\/1oqiaz_D7g9M1aNazTrnac37dVXRJM2WM\/view?usp=sharing\"><strong>Maio\/2025<\/strong><\/a><\/p>\n\n\n\n<p>33\u00aa Edi\u00e7\u00e3o: <a href=\"https:\/\/drive.google.com\/file\/d\/1QkWU2Dsp3CviFfMW1zUobUgrT80B3Tlm\/view?usp=sharing\" data-type=\"link\" data-id=\"https:\/\/drive.google.com\/file\/d\/1D9VxRgW-lSkUcR1C_Or7R6BD_zB_TNDR\/view?usp=sharing\"><strong>Abril\/2025<\/strong><\/a><\/p>\n\n\n\n<p>32\u00aa Edi\u00e7\u00e3o: <a href=\"https:\/\/drive.google.com\/file\/d\/1D9VxRgW-lSkUcR1C_Or7R6BD_zB_TNDR\/view?usp=sharing\" data-type=\"link\" data-id=\"https:\/\/drive.google.com\/file\/d\/1D9VxRgW-lSkUcR1C_Or7R6BD_zB_TNDR\/view?usp=sharing\"><strong>Mar\u00e7o\/2025<\/strong><\/a><\/p>\n\n\n\n<p>31\u00aa Edi\u00e7\u00e3o: <strong><a href=\"https:\/\/drive.google.com\/file\/d\/1DUttoj_r9OMkpiTbkg3QeFJ3AcANCo4e\/view?usp=sharing\" data-type=\"link\" data-id=\"https:\/\/drive.google.com\/file\/d\/1kGGkoZh354fzOwghMx46Ee7-waKfG-dR\/view?usp=drive_link\">Fevereiro\/2025<\/a><\/strong><\/p>\n\n\n\n<p>30\u00aa Edi\u00e7\u00e3o: <a href=\"https:\/\/drive.google.com\/file\/d\/1kGGkoZh354fzOwghMx46Ee7-waKfG-dR\/view?usp=drive_link\" data-type=\"link\" data-id=\"https:\/\/drive.google.com\/file\/d\/1kGGkoZh354fzOwghMx46Ee7-waKfG-dR\/view?usp=drive_link\"><strong>Janeiro\/2025<\/strong><\/a><\/p>\n\n\n\n<p>29\u00aa Edi\u00e7\u00e3o: <a href=\"https:\/\/drive.google.com\/file\/d\/13JM2r92LSbFawLryC4p5-PLmvyDBiwA1\/view?pli=1\" data-type=\"link\" data-id=\"https:\/\/drive.google.com\/file\/d\/13JM2r92LSbFawLryC4p5-PLmvyDBiwA1\/view?pli=1\"><strong>Dezembro\/2024<\/strong><\/a><\/p>\n\n\n\n<p>28\u00aa Edi\u00e7\u00e3o:&nbsp;<strong><a href=\"https:\/\/drive.google.com\/file\/d\/1SNdlK9rVC2Z7B6HJN6QMaYSOjhG8BLYu\/view\">Novembro\/2024<\/a><\/strong><\/p>\n\n\n\n<p>27\u00aa Edi\u00e7\u00e3o:&nbsp;<strong><a href=\"https:\/\/drive.google.com\/file\/d\/1RwZImxj27_dwcWyez12l2lXAjM4iP8SM\/view?usp=sharing\">Outubro\/2024<\/a><\/strong><\/p>\n\n\n\n<p>26\u00aa Edi\u00e7\u00e3o:&nbsp;<strong><a href=\"https:\/\/drive.google.com\/file\/d\/1ld5K8NpUgpDMxzDvceLiyblNVEHEfRWU\/view?pli=1\">Setembro\/2024<\/a><\/strong>&nbsp;<\/p>\n\n\n\n<p>25\u00aa Edi\u00e7\u00e3o:&nbsp;<strong><a href=\"https:\/\/drive.google.com\/file\/d\/1jjXrqLTsSjnGXaH2PSCwsQ_NuyrC-5sE\/view?usp=sharing\">Agosto\/2024<\/a><\/strong>&nbsp;<\/p>\n\n\n\n<p>24\u00aa Edi\u00e7\u00e3o:&nbsp;<strong><a href=\"https:\/\/shorturl.at\/ytqVp\">Julho\/2024<\/a><\/strong><\/p>\n\n\n\n<p>23\u00aa Edi\u00e7\u00e3o:&nbsp;<strong><a href=\"https:\/\/drive.google.com\/file\/d\/1IG0tfOt3bQQX-GCSZepRVb3yWfgJ5ZDA\/view\">Junho\/2024<\/a><\/strong><\/p>\n\n\n\n<p>22\u00aa Edi\u00e7\u00e3o:&nbsp;<strong><a href=\"https:\/\/drive.google.com\/file\/d\/1sF0xBKoLAvDr0dX3PdL1djCEh9gLrVnK\/view?usp=sharing\">Maio\/2024<\/a><\/strong><\/p>\n\n\n\n<p>21\u00aa Edi\u00e7\u00e3o:&nbsp;<strong><a href=\"https:\/\/drive.google.com\/file\/d\/1VwgKPi5Apz-9LEaYWpXT8CWrvOVuQTnu\/view\">Abril\/2024<\/a><\/strong><\/p>\n\n\n\n<p>20\u00aa Edi\u00e7\u00e3o:&nbsp;<strong><a href=\"https:\/\/drive.google.com\/file\/d\/1T_e7J5b0g7_xjCHm0_9zF3wnPrk3uurl\/view?usp=sharing\">Mar\u00e7o\/2024<\/a><\/strong><\/p>\n\n\n\n<p>19\u00aa Edi\u00e7\u00e3o:&nbsp;<strong><a href=\"https:\/\/drive.google.com\/file\/d\/1J7QTbDnPmSelccobhQgPIGxo9bZqpHhl\/view?usp=sharing\">Fevereiro\/2024<\/a><\/strong><\/p>\n\n\n\n<p>18\u00aa Edi\u00e7\u00e3o:&nbsp;<strong><a href=\"https:\/\/drive.google.com\/file\/d\/1_xHpSbuBrmug2gB6vk8h63PAb_P7ae8b\/view?usp=sharing\">Janeiro\/2024<\/a><\/strong><\/p>\n\n\n\n<p>17\u00aa Edi\u00e7\u00e3o:&nbsp;<strong><a href=\"https:\/\/drive.google.com\/file\/d\/1MlfVkppuiTct_Wj0WpzSOnHNuN5EOsuA\/view?usp=sharing\">Dezembro\/2023<\/a><\/strong><\/p>\n\n\n\n<p>16\u00aa Edi\u00e7\u00e3o:&nbsp;<strong><a href=\"https:\/\/drive.google.com\/file\/d\/1Xg6UUNy6234gk6Ozpwiv1VuUomPgvTEf\/view\">Novembro\/2023<\/a><\/strong><\/p>\n\n\n\n<p>15\u00aa Edi\u00e7\u00e3o:&nbsp;<strong><a href=\"https:\/\/drive.google.com\/file\/d\/1gk2nfiQ7wy5ANQvlYQTKe8YsL0WFpX7Y\/view?usp=sharing\">Outubro\/2023<\/a><\/strong><\/p>\n\n\n\n<p>14\u00aa Edi\u00e7\u00e3o:&nbsp;<strong><a href=\"https:\/\/drive.google.com\/file\/d\/13g_MsvcudwZVBjrCuvEClx_TzBUZIG5u\/view?usp=sharing\">Setembro\/2023<\/a><\/strong><\/p>\n\n\n\n<p>13\u00aa Edi\u00e7\u00e3o:&nbsp;<strong><a href=\"https:\/\/drive.google.com\/file\/d\/15vSfxOKHXwcYFSperkBCXlijnt9_xsqM\/view?usp=drive_link\">Agosto\/2023<\/a><\/strong>&nbsp;<\/p>\n\n\n\n<p>12\u00aa Edi\u00e7\u00e3o:&nbsp;<strong><a href=\"https:\/\/drive.google.com\/file\/d\/1In5j9Lh3OmDry3QeQ3Uzu7FnF999rlY1\/view?usp=drive_link\">Julho\/2023<\/a><\/strong><\/p>\n\n\n\n<p>11\u00aa Edi\u00e7\u00e3o:&nbsp;<strong><a href=\"https:\/\/tinyurl.com\/34ett2dr\">Junho\/2023<\/a><\/strong><\/p>\n\n\n\n<p>10\u00aa Edi\u00e7\u00e3o:&nbsp;<a href=\"https:\/\/drive.google.com\/file\/d\/1mHgjXfKfQ7PQlOYq8slgMoEgWD77Ssmt\/view?usp=sharing\"><u><strong>Maio\/2023<\/strong><\/u><\/a><\/p>\n\n\n\n<p>9\u00aa Edi\u00e7\u00e3o:&nbsp;<strong><u><a href=\"https:\/\/drive.google.com\/file\/d\/1YNO9foKZFgO5zV1yeUyls96HuDn5q0Bv\/view?usp=sharing\">Abril\/2023<\/a><\/u><\/strong><\/p>\n\n\n\n<p>8\u00aa Edi\u00e7\u00e3o:&nbsp;<a href=\"https:\/\/drive.google.com\/file\/d\/1Q5ZkyCX1gS29dDR_aEgmRtQATLILnXkU\/view?usp=sharing\"><u><strong>Mar\u00e7o\/2023<\/strong><\/u><\/a><\/p>\n\n\n\n<p>7\u00aa Edi\u00e7\u00e3o: <strong><u><a href=\"https:\/\/drive.google.com\/file\/d\/1S2eOgKbXOunKwZrRYwa4m5-Ekw6NJkRA\/view?usp=sharing\">Fevereiro\/2023<\/a><\/u><\/strong><\/p>\n\n\n\n<p>6\u00aa Edi\u00e7\u00e3o:&nbsp;<strong><a href=\"https:\/\/drive.google.com\/file\/d\/1SCFyWi-PfZbrOZXfDf-Fw-2Guw6bst82\/view?usp=sharing\">Dezembro\/2022<\/a><\/strong><\/p>\n\n\n\n<p>5\u00aa Edi\u00e7\u00e3o:&nbsp;<strong><a href=\"https:\/\/drive.google.com\/file\/d\/1jf9UjCWYMAuYGRPU7SzEmLxR4nwY2d1v\/view?usp=sharing\">Novembro\/2022<\/a><\/strong><\/p>\n\n\n\n<p>4\u00aa Edi\u00e7\u00e3o:&nbsp;<strong><a href=\"https:\/\/drive.google.com\/file\/d\/1pli6xHaExqL6uaWNnghNC1fgm0fXhGkj\/view?usp=sharing\">Outubro\/2022<\/a><\/strong><\/p>\n\n\n\n<p>3\u00aa Edi\u00e7\u00e3o:&nbsp;<strong><u><a href=\"https:\/\/drive.google.com\/file\/d\/1c1nq680sBC8wlfk7_g7_RdDFxGAfXy6g\/view?usp=sharing\">Setembro\/2022<\/a><\/u><\/strong><\/p>\n\n\n\n<p>2\u00aa Edi\u00e7\u00e3o:&nbsp;<strong><u><a href=\"https:\/\/drive.google.com\/file\/d\/1Ou8hgptySDmrJ2ZQF6jCTnJ8MQNbfiEp\/view?usp=sharing\">Agosto\/2022<\/a><\/u><\/strong>&nbsp;<\/p>\n\n\n\n<p>1\u00aa Edi\u00e7\u00e3o:&nbsp;<strong><u><a href=\"https:\/\/drive.google.com\/file\/d\/1QtGCdG08BP2s-OdWYKQJId_5shqxFslN\/view\">Julho\/2022<\/a><\/u><\/strong><\/p>\n","protected":false},"excerpt":{"rendered":"<p>Boletim Informativo da ARI &#8211; Arinews 44\u00aa Edi\u00e7\u00e3o: Abril\/2026 43\u00aa Edi\u00e7\u00e3o: Mar\u00e7o\/2026 42\u00aa Edi\u00e7\u00e3o: Fevereiro\/2026 41\u00aa Edi\u00e7\u00e3o: Dezembro\/2025 40\u00aa Edi\u00e7\u00e3o: Novembro\/2025 39\u00aa Edi\u00e7\u00e3o: Outubro\/2025 38\u00aa Edi\u00e7\u00e3o: Setembro\/2025 37\u00aa Edi\u00e7\u00e3o: Agosto\/2025 36\u00aa Edi\u00e7\u00e3o: Julho\/2025 35\u00aa Edi\u00e7\u00e3o: Junho\/2025 34\u00aa Edi\u00e7\u00e3o: Maio\/2025 33\u00aa Edi\u00e7\u00e3o: Abril\/2025 32\u00aa Edi\u00e7\u00e3o: Mar\u00e7o\/2025 31\u00aa Edi\u00e7\u00e3o: Fevereiro\/2025 30\u00aa Edi\u00e7\u00e3o: Janeiro\/2025 29\u00aa Edi\u00e7\u00e3o: Dezembro\/2024 28\u00aa [&hellip;]<\/p>\n","protected":false},"author":7,"featured_media":0,"parent":0,"menu_order":0,"comment_status":"closed","ping_status":"closed","template":"","meta":{"_acf_changed":false,"_themeisle_gutenberg_block_has_review":false,"footnotes":""},"class_list":["post-651","page","type-page","status-publish","hentry"],"acf":[],"_links":{"self":[{"href":"https:\/\/sites.uel.br\/ari\/wp-json\/wp\/v2\/pages\/651","targetHints":{"allow":["GET"]}}],"collection":[{"href":"https:\/\/sites.uel.br\/ari\/wp-json\/wp\/v2\/pages"}],"about":[{"href":"https:\/\/sites.uel.br\/ari\/wp-json\/wp\/v2\/types\/page"}],"author":[{"embeddable":true,"href":"https:\/\/sites.uel.br\/ari\/wp-json\/wp\/v2\/users\/7"}],"replies":[{"embeddable":true,"href":"https:\/\/sites.uel.br\/ari\/wp-json\/wp\/v2\/comments?post=651"}],"version-history":[{"count":29,"href":"https:\/\/sites.uel.br\/ari\/wp-json\/wp\/v2\/pages\/651\/revisions"}],"predecessor-version":[{"id":2157,"href":"https:\/\/sites.uel.br\/ari\/wp-json\/wp\/v2\/pages\/651\/revisions\/2157"}],"wp:attachment":[{"href":"https:\/\/sites.uel.br\/ari\/wp-json\/wp\/v2\/media?parent=651"}],"curies":[{"name":"wp","href":"https:\/\/api.w.org\/{rel}","templated":true}]}}