{"id":308,"date":"2022-11-28T10:56:47","date_gmt":"2022-11-28T13:56:47","guid":{"rendered":"https:\/\/sites.uel.br\/ari\/?page_id=308"},"modified":"2025-04-25T09:44:13","modified_gmt":"2025-04-25T12:44:13","slug":"acordo-especifico-de-intercambio-de-estudante","status":"publish","type":"page","link":"https:\/\/sites.uel.br\/ari\/acordo-especifico-de-intercambio-de-estudante\/","title":{"rendered":"Acordo de Mobilidade"},"content":{"rendered":"\n<p><\/p>\n\n\n<div class=\"wp-block-image\">\n<figure class=\"aligncenter size-thumbnail is-resized\"><img loading=\"lazy\" decoding=\"async\" width=\"150\" height=\"150\" src=\"https:\/\/sites.uel.br\/ari\/wp-content\/uploads\/2022\/11\/Estudantes-4-150x150.png\" alt=\"\" class=\"wp-image-470\" style=\"width:75px;height:75px\" srcset=\"https:\/\/sites.uel.br\/ari\/wp-content\/uploads\/2022\/11\/Estudantes-4-150x150.png 150w, https:\/\/sites.uel.br\/ari\/wp-content\/uploads\/2022\/11\/Estudantes-4-300x300.png 300w, https:\/\/sites.uel.br\/ari\/wp-content\/uploads\/2022\/11\/Estudantes-4.png 512w\" sizes=\"auto, (max-width: 150px) 100vw, 150px\" \/><\/figure>\n<\/div>\n\n\n<p class=\"has-medium-font-size\">O Acordo de Mobilidade tem como objetivo estabelecer a <strong>mobilidade acad\u00eamica<\/strong> de Estudantes de Gradua\u00e7\u00e3o e de P\u00f3s-Gradua\u00e7\u00e3o entre a UEL e uma <strong>IES estrangeira<\/strong>. Ele pode abranger a universidade como um todo ou ser direcionado exclusivamente para determinado Centro, Departamento ou Programa de P\u00f3s-Gradua\u00e7\u00e3o.<\/p>\n\n\n\n<p class=\"has-medium-font-size\">Cada Acordo firmado estipula o n\u00famero m\u00e1ximo de estudantes que poder\u00e3o ser nomeados para a mobilidade em cada ano letivo, bem como os crit\u00e9rios para nomea\u00e7\u00e3o e aceita\u00e7\u00e3o de um aluno e per\u00edodo m\u00e1ximo de perman\u00eancia na IES de destino. Todos os Acordos de Mobilidade firmados pela UEL pressup\u00f5em a isen\u00e7\u00e3o de taxas acad\u00eamicas (<em>tuition fee<\/em>), o que significa que o aluno da UEL em mobilidade acad\u00eamica n\u00e3o precisar\u00e1 pagar mensalidades \u00e0 IES de destino. No entanto, <strong>o aluno \u00e9 respons\u00e1vel pelas despesas de visto, passagens, acomoda\u00e7\u00e3o, alimenta\u00e7\u00e3o, seguro, e demais poss\u00edveis custos<\/strong>.<\/p>\n\n\n\n<p class=\"has-medium-font-size\">Para acessar o modelo de Acordo de Mobilidade da UEL <a href=\"https:\/\/drive.google.com\/drive\/folders\/1VomHfN6QjvjCinDlrowP4rxstMFa7j_q\" data-type=\"link\" data-id=\"https:\/\/drive.google.com\/drive\/folders\/1VomHfN6QjvjCinDlrowP4rxstMFa7j_q\">clique aqui.<\/a><\/p>\n\n\n\n<p class=\"has-medium-font-size\">Lembre-se que \u00e9 necess\u00e1rio fazer o download do documento e edit\u00e1-lo no seu pr\u00f3prio computador.<\/p>\n\n\n\n<p><\/p>\n","protected":false},"excerpt":{"rendered":"<p>O Acordo de Mobilidade tem como objetivo estabelecer a mobilidade acad\u00eamica de Estudantes de Gradua\u00e7\u00e3o e de P\u00f3s-Gradua\u00e7\u00e3o entre a UEL e uma IES estrangeira. Ele pode abranger a universidade como um todo ou ser direcionado exclusivamente para determinado Centro, Departamento ou Programa de P\u00f3s-Gradua\u00e7\u00e3o. Cada Acordo firmado estipula o n\u00famero m\u00e1ximo de estudantes que [&hellip;]<\/p>\n","protected":false},"author":7,"featured_media":0,"parent":0,"menu_order":0,"comment_status":"closed","ping_status":"closed","template":"","meta":{"_acf_changed":false,"_themeisle_gutenberg_block_has_review":false,"footnotes":""},"class_list":["post-308","page","type-page","status-publish","hentry"],"acf":[],"_links":{"self":[{"href":"https:\/\/sites.uel.br\/ari\/wp-json\/wp\/v2\/pages\/308","targetHints":{"allow":["GET"]}}],"collection":[{"href":"https:\/\/sites.uel.br\/ari\/wp-json\/wp\/v2\/pages"}],"about":[{"href":"https:\/\/sites.uel.br\/ari\/wp-json\/wp\/v2\/types\/page"}],"author":[{"embeddable":true,"href":"https:\/\/sites.uel.br\/ari\/wp-json\/wp\/v2\/users\/7"}],"replies":[{"embeddable":true,"href":"https:\/\/sites.uel.br\/ari\/wp-json\/wp\/v2\/comments?post=308"}],"version-history":[{"count":9,"href":"https:\/\/sites.uel.br\/ari\/wp-json\/wp\/v2\/pages\/308\/revisions"}],"predecessor-version":[{"id":1848,"href":"https:\/\/sites.uel.br\/ari\/wp-json\/wp\/v2\/pages\/308\/revisions\/1848"}],"wp:attachment":[{"href":"https:\/\/sites.uel.br\/ari\/wp-json\/wp\/v2\/media?parent=308"}],"curies":[{"name":"wp","href":"https:\/\/api.w.org\/{rel}","templated":true}]}}