{"id":1204,"date":"2024-12-04T14:03:37","date_gmt":"2024-12-04T17:03:37","guid":{"rendered":"https:\/\/sites.uel.br\/ari\/?page_id=1204"},"modified":"2025-01-23T15:30:28","modified_gmt":"2025-01-23T18:30:28","slug":"ifmsa","status":"publish","type":"page","link":"https:\/\/sites.uel.br\/ari\/ifmsa\/","title":{"rendered":"IFMSA"},"content":{"rendered":"\n<p><\/p>\n\n\n\n<p>Federa\u00e7\u00e3o Internacional de Associa\u00e7\u00f5es de Estudantes de Medicina<\/p>\n\n\n\n<p><\/p>\n\n\n\n<p>A UEL \u00e9 parceira da International Federation of Medical Students\u2019 Associations (IFMSA), uma organiza\u00e7\u00e3o n\u00e3o governamental, organizada e gerida por trabalho volunt\u00e1rio de estudantes de medicina do mundo inteiro e presente em mais de 123 pa\u00edses.<br><\/p>\n\n\n\n<p>Os programas de mobilidade internacional podem ser de pesquisa ou cl\u00ednico-cir\u00fargicos e s\u00e3o voltados para estudantes de medicina de institui\u00e7\u00f5es filiadas \u00e0 federa\u00e7\u00e3o.<br><\/p>\n\n\n\n<p><\/p>\n\n\n\n<p><\/p>\n\n\n\n<p><strong>Para mais informa\u00e7\u00f5es, acesse: <\/strong><a href=\"https:\/\/ifmsabrazil.org\/\" data-type=\"link\" data-id=\"https:\/\/ifmsabrazil.org\/\">https:\/\/ifmsabrazil.org\/<\/a><\/p>\n","protected":false},"excerpt":{"rendered":"<p>Federa\u00e7\u00e3o Internacional de Associa\u00e7\u00f5es de Estudantes de Medicina A UEL \u00e9 parceira da International Federation of Medical Students\u2019 Associations (IFMSA), uma organiza\u00e7\u00e3o n\u00e3o governamental, organizada e gerida por trabalho volunt\u00e1rio de estudantes de medicina do mundo inteiro e presente em mais de 123 pa\u00edses. Os programas de mobilidade internacional podem ser de pesquisa ou cl\u00ednico-cir\u00fargicos [&hellip;]<\/p>\n","protected":false},"author":15,"featured_media":0,"parent":0,"menu_order":0,"comment_status":"closed","ping_status":"closed","template":"","meta":{"_acf_changed":false,"_themeisle_gutenberg_block_has_review":false,"footnotes":""},"class_list":["post-1204","page","type-page","status-publish","hentry"],"acf":[],"_links":{"self":[{"href":"https:\/\/sites.uel.br\/ari\/wp-json\/wp\/v2\/pages\/1204","targetHints":{"allow":["GET"]}}],"collection":[{"href":"https:\/\/sites.uel.br\/ari\/wp-json\/wp\/v2\/pages"}],"about":[{"href":"https:\/\/sites.uel.br\/ari\/wp-json\/wp\/v2\/types\/page"}],"author":[{"embeddable":true,"href":"https:\/\/sites.uel.br\/ari\/wp-json\/wp\/v2\/users\/15"}],"replies":[{"embeddable":true,"href":"https:\/\/sites.uel.br\/ari\/wp-json\/wp\/v2\/comments?post=1204"}],"version-history":[{"count":4,"href":"https:\/\/sites.uel.br\/ari\/wp-json\/wp\/v2\/pages\/1204\/revisions"}],"predecessor-version":[{"id":1505,"href":"https:\/\/sites.uel.br\/ari\/wp-json\/wp\/v2\/pages\/1204\/revisions\/1505"}],"wp:attachment":[{"href":"https:\/\/sites.uel.br\/ari\/wp-json\/wp\/v2\/media?parent=1204"}],"curies":[{"name":"wp","href":"https:\/\/api.w.org\/{rel}","templated":true}]}}