{"id":1101,"date":"2024-12-02T15:53:58","date_gmt":"2024-12-02T18:53:58","guid":{"rendered":"https:\/\/sites.uel.br\/ari\/?page_id=1101"},"modified":"2024-12-03T15:31:51","modified_gmt":"2024-12-03T18:31:51","slug":"guia-de-mobilidade-internacional","status":"publish","type":"page","link":"https:\/\/sites.uel.br\/ari\/guia-de-mobilidade-internacional\/","title":{"rendered":"Guia de Mobilidade Internacional"},"content":{"rendered":"\n<hr class=\"wp-block-separator has-alpha-channel-opacity is-style-wide\" \/>\n\n\n\n<p>O Guia de Mobilidade Internacional est\u00e1 aqui para orientar os estudantes de gradua\u00e7\u00e3o e p\u00f3s-gradua\u00e7\u00e3o, professores e pesquisadores sobre os processos de mobilidade internacional. <\/p>\n\n\n\n<p>Confira o Guia\u00a0abaixo:<\/p>\n\n\n\n<div data-wp-interactive=\"core\/file\" class=\"wp-block-file\"><object data-wp-bind--hidden=\"!state.hasPdfPreview\" hidden class=\"wp-block-file__embed\" data=\"https:\/\/sites.uel.br\/ari\/wp-content\/uploads\/2024\/12\/Guia-de-Mobilidade-OUT-ARI.pdf\" type=\"application\/pdf\" style=\"width:100%;height:600px\" aria-label=\"Incorporado de Guia de Mobilidade OUT - ARI.\"><\/object><a id=\"wp-block-file--media-1b8afa14-fe87-4da1-a4df-715480318ee1\" href=\"https:\/\/sites.uel.br\/ari\/wp-content\/uploads\/2024\/12\/Guia-de-Mobilidade-OUT-ARI.pdf\">Guia de Mobilidade OUT &#8211; ARI<\/a><a href=\"https:\/\/sites.uel.br\/ari\/wp-content\/uploads\/2024\/12\/Guia-de-Mobilidade-OUT-ARI.pdf\" class=\"wp-block-file__button wp-element-button\" download aria-describedby=\"wp-block-file--media-1b8afa14-fe87-4da1-a4df-715480318ee1\">Baixar<\/a><\/div>\n","protected":false},"excerpt":{"rendered":"<p>O Guia de Mobilidade Internacional est\u00e1 aqui para orientar os estudantes de gradua\u00e7\u00e3o e p\u00f3s-gradua\u00e7\u00e3o, professores e pesquisadores sobre os processos de mobilidade internacional. Confira o Guia\u00a0abaixo:<\/p>\n","protected":false},"author":15,"featured_media":0,"parent":0,"menu_order":0,"comment_status":"closed","ping_status":"closed","template":"","meta":{"_acf_changed":false,"_themeisle_gutenberg_block_has_review":false,"footnotes":""},"class_list":["post-1101","page","type-page","status-publish","hentry"],"acf":[],"_links":{"self":[{"href":"https:\/\/sites.uel.br\/ari\/wp-json\/wp\/v2\/pages\/1101","targetHints":{"allow":["GET"]}}],"collection":[{"href":"https:\/\/sites.uel.br\/ari\/wp-json\/wp\/v2\/pages"}],"about":[{"href":"https:\/\/sites.uel.br\/ari\/wp-json\/wp\/v2\/types\/page"}],"author":[{"embeddable":true,"href":"https:\/\/sites.uel.br\/ari\/wp-json\/wp\/v2\/users\/15"}],"replies":[{"embeddable":true,"href":"https:\/\/sites.uel.br\/ari\/wp-json\/wp\/v2\/comments?post=1101"}],"version-history":[{"count":10,"href":"https:\/\/sites.uel.br\/ari\/wp-json\/wp\/v2\/pages\/1101\/revisions"}],"predecessor-version":[{"id":1167,"href":"https:\/\/sites.uel.br\/ari\/wp-json\/wp\/v2\/pages\/1101\/revisions\/1167"}],"wp:attachment":[{"href":"https:\/\/sites.uel.br\/ari\/wp-json\/wp\/v2\/media?parent=1101"}],"curies":[{"name":"wp","href":"https:\/\/api.w.org\/{rel}","templated":true}]}}