{"id":93,"date":"2025-02-03T15:28:53","date_gmt":"2025-02-03T18:28:53","guid":{"rendered":"https:\/\/sites.uel.br\/aplicacao\/?page_id=93"},"modified":"2025-02-03T15:28:53","modified_gmt":"2025-02-03T18:28:53","slug":"apmf","status":"publish","type":"page","link":"https:\/\/sites.uel.br\/aplicacao\/apmf\/","title":{"rendered":"APMF"},"content":{"rendered":"\n<p><em>Associa\u00e7\u00e3o de Pais, Mestres e Funcion\u00e1rios, e similares, &#8211; pessoa jur\u00eddica de direito privado, \u00e9 um \u00f3rg\u00e3o de representa\u00e7\u00e3o dos pais e profissionais do estabelecimento, n\u00e3o tendo car\u00e1ter pol\u00edtico partid\u00e1rio, religioso, racial e nem fins lucrativos, n\u00e3o sendo remunerados os seus Dirigentes e Conselheiros, sendo constitu\u00eddo por prazo indeterminado.<\/em><em><strong><\/strong><\/em><\/p>\n\n\n\n<p><em><strong>GEST\u00c3O: 2018\/2020<\/strong><\/em><\/p>\n\n\n\n<p><strong><em>PRESIDENTE:<\/em><\/strong><strong><em><\/em><\/strong><\/p>\n\n\n\n<p><em>Tania da Costa Fernandes<\/em><\/p>\n\n\n\n<p><strong><em>VICE-PRESIDENTE:<\/em><\/strong><strong><em><\/em><\/strong><\/p>\n\n\n\n<p><em>Marlizete Cristina Bonafini Steinle<\/em><\/p>\n\n\n\n<p><strong><em>1\u00aa. SECRET\u00c1RIO:<\/em><\/strong><\/p>\n\n\n\n<p><em>Aroldo Jos\u00e9 Bichaco<\/em><\/p>\n\n\n\n<p><strong><em>2\u00ba. SECRET\u00c1RIA:<\/em><\/strong><strong><em><\/em><\/strong><\/p>\n\n\n\n<p><em>Jaqueline Aparecida de Barros Alves<\/em><\/p>\n\n\n\n<p><strong><em>1\u00ba TESOUREIRO:<\/em><\/strong><strong><em><\/em><\/strong><\/p>\n\n\n\n<p><em>Simony Antonia Machado Miranda<\/em><\/p>\n\n\n\n<p><strong><em>2\u00ba TESOUREIRO:<\/em><\/strong>Maria Lucia Correia Lemes<\/p>\n\n\n\n<p>Conselho Fiscal<\/p>\n\n\n\n<p>Gracieli Aparecida Jos\u00e9&nbsp;<\/p>\n\n\n\n<p>&nbsp;Conselho Fiscal Suplente<\/p>\n\n\n\n<p><br>Andressa Cristina Cardoso Mano&nbsp;<\/p>\n\n\n\n<p>Conselho Fiscal<\/p>\n\n\n\n<p>&nbsp;Luiza Helena Klingelfuss Baptista<\/p>\n\n\n\n<p>Conselho Fiscal Suplente<\/p>\n\n\n\n<p>Gisele Aparecida Marcati Almeida<\/p>\n\n\n\n<p>Conselho Fiscal<\/p>\n\n\n\n<p>Rosana Maria Ribeiro<\/p>\n\n\n\n<p>Conselho Fiscal Suplente<\/p>\n\n\n\n<p>Marilene Baptista Taramelli<\/p>\n","protected":false},"excerpt":{"rendered":"<p>Associa\u00e7\u00e3o de Pais, Mestres e Funcion\u00e1rios, e similares, &#8211; pessoa jur\u00eddica de direito privado, \u00e9 um \u00f3rg\u00e3o de representa\u00e7\u00e3o dos pais e profissionais do estabelecimento, n\u00e3o tendo car\u00e1ter pol\u00edtico partid\u00e1rio, religioso, racial e nem fins lucrativos, n\u00e3o sendo remunerados os seus Dirigentes e Conselheiros, sendo constitu\u00eddo por prazo indeterminado. GEST\u00c3O: 2018\/2020 PRESIDENTE: Tania da Costa [&hellip;]<\/p>\n","protected":false},"author":1,"featured_media":0,"parent":0,"menu_order":0,"comment_status":"closed","ping_status":"closed","template":"","meta":{"_acf_changed":false,"footnotes":""},"class_list":["post-93","page","type-page","status-publish","hentry"],"acf":[],"_links":{"self":[{"href":"https:\/\/sites.uel.br\/aplicacao\/wp-json\/wp\/v2\/pages\/93","targetHints":{"allow":["GET"]}}],"collection":[{"href":"https:\/\/sites.uel.br\/aplicacao\/wp-json\/wp\/v2\/pages"}],"about":[{"href":"https:\/\/sites.uel.br\/aplicacao\/wp-json\/wp\/v2\/types\/page"}],"author":[{"embeddable":true,"href":"https:\/\/sites.uel.br\/aplicacao\/wp-json\/wp\/v2\/users\/1"}],"replies":[{"embeddable":true,"href":"https:\/\/sites.uel.br\/aplicacao\/wp-json\/wp\/v2\/comments?post=93"}],"version-history":[{"count":1,"href":"https:\/\/sites.uel.br\/aplicacao\/wp-json\/wp\/v2\/pages\/93\/revisions"}],"predecessor-version":[{"id":94,"href":"https:\/\/sites.uel.br\/aplicacao\/wp-json\/wp\/v2\/pages\/93\/revisions\/94"}],"wp:attachment":[{"href":"https:\/\/sites.uel.br\/aplicacao\/wp-json\/wp\/v2\/media?parent=93"}],"curies":[{"name":"wp","href":"https:\/\/api.w.org\/{rel}","templated":true}]}}

<p><em>Associação de Pais, Mestres e Funcionários, e similares, &#8211; pessoa jurídica de direito privado, é um órgão de representação dos pais e profissionais do estabelecimento, não tendo caráter político partidário, religioso, racial e nem fins lucrativos, não sendo remunerados os seus Dirigentes e Conselheiros, sendo constituído por prazo indeterminado.</em><em><strong></strong></em></p>



<p><em><strong>GESTÃO: 2018/2020</strong></em></p>



<p><strong><em>PRESIDENTE:</em></strong><strong><em></em></strong></p>



<p><em>Tania da Costa Fernandes</em></p>



<p><strong><em>VICE-PRESIDENTE:</em></strong><strong><em></em></strong></p>



<p><em>Marlizete Cristina Bonafini Steinle</em></p>



<p><strong><em>1ª. SECRETÁRIO:</em></strong></p>



<p><em>Aroldo José Bichaco</em></p>



<p><strong><em>2º. SECRETÁRIA:</em></strong><strong><em></em></strong></p>



<p><em>Jaqueline Aparecida de Barros Alves</em></p>



<p><strong><em>1º TESOUREIRO:</em></strong><strong><em></em></strong></p>



<p><em>Simony Antonia Machado Miranda</em></p>



<p><strong><em>2º TESOUREIRO:</em></strong>Maria Lucia Correia Lemes</p>



<p>Conselho Fiscal</p>



<p>Gracieli Aparecida José&nbsp;</p>



<p>&nbsp;Conselho Fiscal Suplente</p>



<p><br>Andressa Cristina Cardoso Mano&nbsp;</p>



<p>Conselho Fiscal</p>



<p>&nbsp;Luiza Helena Klingelfuss Baptista</p>



<p>Conselho Fiscal Suplente</p>



<p>Gisele Aparecida Marcati Almeida</p>



<p>Conselho Fiscal</p>



<p>Rosana Maria Ribeiro</p>



<p>Conselho Fiscal Suplente</p>



<p>Marilene Baptista Taramelli</p>

<p>Associação de Pais, Mestres e Funcionários, e similares, &#8211; pessoa jurídica de direito privado, é um órgão de representação dos pais e profissionais do estabelecimento, não tendo caráter político partidário, religioso, racial e nem fins lucrativos, não sendo remunerados os seus Dirigentes e Conselheiros, sendo constituído por prazo indeterminado. GESTÃO: 2018/2020 PRESIDENTE: Tania da Costa [&hellip;]</p>
