{"id":84,"date":"2025-02-03T15:18:39","date_gmt":"2025-02-03T18:18:39","guid":{"rendered":"https:\/\/sites.uel.br\/aplicacao\/?page_id=84"},"modified":"2025-02-03T15:27:22","modified_gmt":"2025-02-03T18:27:22","slug":"administracao","status":"publish","type":"page","link":"https:\/\/sites.uel.br\/aplicacao\/administracao\/","title":{"rendered":"Administra\u00e7\u00e3o"},"content":{"rendered":"\n<p><\/p>\n\n\n\n<p><strong>Dire\u00e7\u00e3o Geral &#8211; UEL <\/strong><\/p>\n\n\n\n<p><em>Tania da Costa Fernandes<\/em>&nbsp;<\/p>\n\n\n\n<p><strong>Vice-Dire\u00e7\u00e3o &#8211; UEL <\/strong><\/p>\n\n\n\n<p><em>Marlizete Cristina Bonafini Steinle<\/em><\/p>\n\n\n\n<p><strong>Dire\u00e7\u00e3o &#8211; Auxiliar &#8211; SEED &#8211; Manh\u00e3<\/strong><\/p>\n\n\n\n<p><em>Aroldo Jos\u00e9 Bichaco<\/em><\/p>\n\n\n\n<p><strong>Dire\u00e7\u00e3o &#8211; Auxiliar &#8211; SEED &#8211; Tarde<\/strong><\/p>\n\n\n\n<p><em>Aroldo Jos\u00e9 Bichaco<\/em><\/p>\n\n\n\n<p><strong>Dire\u00e7\u00e3o &#8211; Auxiliar &#8211; SEED &#8211; Noite<\/strong><\/p>\n\n\n\n<p><em>Ivete oliveira de Souza <\/em><\/p>\n\n\n\n<p><strong>Secret\u00e1rio Executivo &#8211; SEED<\/strong><\/p>\n\n\n\n<p><em>Maria Rita Oliveira de Souza<\/em><\/p>\n\n\n\n<p><strong>Coordena\u00e7\u00e3o de Curso e de est\u00e1gio &#8211; T\u00e9cnico em enfermagem<\/strong><\/p>\n\n\n\n<p><em>Ivete Oliveira de Souza<\/em><\/p>\n","protected":false},"excerpt":{"rendered":"<p>Dire\u00e7\u00e3o Geral &#8211; UEL Tania da Costa Fernandes&nbsp; Vice-Dire\u00e7\u00e3o &#8211; UEL Marlizete Cristina Bonafini Steinle Dire\u00e7\u00e3o &#8211; Auxiliar &#8211; SEED &#8211; Manh\u00e3 Aroldo Jos\u00e9 Bichaco Dire\u00e7\u00e3o &#8211; Auxiliar &#8211; SEED &#8211; Tarde Aroldo Jos\u00e9 Bichaco Dire\u00e7\u00e3o &#8211; Auxiliar &#8211; SEED &#8211; Noite Ivete oliveira de Souza Secret\u00e1rio Executivo &#8211; SEED Maria Rita Oliveira de Souza [&hellip;]<\/p>\n","protected":false},"author":1,"featured_media":0,"parent":0,"menu_order":0,"comment_status":"closed","ping_status":"closed","template":"","meta":{"_acf_changed":false,"footnotes":""},"class_list":["post-84","page","type-page","status-publish","hentry"],"acf":[],"_links":{"self":[{"href":"https:\/\/sites.uel.br\/aplicacao\/wp-json\/wp\/v2\/pages\/84","targetHints":{"allow":["GET"]}}],"collection":[{"href":"https:\/\/sites.uel.br\/aplicacao\/wp-json\/wp\/v2\/pages"}],"about":[{"href":"https:\/\/sites.uel.br\/aplicacao\/wp-json\/wp\/v2\/types\/page"}],"author":[{"embeddable":true,"href":"https:\/\/sites.uel.br\/aplicacao\/wp-json\/wp\/v2\/users\/1"}],"replies":[{"embeddable":true,"href":"https:\/\/sites.uel.br\/aplicacao\/wp-json\/wp\/v2\/comments?post=84"}],"version-history":[{"count":5,"href":"https:\/\/sites.uel.br\/aplicacao\/wp-json\/wp\/v2\/pages\/84\/revisions"}],"predecessor-version":[{"id":92,"href":"https:\/\/sites.uel.br\/aplicacao\/wp-json\/wp\/v2\/pages\/84\/revisions\/92"}],"wp:attachment":[{"href":"https:\/\/sites.uel.br\/aplicacao\/wp-json\/wp\/v2\/media?parent=84"}],"curies":[{"name":"wp","href":"https:\/\/api.w.org\/{rel}","templated":true}]}}

Administração

<p></p>



<p><strong>Direção Geral &#8211; UEL </strong></p>



<p><em>Tania da Costa Fernandes</em>&nbsp;</p>



<p><strong>Vice-Direção &#8211; UEL </strong></p>



<p><em>Marlizete Cristina Bonafini Steinle</em></p>



<p><strong>Direção &#8211; Auxiliar &#8211; SEED &#8211; Manhã</strong></p>



<p><em>Aroldo José Bichaco</em></p>



<p><strong>Direção &#8211; Auxiliar &#8211; SEED &#8211; Tarde</strong></p>



<p><em>Aroldo José Bichaco</em></p>



<p><strong>Direção &#8211; Auxiliar &#8211; SEED &#8211; Noite</strong></p>



<p><em>Ivete oliveira de Souza </em></p>



<p><strong>Secretário Executivo &#8211; SEED</strong></p>



<p><em>Maria Rita Oliveira de Souza</em></p>



<p><strong>Coordenação de Curso e de estágio &#8211; Técnico em enfermagem</strong></p>



<p><em>Ivete Oliveira de Souza</em></p>

<p>Direção Geral &#8211; UEL Tania da Costa Fernandes&nbsp; Vice-Direção &#8211; UEL Marlizete Cristina Bonafini Steinle Direção &#8211; Auxiliar &#8211; SEED &#8211; Manhã Aroldo José Bichaco Direção &#8211; Auxiliar &#8211; SEED &#8211; Tarde Aroldo José Bichaco Direção &#8211; Auxiliar &#8211; SEED &#8211; Noite Ivete oliveira de Souza Secretário Executivo &#8211; SEED Maria Rita Oliveira de Souza [&hellip;]</p>
