{"id":29,"date":"2025-01-30T16:42:38","date_gmt":"2025-01-30T19:42:38","guid":{"rendered":"https:\/\/sites.uel.br\/aplicacao\/?page_id=29"},"modified":"2025-02-11T09:11:28","modified_gmt":"2025-02-11T12:11:28","slug":"regimento-escolar","status":"publish","type":"page","link":"https:\/\/sites.uel.br\/aplicacao\/regimento-escolar\/","title":{"rendered":"Regimento Escolar"},"content":{"rendered":"\n<p><\/p>\n\n\n\n<p><strong>O Col\u00e9gio de Aplica\u00e7\u00e3o Pedag\u00f3gica da UEL disponibiliza<\/strong><\/p>\n\n\n\n<p><strong>para&nbsp;<\/strong><strong>consulta o&nbsp; Regimento Escolar.<\/strong><\/p>\n\n\n\n<p>Clique <a href=\"https:\/\/sites.uel.br\/aplicacao\/wp-content\/uploads\/2025\/02\/REGIMENTO-ESCOLAR2017-1.pdf\" data-type=\"link\" data-id=\"https:\/\/sites.uel.br\/aplicacao\/wp-content\/uploads\/2025\/02\/REGIMENTO-ESCOLAR2017-1.pdf\">aqui <\/a><\/p>\n","protected":false},"excerpt":{"rendered":"<p>O Col\u00e9gio de Aplica\u00e7\u00e3o Pedag\u00f3gica da UEL disponibiliza para&nbsp;consulta o&nbsp; Regimento Escolar. Clique aqui<\/p>\n","protected":false},"author":1,"featured_media":0,"parent":0,"menu_order":0,"comment_status":"closed","ping_status":"closed","template":"","meta":{"_acf_changed":false,"footnotes":""},"class_list":["post-29","page","type-page","status-publish","hentry"],"acf":[],"_links":{"self":[{"href":"https:\/\/sites.uel.br\/aplicacao\/wp-json\/wp\/v2\/pages\/29","targetHints":{"allow":["GET"]}}],"collection":[{"href":"https:\/\/sites.uel.br\/aplicacao\/wp-json\/wp\/v2\/pages"}],"about":[{"href":"https:\/\/sites.uel.br\/aplicacao\/wp-json\/wp\/v2\/types\/page"}],"author":[{"embeddable":true,"href":"https:\/\/sites.uel.br\/aplicacao\/wp-json\/wp\/v2\/users\/1"}],"replies":[{"embeddable":true,"href":"https:\/\/sites.uel.br\/aplicacao\/wp-json\/wp\/v2\/comments?post=29"}],"version-history":[{"count":4,"href":"https:\/\/sites.uel.br\/aplicacao\/wp-json\/wp\/v2\/pages\/29\/revisions"}],"predecessor-version":[{"id":284,"href":"https:\/\/sites.uel.br\/aplicacao\/wp-json\/wp\/v2\/pages\/29\/revisions\/284"}],"wp:attachment":[{"href":"https:\/\/sites.uel.br\/aplicacao\/wp-json\/wp\/v2\/media?parent=29"}],"curies":[{"name":"wp","href":"https:\/\/api.w.org\/{rel}","templated":true}]}}

<p></p>



<p><strong>O Colégio de Aplicação Pedagógica da UEL disponibiliza</strong></p>



<p><strong>para&nbsp;</strong><strong>consulta o&nbsp; Regimento Escolar.</strong></p>



<p>Clique <a href="https://sites.uel.br/aplicacao/wp-content/uploads/2025/02/REGIMENTO-ESCOLAR2017-1.pdf" data-type="link" data-id="https://sites.uel.br/aplicacao/wp-content/uploads/2025/02/REGIMENTO-ESCOLAR2017-1.pdf">aqui </a></p>

<p>O Colégio de Aplicação Pedagógica da UEL disponibiliza para&nbsp;consulta o&nbsp; Regimento Escolar. Clique aqui</p>
