{"id":28,"date":"2025-01-30T16:42:38","date_gmt":"2025-01-30T19:42:38","guid":{"rendered":"https:\/\/sites.uel.br\/aplicacao\/?page_id=28"},"modified":"2025-01-31T16:17:05","modified_gmt":"2025-01-31T19:17:05","slug":"proj-politico-pedagogico","status":"publish","type":"page","link":"https:\/\/sites.uel.br\/aplicacao\/proj-politico-pedagogico\/","title":{"rendered":"Proj. Politico Pedag\u00f3gico"},"content":{"rendered":"\n<p><\/p>\n\n\n\n<h3 class=\"wp-block-heading has-text-align-center\"><strong>O Col\u00e9gio de Aplica\u00e7\u00e3o Pedag\u00f3gica da UEL disponibiliza para<\/strong><\/h3>\n\n\n\n<h3 class=\"wp-block-heading has-text-align-center\"><strong>consulta o&nbsp; Projeto Pol\u00edtico Pedag\u00f3gico.<\/strong><\/h3>\n\n\n<div class=\"wp-block-image\">\n<figure class=\"aligncenter size-full\"><img loading=\"lazy\" decoding=\"async\" width=\"474\" height=\"472\" src=\"https:\/\/sites.uel.br\/aplicacao\/wp-content\/uploads\/2025\/01\/00_PPP_2024.jpeg\" alt=\"\" class=\"wp-image-58\" srcset=\"https:\/\/sites.uel.br\/aplicacao\/wp-content\/uploads\/2025\/01\/00_PPP_2024.jpeg 474w, https:\/\/sites.uel.br\/aplicacao\/wp-content\/uploads\/2025\/01\/00_PPP_2024-300x300.jpeg 300w, https:\/\/sites.uel.br\/aplicacao\/wp-content\/uploads\/2025\/01\/00_PPP_2024-150x150.jpeg 150w\" sizes=\"auto, (max-width: 474px) 100vw, 474px\" \/><\/figure>\n<\/div>\n\n\n<p class=\"has-text-align-center\"><a href=\"https:\/\/drive.google.com\/file\/d\/1_6k7iFEwjbvKL6-9PUSeIjUKb2lbm3tf\/view\" data-type=\"link\" data-id=\"https:\/\/drive.google.com\/file\/d\/1_6k7iFEwjbvKL6-9PUSeIjUKb2lbm3tf\/view\">PPP 2022 <\/a><\/p>\n\n\n\n<p class=\"has-text-align-center\">*clique no link acima <\/p>\n","protected":false},"excerpt":{"rendered":"<p>O Col\u00e9gio de Aplica\u00e7\u00e3o Pedag\u00f3gica da UEL disponibiliza para consulta o&nbsp; Projeto Pol\u00edtico Pedag\u00f3gico. PPP 2022 *clique no link acima<\/p>\n","protected":false},"author":1,"featured_media":0,"parent":0,"menu_order":0,"comment_status":"closed","ping_status":"closed","template":"","meta":{"_acf_changed":false,"footnotes":""},"class_list":["post-28","page","type-page","status-publish","hentry"],"acf":[],"_links":{"self":[{"href":"https:\/\/sites.uel.br\/aplicacao\/wp-json\/wp\/v2\/pages\/28","targetHints":{"allow":["GET"]}}],"collection":[{"href":"https:\/\/sites.uel.br\/aplicacao\/wp-json\/wp\/v2\/pages"}],"about":[{"href":"https:\/\/sites.uel.br\/aplicacao\/wp-json\/wp\/v2\/types\/page"}],"author":[{"embeddable":true,"href":"https:\/\/sites.uel.br\/aplicacao\/wp-json\/wp\/v2\/users\/1"}],"replies":[{"embeddable":true,"href":"https:\/\/sites.uel.br\/aplicacao\/wp-json\/wp\/v2\/comments?post=28"}],"version-history":[{"count":3,"href":"https:\/\/sites.uel.br\/aplicacao\/wp-json\/wp\/v2\/pages\/28\/revisions"}],"predecessor-version":[{"id":61,"href":"https:\/\/sites.uel.br\/aplicacao\/wp-json\/wp\/v2\/pages\/28\/revisions\/61"}],"wp:attachment":[{"href":"https:\/\/sites.uel.br\/aplicacao\/wp-json\/wp\/v2\/media?parent=28"}],"curies":[{"name":"wp","href":"https:\/\/api.w.org\/{rel}","templated":true}]}}