{"id":14,"date":"2025-01-30T16:28:06","date_gmt":"2025-01-30T19:28:06","guid":{"rendered":"https:\/\/sites.uel.br\/aplicacao\/?page_id=14"},"modified":"2025-02-24T16:25:56","modified_gmt":"2025-02-24T19:25:56","slug":"pagina-inicial","status":"publish","type":"page","link":"https:\/\/sites.uel.br\/aplicacao\/","title":{"rendered":"PAGINA INICIAL"},"content":{"rendered":"\n<h2 class=\"wp-block-heading has-text-align-center\"><strong>COL\u00c9GIO DE APLICA\u00c7\u00c3O UEL <\/strong><\/h2>\n\n\n\n<div class=\"wp-block-columns is-layout-flex wp-container-core-columns-is-layout-9d6595d7 wp-block-columns-is-layout-flex\">\n<div class=\"wp-block-column is-layout-flow wp-block-column-is-layout-flow\" style=\"flex-basis:66.66%\">\n<div class=\"alignnormal\"><div id=\"metaslider-id-350\" style=\"width: 100%;\" class=\"ml-slider-3-95-0 metaslider metaslider-flex metaslider-350 ml-slider ms-theme-default-base has-dots-nav\" role=\"region\" aria-roledescription=\"Slideshow\" aria-label=\"New Slideshow\">\n    <div id=\"metaslider_container_350\">\n        <div id=\"metaslider_350\">\n            <ul class='slides'>\n                <li style=\"display: block; width: 100%;\" class=\"slide-351 ms-image \" aria-roledescription=\"slide\" aria-label=\"slide-351\"><img loading=\"lazy\" decoding=\"async\" src=\"https:\/\/sites.uel.br\/aplicacao\/wp-content\/uploads\/2025\/02\/00_fam_02_fx.png\" height=\"521\" width=\"521\" alt=\"\" class=\"slider-350 slide-351\" title=\"00_fam_02_fx\" \/><\/li>\n                <li style=\"display: none; width: 100%;\" class=\"slide-354 ms-image \" aria-roledescription=\"slide\" aria-label=\"slide-354\"><img loading=\"lazy\" decoding=\"async\" src=\"https:\/\/sites.uel.br\/aplicacao\/wp-content\/uploads\/2025\/02\/ENF11_imp_PRORROGACAO2-1-2.jpg\" height=\"521\" width=\"521\" alt=\"\" class=\"slider-350 slide-354\" title=\"ENF11_imp_PRORROGACAO2 (1)\" \/><\/li>\n            <\/ul>\n        <\/div>\n        \n    <\/div>\n<\/div><\/div>\n<\/div>\n\n\n\n<div class=\"wp-block-column is-layout-flow wp-block-column-is-layout-flow\" style=\"flex-basis:33.33%\">\n<div class=\"alignnormal\"><div id=\"metaslider-id-348\" style=\"width: 100%;\" class=\"ml-slider-3-95-0 metaslider metaslider-flex metaslider-348 ml-slider ms-theme-default-base has-dots-nav\" role=\"region\" aria-roledescription=\"Slideshow\" aria-label=\"New Slideshow\">\n    <div id=\"metaslider_container_348\">\n        <div id=\"metaslider_348\">\n            <ul class='slides'>\n                <li style=\"display: block; width: 100%;\" class=\"slide-349 ms-image \" aria-roledescription=\"slide\" aria-label=\"slide-349\"><img loading=\"lazy\" decoding=\"async\" src=\"https:\/\/sites.uel.br\/aplicacao\/wp-content\/uploads\/2025\/02\/00_inc_cient002-521x490.jpg\" height=\"490\" width=\"521\" alt=\"\" class=\"slider-348 slide-349\" title=\"00_inc_cient002\" \/><\/li>\n            <\/ul>\n        <\/div>\n        \n    <\/div>\n<\/div><\/div>\n\n\n\n<div class=\"alignnormal\"><div id=\"metaslider-id-344\" style=\"width: 100%;\" class=\"ml-slider-3-95-0 metaslider metaslider-flex metaslider-344 ml-slider ms-theme-default-base has-dots-nav\" role=\"region\" aria-roledescription=\"Slideshow\" aria-label=\"New Slideshow\">\n    <div id=\"metaslider_container_344\">\n        <div id=\"metaslider_344\">\n            <ul class='slides'>\n                <li style=\"display: block; width: 100%;\" class=\"slide-345 ms-image \" aria-roledescription=\"slide\" aria-label=\"slide-345\"><img loading=\"lazy\" decoding=\"async\" src=\"https:\/\/sites.uel.br\/aplicacao\/wp-content\/uploads\/2025\/02\/00.Res_.Inic_.Cient_.Jr-1-424x399.jpg\" height=\"490\" width=\"521\" alt=\"\" class=\"slider-344 slide-345\" title=\"00.Res.Inic.Cient.Jr (1)\" \/><\/li>\n                <li style=\"display: none; width: 100%;\" class=\"slide-346 ms-image \" aria-roledescription=\"slide\" aria-label=\"slide-346\"><img loading=\"lazy\" decoding=\"async\" src=\"https:\/\/sites.uel.br\/aplicacao\/wp-content\/uploads\/2025\/02\/00_inc_cient002-1-1-424x399.jpg\" height=\"490\" width=\"521\" alt=\"\" class=\"slider-344 slide-346\" title=\"00_inc_cient002 (1)\" \/><\/li>\n                <li style=\"display: none; width: 100%;\" class=\"slide-347 ms-image \" aria-roledescription=\"slide\" aria-label=\"slide-347\"><img loading=\"lazy\" decoding=\"async\" src=\"https:\/\/sites.uel.br\/aplicacao\/wp-content\/uploads\/2025\/02\/00_inc_cient002-521x490.jpg\" height=\"490\" width=\"521\" alt=\"\" class=\"slider-344 slide-347\" title=\"00_inc_cient002\" \/><\/li>\n            <\/ul>\n        <\/div>\n        \n    <\/div>\n<\/div><\/div>\n<\/div>\n<\/div>\n","protected":false},"excerpt":{"rendered":"<p>COL\u00c9GIO DE APLICA\u00c7\u00c3O UEL<\/p>\n","protected":false},"author":1,"featured_media":0,"parent":0,"menu_order":0,"comment_status":"closed","ping_status":"closed","template":"","meta":{"_acf_changed":false,"footnotes":""},"class_list":["post-14","page","type-page","status-publish","hentry"],"acf":[],"_links":{"self":[{"href":"https:\/\/sites.uel.br\/aplicacao\/wp-json\/wp\/v2\/pages\/14","targetHints":{"allow":["GET"]}}],"collection":[{"href":"https:\/\/sites.uel.br\/aplicacao\/wp-json\/wp\/v2\/pages"}],"about":[{"href":"https:\/\/sites.uel.br\/aplicacao\/wp-json\/wp\/v2\/types\/page"}],"author":[{"embeddable":true,"href":"https:\/\/sites.uel.br\/aplicacao\/wp-json\/wp\/v2\/users\/1"}],"replies":[{"embeddable":true,"href":"https:\/\/sites.uel.br\/aplicacao\/wp-json\/wp\/v2\/comments?post=14"}],"version-history":[{"count":29,"href":"https:\/\/sites.uel.br\/aplicacao\/wp-json\/wp\/v2\/pages\/14\/revisions"}],"predecessor-version":[{"id":353,"href":"https:\/\/sites.uel.br\/aplicacao\/wp-json\/wp\/v2\/pages\/14\/revisions\/353"}],"wp:attachment":[{"href":"https:\/\/sites.uel.br\/aplicacao\/wp-json\/wp\/v2\/media?parent=14"}],"curies":[{"name":"wp","href":"https:\/\/api.w.org\/{rel}","templated":true}]}}