{"id":126,"date":"2025-02-03T15:39:37","date_gmt":"2025-02-03T18:39:37","guid":{"rendered":"https:\/\/sites.uel.br\/aplicacao\/?page_id=126"},"modified":"2025-02-04T17:01:04","modified_gmt":"2025-02-04T20:01:04","slug":"informes","status":"publish","type":"page","link":"https:\/\/sites.uel.br\/aplicacao\/informes\/","title":{"rendered":"Informes"},"content":{"rendered":"\n<p><\/p>\n\n\n<div class=\"wp-block-image\">\n<figure class=\"aligncenter size-full is-resized\"><img loading=\"lazy\" decoding=\"async\" width=\"251\" height=\"201\" src=\"https:\/\/sites.uel.br\/aplicacao\/wp-content\/uploads\/2025\/02\/images.png\" alt=\"\" class=\"wp-image-198\" style=\"width:343px;height:auto\" \/><\/figure>\n<\/div>\n\n\n<p class=\"has-text-align-center\"><strong>COL\u00c9GIO DE APLICA\u00c7\u00c3O PEDAG\u00d3GICA DA UNIVERSIDADE ESTADUAL DE LONDRINA<\/strong><\/p>\n\n\n\n<p class=\"has-text-align-center\"><strong>PROFESSOR JOS\u00c9 ALO\u00cdSIO ARAG\u00c3O \u2013 Unidades de Educa\u00e7\u00e3o Infantil.<\/strong><\/p>\n\n\n\n<p><strong>INFORME<\/strong><\/p>\n\n\n\n<p>Senhores Pais e\/ou respons\u00e1veis,<\/p>\n\n\n\n<p>O Col\u00e9gio de Aplica\u00e7\u00e3o da UEL, unidade da Educa\u00e7\u00e3o Infantil, considerando as determina\u00e7\u00f5es da reitoria da UEL, bem como do Munic\u00edpio de Londrina e SME, sobre enfrentamento da emerg\u00eancia de sa\u00fade p\u00fablica de import\u00e2ncia internacional decorrente do Coronav\u00edrus &#8211; COVID 19, informe que:<\/p>\n\n\n\n<p><strong>&#8211; &nbsp;as aulas e demais atividades escolares est\u00e3o suspensas a partir de 23\/03\/2020;<\/strong><\/p>\n\n\n\n<p><strong>&#8211; nos dias 18, 19 e 20 de mar\u00e7o, a escola permanecer\u00e1 aberta para garantir \u00e0s fam\u00edlias o tempo para readequa\u00e7\u00e3o de suas rotinas familiares. No entanto, os alunos que j\u00e1 puderem permanecer em casa ter\u00e3o suas faltas abonadas.<\/strong><\/p>\n\n\n\n<p>O momento pede uni\u00e3o e responsabilidade sobre a situa\u00e7\u00e3o epidemiol\u00f3gica que estamos vivenciando. Contamos com a colabora\u00e7\u00e3o de todos\/as e estamos \u00e0 disposi\u00e7\u00e3o para esclarecimentos e\/ou orienta\u00e7\u00f5es que se fizerem necess\u00e1rios.<\/p>\n\n\n\n<p><strong>Equipe Diretiva<\/strong><\/p>\n\n\n\n<p><strong>CAPL\/CEIs- Unidades da Educa\u00e7\u00e3o Infantil Campus e HU.<\/strong><\/p>\n","protected":false},"excerpt":{"rendered":"<p>COL\u00c9GIO DE APLICA\u00c7\u00c3O PEDAG\u00d3GICA DA UNIVERSIDADE ESTADUAL DE LONDRINA PROFESSOR JOS\u00c9 ALO\u00cdSIO ARAG\u00c3O \u2013 Unidades de Educa\u00e7\u00e3o Infantil. INFORME Senhores Pais e\/ou respons\u00e1veis, O Col\u00e9gio de Aplica\u00e7\u00e3o da UEL, unidade da Educa\u00e7\u00e3o Infantil, considerando as determina\u00e7\u00f5es da reitoria da UEL, bem como do Munic\u00edpio de Londrina e SME, sobre enfrentamento da emerg\u00eancia de sa\u00fade p\u00fablica [&hellip;]<\/p>\n","protected":false},"author":1,"featured_media":0,"parent":0,"menu_order":0,"comment_status":"closed","ping_status":"closed","template":"","meta":{"_acf_changed":false,"footnotes":""},"class_list":["post-126","page","type-page","status-publish","hentry"],"acf":[],"_links":{"self":[{"href":"https:\/\/sites.uel.br\/aplicacao\/wp-json\/wp\/v2\/pages\/126","targetHints":{"allow":["GET"]}}],"collection":[{"href":"https:\/\/sites.uel.br\/aplicacao\/wp-json\/wp\/v2\/pages"}],"about":[{"href":"https:\/\/sites.uel.br\/aplicacao\/wp-json\/wp\/v2\/types\/page"}],"author":[{"embeddable":true,"href":"https:\/\/sites.uel.br\/aplicacao\/wp-json\/wp\/v2\/users\/1"}],"replies":[{"embeddable":true,"href":"https:\/\/sites.uel.br\/aplicacao\/wp-json\/wp\/v2\/comments?post=126"}],"version-history":[{"count":4,"href":"https:\/\/sites.uel.br\/aplicacao\/wp-json\/wp\/v2\/pages\/126\/revisions"}],"predecessor-version":[{"id":202,"href":"https:\/\/sites.uel.br\/aplicacao\/wp-json\/wp\/v2\/pages\/126\/revisions\/202"}],"wp:attachment":[{"href":"https:\/\/sites.uel.br\/aplicacao\/wp-json\/wp\/v2\/media?parent=126"}],"curies":[{"name":"wp","href":"https:\/\/api.w.org\/{rel}","templated":true}]}}

<p></p>


<div class="wp-block-image">
<figure class="aligncenter size-full is-resized"><img loading="lazy" decoding="async" width="251" height="201" src="https://sites.uel.br/aplicacao/wp-content/uploads/2025/02/images.png" alt="" class="wp-image-198" style="width:343px;height:auto" /></figure>
</div>


<p class="has-text-align-center"><strong>COLÉGIO DE APLICAÇÃO PEDAGÓGICA DA UNIVERSIDADE ESTADUAL DE LONDRINA</strong></p>



<p class="has-text-align-center"><strong>PROFESSOR JOSÉ ALOÍSIO ARAGÃO – Unidades de Educação Infantil.</strong></p>



<p><strong>INFORME</strong></p>



<p>Senhores Pais e/ou responsáveis,</p>



<p>O Colégio de Aplicação da UEL, unidade da Educação Infantil, considerando as determinações da reitoria da UEL, bem como do Município de Londrina e SME, sobre enfrentamento da emergência de saúde pública de importância internacional decorrente do Coronavírus &#8211; COVID 19, informe que:</p>



<p><strong>&#8211; &nbsp;as aulas e demais atividades escolares estão suspensas a partir de 23/03/2020;</strong></p>



<p><strong>&#8211; nos dias 18, 19 e 20 de março, a escola permanecerá aberta para garantir às famílias o tempo para readequação de suas rotinas familiares. No entanto, os alunos que já puderem permanecer em casa terão suas faltas abonadas.</strong></p>



<p>O momento pede união e responsabilidade sobre a situação epidemiológica que estamos vivenciando. Contamos com a colaboração de todos/as e estamos à disposição para esclarecimentos e/ou orientações que se fizerem necessários.</p>



<p><strong>Equipe Diretiva</strong></p>



<p><strong>CAPL/CEIs- Unidades da Educação Infantil Campus e HU.</strong></p>

<p>COLÉGIO DE APLICAÇÃO PEDAGÓGICA DA UNIVERSIDADE ESTADUAL DE LONDRINA PROFESSOR JOSÉ ALOÍSIO ARAGÃO – Unidades de Educação Infantil. INFORME Senhores Pais e/ou responsáveis, O Colégio de Aplicação da UEL, unidade da Educação Infantil, considerando as determinações da reitoria da UEL, bem como do Município de Londrina e SME, sobre enfrentamento da emergência de saúde pública [&hellip;]</p>
