{"id":109,"date":"2025-02-03T15:38:34","date_gmt":"2025-02-03T18:38:34","guid":{"rendered":"https:\/\/sites.uel.br\/aplicacao\/?page_id=109"},"modified":"2025-02-11T09:13:37","modified_gmt":"2025-02-11T12:13:37","slug":"termos-para-estagio-e-residencia-pedagogica","status":"publish","type":"page","link":"https:\/\/sites.uel.br\/aplicacao\/termos-para-estagio-e-residencia-pedagogica\/","title":{"rendered":"Termos para Est\u00e1gio e Resid\u00eancia Pedag\u00f4gica"},"content":{"rendered":"\n<p><\/p>\n\n\n\n<p>TERMOS PARA EST\u00c1GIO CURRICULAR OBRIGAT\u00d3RIO E RESID\u00caNCIA PEDAG\u00d3GICA<\/p>\n\n\n\n<p>Clique <a href=\"https:\/\/sites.uel.br\/aplicacao\/wp-content\/uploads\/2025\/02\/CAPL-CEI-TERMOS-para-estagio-curricular-2020-.pdf\" data-type=\"link\" data-id=\"https:\/\/sites.uel.br\/aplicacao\/wp-content\/uploads\/2025\/02\/CAPL-CEI-TERMOS-para-estagio-curricular-2020-.pdf\">aqui<\/a><\/p>\n","protected":false},"excerpt":{"rendered":"<p>TERMOS PARA EST\u00c1GIO CURRICULAR OBRIGAT\u00d3RIO E RESID\u00caNCIA PEDAG\u00d3GICA Clique aqui<\/p>\n","protected":false},"author":1,"featured_media":0,"parent":0,"menu_order":0,"comment_status":"closed","ping_status":"closed","template":"","meta":{"_acf_changed":false,"footnotes":""},"class_list":["post-109","page","type-page","status-publish","hentry"],"acf":[],"_links":{"self":[{"href":"https:\/\/sites.uel.br\/aplicacao\/wp-json\/wp\/v2\/pages\/109","targetHints":{"allow":["GET"]}}],"collection":[{"href":"https:\/\/sites.uel.br\/aplicacao\/wp-json\/wp\/v2\/pages"}],"about":[{"href":"https:\/\/sites.uel.br\/aplicacao\/wp-json\/wp\/v2\/types\/page"}],"author":[{"embeddable":true,"href":"https:\/\/sites.uel.br\/aplicacao\/wp-json\/wp\/v2\/users\/1"}],"replies":[{"embeddable":true,"href":"https:\/\/sites.uel.br\/aplicacao\/wp-json\/wp\/v2\/comments?post=109"}],"version-history":[{"count":5,"href":"https:\/\/sites.uel.br\/aplicacao\/wp-json\/wp\/v2\/pages\/109\/revisions"}],"predecessor-version":[{"id":287,"href":"https:\/\/sites.uel.br\/aplicacao\/wp-json\/wp\/v2\/pages\/109\/revisions\/287"}],"wp:attachment":[{"href":"https:\/\/sites.uel.br\/aplicacao\/wp-json\/wp\/v2\/media?parent=109"}],"curies":[{"name":"wp","href":"https:\/\/api.w.org\/{rel}","templated":true}]}}

Termos para Estágio e Residência Pedagôgica

<p></p>



<p>TERMOS PARA ESTÁGIO CURRICULAR OBRIGATÓRIO E RESIDÊNCIA PEDAGÓGICA</p>



<p>Clique <a href="https://sites.uel.br/aplicacao/wp-content/uploads/2025/02/CAPL-CEI-TERMOS-para-estagio-curricular-2020-.pdf" data-type="link" data-id="https://sites.uel.br/aplicacao/wp-content/uploads/2025/02/CAPL-CEI-TERMOS-para-estagio-curricular-2020-.pdf">aqui</a></p>

<p>TERMOS PARA ESTÁGIO CURRICULAR OBRIGATÓRIO E RESIDÊNCIA PEDAGÓGICA Clique aqui</p>
