{"id":106,"date":"2025-02-03T15:38:34","date_gmt":"2025-02-03T18:38:34","guid":{"rendered":"https:\/\/sites.uel.br\/aplicacao\/?page_id=106"},"modified":"2025-02-04T16:44:49","modified_gmt":"2025-02-04T19:44:49","slug":"instancias-colegiadas","status":"publish","type":"page","link":"https:\/\/sites.uel.br\/aplicacao\/instancias-colegiadas\/","title":{"rendered":"Inst\u00e2ncias Colegiadas"},"content":{"rendered":"\n<p><\/p>\n\n\n\n<p class=\"has-text-align-center\"><strong>CONSELHO ESCOLAR&nbsp;&nbsp;<\/strong><\/p>\n\n\n\n<p>\u00c9 um \u00f3rg\u00e3o colegiado representativo da Comunidade Escolar, de &nbsp;natureza deliberativa, &nbsp;consultiva e fiscal, &nbsp;sobre a &nbsp; organiza\u00e7\u00e3o e &nbsp;realiza\u00e7\u00e3o do trabalho pedag\u00f3gico e administrativo da institui\u00e7\u00e3o&nbsp;&nbsp;escolar em conformidade com as pol\u00edticas e diretrizes educacionais da educa\u00e7\u00e3o infantil,&nbsp;a Constitui\u00e7\u00e3o, a LDB, o ECA, o Projeto Pol\u00edtico Pedag\u00f3gico e o Regimento do CAPL, para cumprimento da fun\u00e7\u00e3o social e espec\u00edfica da Educa\u00e7\u00e3o Infantil.&nbsp;<\/p>\n\n\n\n<p class=\"has-text-align-center\">&nbsp;<strong>APF<\/strong>&nbsp;&nbsp; &nbsp; &nbsp;&nbsp;<\/p>\n\n\n\n<p>\u00c9 um&nbsp;\u00f3rg\u00e3o de representa\u00e7\u00e3o dos pais e &nbsp;funcion\u00e1rios. Tem por objetivo geral colaborar na assist\u00eancia ao aluno,&nbsp;promovendo&nbsp;a aproxima\u00e7\u00e3o entre os colaboradores e integra\u00e7\u00e3o Fam\u00edlia- Escola- Comunidade.&nbsp;<\/p>\n","protected":false},"excerpt":{"rendered":"<p>CONSELHO ESCOLAR&nbsp;&nbsp; \u00c9 um \u00f3rg\u00e3o colegiado representativo da Comunidade Escolar, de &nbsp;natureza deliberativa, &nbsp;consultiva e fiscal, &nbsp;sobre a &nbsp; organiza\u00e7\u00e3o e &nbsp;realiza\u00e7\u00e3o do trabalho pedag\u00f3gico e administrativo da institui\u00e7\u00e3o&nbsp;&nbsp;escolar em conformidade com as pol\u00edticas e diretrizes educacionais da educa\u00e7\u00e3o infantil,&nbsp;a Constitui\u00e7\u00e3o, a LDB, o ECA, o Projeto Pol\u00edtico Pedag\u00f3gico e o Regimento do CAPL, para [&hellip;]<\/p>\n","protected":false},"author":1,"featured_media":0,"parent":0,"menu_order":0,"comment_status":"closed","ping_status":"closed","template":"","meta":{"_acf_changed":false,"footnotes":""},"class_list":["post-106","page","type-page","status-publish","hentry"],"acf":[],"_links":{"self":[{"href":"https:\/\/sites.uel.br\/aplicacao\/wp-json\/wp\/v2\/pages\/106","targetHints":{"allow":["GET"]}}],"collection":[{"href":"https:\/\/sites.uel.br\/aplicacao\/wp-json\/wp\/v2\/pages"}],"about":[{"href":"https:\/\/sites.uel.br\/aplicacao\/wp-json\/wp\/v2\/types\/page"}],"author":[{"embeddable":true,"href":"https:\/\/sites.uel.br\/aplicacao\/wp-json\/wp\/v2\/users\/1"}],"replies":[{"embeddable":true,"href":"https:\/\/sites.uel.br\/aplicacao\/wp-json\/wp\/v2\/comments?post=106"}],"version-history":[{"count":3,"href":"https:\/\/sites.uel.br\/aplicacao\/wp-json\/wp\/v2\/pages\/106\/revisions"}],"predecessor-version":[{"id":183,"href":"https:\/\/sites.uel.br\/aplicacao\/wp-json\/wp\/v2\/pages\/106\/revisions\/183"}],"wp:attachment":[{"href":"https:\/\/sites.uel.br\/aplicacao\/wp-json\/wp\/v2\/media?parent=106"}],"curies":[{"name":"wp","href":"https:\/\/api.w.org\/{rel}","templated":true}]}}

Instâncias Colegiadas

<p></p>



<p class="has-text-align-center"><strong>CONSELHO ESCOLAR&nbsp;&nbsp;</strong></p>



<p>É um órgão colegiado representativo da Comunidade Escolar, de &nbsp;natureza deliberativa, &nbsp;consultiva e fiscal, &nbsp;sobre a &nbsp; organização e &nbsp;realização do trabalho pedagógico e administrativo da instituição&nbsp;&nbsp;escolar em conformidade com as políticas e diretrizes educacionais da educação infantil,&nbsp;a Constituição, a LDB, o ECA, o Projeto Político Pedagógico e o Regimento do CAPL, para cumprimento da função social e específica da Educação Infantil.&nbsp;</p>



<p class="has-text-align-center">&nbsp;<strong>APF</strong>&nbsp;&nbsp; &nbsp; &nbsp;&nbsp;</p>



<p>É um&nbsp;órgão de representação dos pais e &nbsp;funcionários. Tem por objetivo geral colaborar na assistência ao aluno,&nbsp;promovendo&nbsp;a aproximação entre os colaboradores e integração Família- Escola- Comunidade.&nbsp;</p>

<p>CONSELHO ESCOLAR&nbsp;&nbsp; É um órgão colegiado representativo da Comunidade Escolar, de &nbsp;natureza deliberativa, &nbsp;consultiva e fiscal, &nbsp;sobre a &nbsp; organização e &nbsp;realização do trabalho pedagógico e administrativo da instituição&nbsp;&nbsp;escolar em conformidade com as políticas e diretrizes educacionais da educação infantil,&nbsp;a Constituição, a LDB, o ECA, o Projeto Político Pedagógico e o Regimento do CAPL, para [&hellip;]</p>
