{"id":105,"date":"2025-02-03T15:38:34","date_gmt":"2025-02-03T18:38:34","guid":{"rendered":"https:\/\/sites.uel.br\/aplicacao\/?page_id=105"},"modified":"2025-02-04T16:42:25","modified_gmt":"2025-02-04T19:42:25","slug":"equipe","status":"publish","type":"page","link":"https:\/\/sites.uel.br\/aplicacao\/equipe\/","title":{"rendered":"Equipe"},"content":{"rendered":"\n<p><\/p>\n\n\n\n<p><strong>Diretora Geral do CAPL:<\/strong>&nbsp;T\u00e2nia Costa Fernandes<\/p>\n\n\n\n<p><strong>Vice Diretora CAPL:<\/strong>&nbsp;Marlizete Cristina Bonafini Steinle<\/p>\n\n\n\n<p>&nbsp;<strong>Chefe de Divis\u00e3o da Educa\u00e7\u00e3o Infantil:&nbsp;<\/strong>Josiane de Jesus Fran\u00e7a<\/p>\n\n\n\n<figure class=\"wp-block-table\"><table class=\"has-fixed-layout\"><tbody><tr><td>&nbsp;<strong>CAMPUS<\/strong>&nbsp;<strong><\/strong><strong>Encarregada de se\u00e7\u00e3o (Campus):<\/strong>&nbsp; Claudia Ap. de Souza Tonasse&nbsp;<strong>Pedagoga:<\/strong>&nbsp;Maria Aparecida de Souza Campos&nbsp;&nbsp;<strong>Secretaria:<\/strong>&nbsp;Cleunice da Paz Kolarovicz&nbsp; &nbsp; &nbsp; &nbsp;&nbsp;<strong>Cozinha:<\/strong>&nbsp;Edna Ap. de SouzaEunice Maria Coelho&nbsp;<strong>Limpeza:<\/strong>&nbsp; C\u00e9sar FernandesJo\u00e3o Batista Augustinho&nbsp;&nbsp;<strong>Apoio Lavanderia:&nbsp;&nbsp;<\/strong>C\u00e9sar e Jo\u00e3o &nbsp; &nbsp; &nbsp; &nbsp; &nbsp; &nbsp; &nbsp; &nbsp; &nbsp; &nbsp; &nbsp; &nbsp; &nbsp; &nbsp; &nbsp; &nbsp; &nbsp; &nbsp; &nbsp; &nbsp;&nbsp;&nbsp; &nbsp; &nbsp; &nbsp; &nbsp; &nbsp; &nbsp; &nbsp; &nbsp; &nbsp; &nbsp; &nbsp; &nbsp; &nbsp; &nbsp; &nbsp; &nbsp; &nbsp;&nbsp;&nbsp;&nbsp;<\/td><td>&nbsp;<strong>HU<\/strong>&nbsp;<strong><\/strong><strong>Encarregada de se\u00e7\u00e3o (HU):<\/strong>&nbsp; Joana D\u2019arc Silva R. Gomes&nbsp;&nbsp;<strong>Pedagoga:&nbsp;<\/strong>Terezinha de Paula Machado&nbsp;&nbsp;<strong>S<\/strong><strong>ecretaria:<\/strong>&nbsp;Roseli dos Santos Dias&nbsp;&nbsp; &nbsp; &nbsp; &nbsp; &nbsp; &nbsp; &nbsp; &nbsp; &nbsp; &nbsp; &nbsp; &nbsp; &nbsp; &nbsp; &nbsp; &nbsp; &nbsp;&nbsp;<strong>Cozinha:<\/strong>&nbsp; Apoio: Aparecida Ivone&nbsp; S. OliveiraLioneide de Jesus de Ara\u00fajo (manh\u00e3)&nbsp; &nbsp; &nbsp; &nbsp; &nbsp; &nbsp; &nbsp; &nbsp; &nbsp; &nbsp; &nbsp; &nbsp; &nbsp; &nbsp; &nbsp; &nbsp; &nbsp; &nbsp; &nbsp; &nbsp;&nbsp;<strong>Limpeza:<\/strong>&nbsp;&nbsp;L\u00facia Regina G. Bezerra SantosAngela Cristina dos Santos&nbsp;&nbsp; &nbsp; &nbsp; &nbsp; &nbsp;&nbsp;<strong>Lavanderia:<\/strong>&nbsp;Aparecida Ivone S. Oliveira&nbsp; &nbsp; &nbsp; &nbsp; &nbsp; &nbsp; &nbsp; &nbsp; &nbsp; &nbsp; &nbsp; &nbsp; &nbsp; &nbsp; &nbsp; &nbsp; &nbsp; &nbsp; &nbsp; &nbsp; &nbsp; &nbsp; &nbsp; &nbsp; &nbsp; &nbsp; &nbsp; &nbsp; &nbsp; &nbsp; &nbsp;&nbsp;<\/td><\/tr><\/tbody><\/table><\/figure>\n\n\n\n<figure class=\"wp-block-table\"><table class=\"has-fixed-layout\"><tbody><tr><td>&nbsp;<strong>Nutricionista Campus e HU:<\/strong>&nbsp;\u00c9rica Boi\u00e7a Goetze<\/td><\/tr><\/tbody><\/table><\/figure>\n\n\n\n<p class=\"has-text-align-center\"><strong>ORGANIZA\u00c7\u00c3O DO CORPO DOCENTE <\/strong><\/p>\n\n\n\n<p class=\"has-text-align-center\">*CAMPUS 2023 <\/p>\n\n\n\n<figure class=\"wp-block-table\"><table class=\"has-fixed-layout\"><tbody><tr><td><strong>Per\u00edodo<\/strong><\/td><td><strong>E.I.1<\/strong><\/td><td><strong>E.I.2<\/strong><br><\/td><td><strong>E.I.3<\/strong><br><\/td><td><strong>E.I.4<\/strong><br><\/td><td><strong>E.I.5<br><\/strong><\/td><td><strong>E.I.6<\/strong><br><\/td><\/tr><tr><td><strong>Manh\u00e3<\/strong><\/td><td><\/td><td><\/td><td>ELIEANE F E \u00c9RICA <\/td><td>SILVIA<\/td><td>ROSICL\u00c9AE RUTH<\/td><td>GISELE E THAISE<\/td><\/tr><tr><td><strong>Tarde<\/strong><\/td><td><\/td><td><\/td><td>ELIANE F<\/td><td>ELIANE P<\/td><td>ROSICL\u00c9A<\/td><td>GISELE<\/td><\/tr><\/tbody><\/table><\/figure>\n\n\n\n<p class=\"has-text-align-center\"><strong>EST\u00c1GIARIOS<\/strong><\/p>\n\n\n\n<figure class=\"wp-block-table\"><table class=\"has-fixed-layout\"><tbody><tr><td><strong>Per\u00edodo<\/strong><\/td><td><strong>E.I.1<\/strong><\/td><td><strong>E.I.2<\/strong><br>\ufeff<\/td><td><strong>E.I.3<\/strong><br>\ufeff<\/td><td><strong>E.I.4<\/strong><br>\ufeff<\/td><td><strong>E.I.5<br><\/strong>\ufeff<\/td><td><strong>E.I.6<\/strong><br>\ufeff<\/td><\/tr><tr><td><strong>Manh\u00e3<\/strong><\/td><td><\/td><td><\/td><td><\/td><td><\/td><td><\/td><td><\/td><\/tr><tr><td><strong>Tarde<\/strong><\/td><td><\/td><td><\/td><td><\/td><td><\/td><td><\/td><td><\/td><\/tr><\/tbody><\/table><\/figure>\n\n\n\n<p class=\"has-text-align-center\"><strong>ORGANIZA\u00c7\u00c3O CORPO DOCENTE <\/strong><\/p>\n\n\n\n<p class=\"has-text-align-center\">*H.U <\/p>\n\n\n\n<figure class=\"wp-block-table\"><table class=\"has-fixed-layout\"><tbody><tr><td><strong>Per\u00edodo<\/strong><\/td><td><strong>E.I.1<\/strong><\/td><td><strong>E.I.2<\/strong><br>\ufeff<\/td><td><strong>E.I.3<\/strong><br>\ufeff<\/td><td><strong>E.I.4<\/strong><br>\ufeff<\/td><td><strong>E.I.5<br><\/strong>\ufeff<\/td><td><strong>E.I.6<\/strong><br>\ufeff<\/td><\/tr><tr><td><strong>Manh\u00e3<\/strong><\/td><td><\/td><td><\/td><td><\/td><td><\/td><td><\/td><td><\/td><\/tr><tr><td><strong>Tarde<\/strong><\/td><td><\/td><td><\/td><td><\/td><td><\/td><td><\/td><td><\/td><\/tr><tr><td><strong>Integral<\/strong><\/td><td><\/td><td><\/td><td><\/td><td><\/td><td><\/td><td><\/td><\/tr><\/tbody><\/table><\/figure>\n\n\n\n<p class=\"has-text-align-center\"><strong>ESTAGI\u00c1RIOS BOLSISTAS <\/strong><\/p>\n\n\n\n<p class=\"has-text-align-center\">*H.U <\/p>\n\n\n\n<figure class=\"wp-block-table\"><table class=\"has-fixed-layout\"><tbody><tr><td><strong>Per\u00edodo<\/strong><\/td><td><strong>E.I.1<\/strong><\/td><td><strong>E.I.2<\/strong><br>\ufeff<\/td><td><strong>E.I.3<\/strong><br>\ufeff<\/td><td><strong>E.I.4<\/strong><br>\ufeff<\/td><td><strong>E.I.5<br><\/strong>\ufeff<\/td><td><strong>E.I.6<\/strong><br>\ufeff<\/td><\/tr><tr><td><strong>Manh\u00e3<\/strong><\/td><td><\/td><td><\/td><td><\/td><td><\/td><td><\/td><td><\/td><\/tr><tr><td><strong>Tarde<\/strong><\/td><td><\/td><td><\/td><td><\/td><td><\/td><td><\/td><td><\/td><\/tr><tr><td><strong>Integral<\/strong><\/td><td><\/td><td><\/td><td><\/td><td><\/td><td><\/td><td><\/td><\/tr><\/tbody><\/table><\/figure>\n","protected":false},"excerpt":{"rendered":"<p>Diretora Geral do CAPL:&nbsp;T\u00e2nia Costa Fernandes Vice Diretora CAPL:&nbsp;Marlizete Cristina Bonafini Steinle &nbsp;Chefe de Divis\u00e3o da Educa\u00e7\u00e3o Infantil:&nbsp;Josiane de Jesus Fran\u00e7a &nbsp;CAMPUS&nbsp;Encarregada de se\u00e7\u00e3o (Campus):&nbsp; Claudia Ap. de Souza Tonasse&nbsp;Pedagoga:&nbsp;Maria Aparecida de Souza Campos&nbsp;&nbsp;Secretaria:&nbsp;Cleunice da Paz Kolarovicz&nbsp; &nbsp; &nbsp; &nbsp;&nbsp;Cozinha:&nbsp;Edna Ap. de SouzaEunice Maria Coelho&nbsp;Limpeza:&nbsp; C\u00e9sar FernandesJo\u00e3o Batista Augustinho&nbsp;&nbsp;Apoio Lavanderia:&nbsp;&nbsp;C\u00e9sar e Jo\u00e3o &nbsp; &nbsp; &nbsp; [&hellip;]<\/p>\n","protected":false},"author":1,"featured_media":0,"parent":0,"menu_order":0,"comment_status":"closed","ping_status":"closed","template":"","meta":{"_acf_changed":false,"footnotes":""},"class_list":["post-105","page","type-page","status-publish","hentry"],"acf":[],"_links":{"self":[{"href":"https:\/\/sites.uel.br\/aplicacao\/wp-json\/wp\/v2\/pages\/105","targetHints":{"allow":["GET"]}}],"collection":[{"href":"https:\/\/sites.uel.br\/aplicacao\/wp-json\/wp\/v2\/pages"}],"about":[{"href":"https:\/\/sites.uel.br\/aplicacao\/wp-json\/wp\/v2\/types\/page"}],"author":[{"embeddable":true,"href":"https:\/\/sites.uel.br\/aplicacao\/wp-json\/wp\/v2\/users\/1"}],"replies":[{"embeddable":true,"href":"https:\/\/sites.uel.br\/aplicacao\/wp-json\/wp\/v2\/comments?post=105"}],"version-history":[{"count":17,"href":"https:\/\/sites.uel.br\/aplicacao\/wp-json\/wp\/v2\/pages\/105\/revisions"}],"predecessor-version":[{"id":181,"href":"https:\/\/sites.uel.br\/aplicacao\/wp-json\/wp\/v2\/pages\/105\/revisions\/181"}],"wp:attachment":[{"href":"https:\/\/sites.uel.br\/aplicacao\/wp-json\/wp\/v2\/media?parent=105"}],"curies":[{"name":"wp","href":"https:\/\/api.w.org\/{rel}","templated":true}]}}

<p></p>



<p><strong>Diretora Geral do CAPL:</strong>&nbsp;Tânia Costa Fernandes</p>



<p><strong>Vice Diretora CAPL:</strong>&nbsp;Marlizete Cristina Bonafini Steinle</p>



<p>&nbsp;<strong>Chefe de Divisão da Educação Infantil:&nbsp;</strong>Josiane de Jesus França</p>



<figure class="wp-block-table"><table class="has-fixed-layout"><tbody><tr><td>&nbsp;<strong>CAMPUS</strong>&nbsp;<strong></strong><strong>Encarregada de seção (Campus):</strong>&nbsp; Claudia Ap. de Souza Tonasse&nbsp;<strong>Pedagoga:</strong>&nbsp;Maria Aparecida de Souza Campos&nbsp;&nbsp;<strong>Secretaria:</strong>&nbsp;Cleunice da Paz Kolarovicz&nbsp; &nbsp; &nbsp; &nbsp;&nbsp;<strong>Cozinha:</strong>&nbsp;Edna Ap. de SouzaEunice Maria Coelho&nbsp;<strong>Limpeza:</strong>&nbsp; César FernandesJoão Batista Augustinho&nbsp;&nbsp;<strong>Apoio Lavanderia:&nbsp;&nbsp;</strong>César e João &nbsp; &nbsp; &nbsp; &nbsp; &nbsp; &nbsp; &nbsp; &nbsp; &nbsp; &nbsp; &nbsp; &nbsp; &nbsp; &nbsp; &nbsp; &nbsp; &nbsp; &nbsp; &nbsp; &nbsp;&nbsp;&nbsp; &nbsp; &nbsp; &nbsp; &nbsp; &nbsp; &nbsp; &nbsp; &nbsp; &nbsp; &nbsp; &nbsp; &nbsp; &nbsp; &nbsp; &nbsp; &nbsp; &nbsp;&nbsp;&nbsp;&nbsp;</td><td>&nbsp;<strong>HU</strong>&nbsp;<strong></strong><strong>Encarregada de seção (HU):</strong>&nbsp; Joana D’arc Silva R. Gomes&nbsp;&nbsp;<strong>Pedagoga:&nbsp;</strong>Terezinha de Paula Machado&nbsp;&nbsp;<strong>S</strong><strong>ecretaria:</strong>&nbsp;Roseli dos Santos Dias&nbsp;&nbsp; &nbsp; &nbsp; &nbsp; &nbsp; &nbsp; &nbsp; &nbsp; &nbsp; &nbsp; &nbsp; &nbsp; &nbsp; &nbsp; &nbsp; &nbsp; &nbsp;&nbsp;<strong>Cozinha:</strong>&nbsp; Apoio: Aparecida Ivone&nbsp; S. OliveiraLioneide de Jesus de Araújo (manhã)&nbsp; &nbsp; &nbsp; &nbsp; &nbsp; &nbsp; &nbsp; &nbsp; &nbsp; &nbsp; &nbsp; &nbsp; &nbsp; &nbsp; &nbsp; &nbsp; &nbsp; &nbsp; &nbsp; &nbsp;&nbsp;<strong>Limpeza:</strong>&nbsp;&nbsp;Lúcia Regina G. Bezerra SantosAngela Cristina dos Santos&nbsp;&nbsp; &nbsp; &nbsp; &nbsp; &nbsp;&nbsp;<strong>Lavanderia:</strong>&nbsp;Aparecida Ivone S. Oliveira&nbsp; &nbsp; &nbsp; &nbsp; &nbsp; &nbsp; &nbsp; &nbsp; &nbsp; &nbsp; &nbsp; &nbsp; &nbsp; &nbsp; &nbsp; &nbsp; &nbsp; &nbsp; &nbsp; &nbsp; &nbsp; &nbsp; &nbsp; &nbsp; &nbsp; &nbsp; &nbsp; &nbsp; &nbsp; &nbsp; &nbsp;&nbsp;</td></tr></tbody></table></figure>



<figure class="wp-block-table"><table class="has-fixed-layout"><tbody><tr><td>&nbsp;<strong>Nutricionista Campus e HU:</strong>&nbsp;Érica Boiça Goetze</td></tr></tbody></table></figure>



<p class="has-text-align-center"><strong>ORGANIZAÇÃO DO CORPO DOCENTE </strong></p>



<p class="has-text-align-center">*CAMPUS 2023 </p>



<figure class="wp-block-table"><table class="has-fixed-layout"><tbody><tr><td><strong>Período</strong></td><td><strong>E.I.1</strong></td><td><strong>E.I.2</strong><br></td><td><strong>E.I.3</strong><br></td><td><strong>E.I.4</strong><br></td><td><strong>E.I.5<br></strong></td><td><strong>E.I.6</strong><br></td></tr><tr><td><strong>Manhã</strong></td><td></td><td></td><td>ELIEANE F E ÉRICA </td><td>SILVIA</td><td>ROSICLÉAE RUTH</td><td>GISELE E THAISE</td></tr><tr><td><strong>Tarde</strong></td><td></td><td></td><td>ELIANE F</td><td>ELIANE P</td><td>ROSICLÉA</td><td>GISELE</td></tr></tbody></table></figure>



<p class="has-text-align-center"><strong>ESTÁGIARIOS</strong></p>



<figure class="wp-block-table"><table class="has-fixed-layout"><tbody><tr><td><strong>Período</strong></td><td><strong>E.I.1</strong></td><td><strong>E.I.2</strong><br>﻿</td><td><strong>E.I.3</strong><br>﻿</td><td><strong>E.I.4</strong><br>﻿</td><td><strong>E.I.5<br></strong>﻿</td><td><strong>E.I.6</strong><br>﻿</td></tr><tr><td><strong>Manhã</strong></td><td></td><td></td><td></td><td></td><td></td><td></td></tr><tr><td><strong>Tarde</strong></td><td></td><td></td><td></td><td></td><td></td><td></td></tr></tbody></table></figure>



<p class="has-text-align-center"><strong>ORGANIZAÇÃO CORPO DOCENTE </strong></p>



<p class="has-text-align-center">*H.U </p>



<figure class="wp-block-table"><table class="has-fixed-layout"><tbody><tr><td><strong>Período</strong></td><td><strong>E.I.1</strong></td><td><strong>E.I.2</strong><br>﻿</td><td><strong>E.I.3</strong><br>﻿</td><td><strong>E.I.4</strong><br>﻿</td><td><strong>E.I.5<br></strong>﻿</td><td><strong>E.I.6</strong><br>﻿</td></tr><tr><td><strong>Manhã</strong></td><td></td><td></td><td></td><td></td><td></td><td></td></tr><tr><td><strong>Tarde</strong></td><td></td><td></td><td></td><td></td><td></td><td></td></tr><tr><td><strong>Integral</strong></td><td></td><td></td><td></td><td></td><td></td><td></td></tr></tbody></table></figure>



<p class="has-text-align-center"><strong>ESTAGIÁRIOS BOLSISTAS </strong></p>



<p class="has-text-align-center">*H.U </p>



<figure class="wp-block-table"><table class="has-fixed-layout"><tbody><tr><td><strong>Período</strong></td><td><strong>E.I.1</strong></td><td><strong>E.I.2</strong><br>﻿</td><td><strong>E.I.3</strong><br>﻿</td><td><strong>E.I.4</strong><br>﻿</td><td><strong>E.I.5<br></strong>﻿</td><td><strong>E.I.6</strong><br>﻿</td></tr><tr><td><strong>Manhã</strong></td><td></td><td></td><td></td><td></td><td></td><td></td></tr><tr><td><strong>Tarde</strong></td><td></td><td></td><td></td><td></td><td></td><td></td></tr><tr><td><strong>Integral</strong></td><td></td><td></td><td></td><td></td><td></td><td></td></tr></tbody></table></figure>

<p>Diretora Geral do CAPL:&nbsp;Tânia Costa Fernandes Vice Diretora CAPL:&nbsp;Marlizete Cristina Bonafini Steinle &nbsp;Chefe de Divisão da Educação Infantil:&nbsp;Josiane de Jesus França &nbsp;CAMPUS&nbsp;Encarregada de seção (Campus):&nbsp; Claudia Ap. de Souza Tonasse&nbsp;Pedagoga:&nbsp;Maria Aparecida de Souza Campos&nbsp;&nbsp;Secretaria:&nbsp;Cleunice da Paz Kolarovicz&nbsp; &nbsp; &nbsp; &nbsp;&nbsp;Cozinha:&nbsp;Edna Ap. de SouzaEunice Maria Coelho&nbsp;Limpeza:&nbsp; César FernandesJoão Batista Augustinho&nbsp;&nbsp;Apoio Lavanderia:&nbsp;&nbsp;César e João &nbsp; &nbsp; &nbsp; [&hellip;]</p>
