{"id":102,"date":"2025-02-03T15:38:34","date_gmt":"2025-02-03T18:38:34","guid":{"rendered":"https:\/\/sites.uel.br\/aplicacao\/?page_id=102"},"modified":"2025-02-04T16:11:50","modified_gmt":"2025-02-04T19:11:50","slug":"apresentacao","status":"publish","type":"page","link":"https:\/\/sites.uel.br\/aplicacao\/apresentacao\/","title":{"rendered":"Apresenta\u00e7\u00e3o"},"content":{"rendered":"\n<p><\/p>\n\n\n\n<p><strong>ESTAS P\u00c1GINAS, T\u00caM COMO OBJETIVO INFORMAR AOS PAIS E&nbsp; RESPONS\u00c1VEIS SOBRE AS PROPOSTAS DE TRABALHO DESENVOLVIDAS&nbsp;<\/strong><strong>NAS&nbsp;<\/strong><strong>UNIDADES DE EDUCA\u00c7\u00c3O INFANTIL&nbsp;<\/strong><strong>DO COL\u00c9GIO DE APLICA\u00c7\u00c3O PEDAG\u00d3GICA DA UEL.<\/strong>&nbsp;<\/p>\n\n\n\n<p class=\"has-text-align-center\"><strong>EDUCA\u00c7\u00c3O INFANTIL CAMPUS<\/strong><\/p>\n\n\n\n<figure class=\"wp-block-table\"><table class=\"has-fixed-layout\"><tbody><tr><td><strong>TELEFONE<\/strong><\/td><td><strong>ENDERE\u00c7O<\/strong><\/td><td><strong>HOR\u00c1RIO DE FUNCIONAMENTO&nbsp;<\/strong><\/td><\/tr><tr><td><strong>(043) 3371-4389<\/strong><br><strong>(043) 3371-4088<\/strong><\/td><td><strong>Rodovia Celso Garcia Cid, Km &nbsp;380<\/strong><strong>Campus Universit\u00e1rio&nbsp;<\/strong>&nbsp;<\/td><td>&nbsp;&nbsp;<strong>7h15 \u00e0s 17h30<\/strong>&nbsp;<\/td><\/tr><\/tbody><\/table><\/figure>\n\n\n\n<p class=\"has-text-align-center\"><strong>EDUCA\u00c7\u00c3O INFANTIL HU<\/strong><\/p>\n\n\n\n<figure class=\"wp-block-table\"><table class=\"has-fixed-layout\"><tbody><tr><td><strong>TELEFONE<\/strong><\/td><td><strong>ENDERE\u00c7O<\/strong><\/td><td><strong>HOR\u00c1RIO DE FUNCIONAMENTO&nbsp;<\/strong><\/td><\/tr><tr><td><strong>(043) 3321-9039<\/strong><br><strong>(043) 3337-6056<\/strong><\/td><td><strong>Rua: Elias Tosetti, 225<\/strong><strong>&nbsp; Jardim P\u00e9rola<\/strong>&nbsp;<\/td><td>&nbsp;&nbsp;<strong>06h45 \u00e0s 17h30<\/strong>&nbsp;<\/td><\/tr><\/tbody><\/table><\/figure>\n\n\n\n<p class=\"has-text-align-center\">&nbsp;<strong>ESPA\u00c7O &nbsp;F\u00cdSICO&nbsp;<\/strong><\/p>\n\n\n\n<p class=\"has-text-align-center\"><strong>CAMPUS<\/strong><\/p>\n\n\n<div class=\"wp-block-image\">\n<figure class=\"aligncenter size-large is-resized\"><img loading=\"lazy\" decoding=\"async\" width=\"1024\" height=\"576\" src=\"https:\/\/sites.uel.br\/aplicacao\/wp-content\/uploads\/2025\/02\/IMG_20160809_132919217-1-1024x576.jpg\" alt=\"\" class=\"wp-image-139\" style=\"width:529px;height:auto\" srcset=\"https:\/\/sites.uel.br\/aplicacao\/wp-content\/uploads\/2025\/02\/IMG_20160809_132919217-1-1024x576.jpg 1024w, https:\/\/sites.uel.br\/aplicacao\/wp-content\/uploads\/2025\/02\/IMG_20160809_132919217-1-300x169.jpg 300w, https:\/\/sites.uel.br\/aplicacao\/wp-content\/uploads\/2025\/02\/IMG_20160809_132919217-1-768x432.jpg 768w, https:\/\/sites.uel.br\/aplicacao\/wp-content\/uploads\/2025\/02\/IMG_20160809_132919217-1-1536x864.jpg 1536w, https:\/\/sites.uel.br\/aplicacao\/wp-content\/uploads\/2025\/02\/IMG_20160809_132919217-1-2048x1152.jpg 2048w\" sizes=\"auto, (max-width: 1024px) 100vw, 1024px\" \/><figcaption class=\"wp-element-caption\"><strong>PATIO<\/strong><\/figcaption><\/figure>\n<\/div>\n\n<div class=\"wp-block-image\">\n<figure class=\"aligncenter size-large is-resized\"><img loading=\"lazy\" decoding=\"async\" width=\"1024\" height=\"576\" src=\"https:\/\/sites.uel.br\/aplicacao\/wp-content\/uploads\/2025\/02\/Parque-Campus-1024x576.jpg\" alt=\"\" class=\"wp-image-141\" style=\"width:527px;height:auto\" srcset=\"https:\/\/sites.uel.br\/aplicacao\/wp-content\/uploads\/2025\/02\/Parque-Campus-1024x576.jpg 1024w, https:\/\/sites.uel.br\/aplicacao\/wp-content\/uploads\/2025\/02\/Parque-Campus-300x169.jpg 300w, https:\/\/sites.uel.br\/aplicacao\/wp-content\/uploads\/2025\/02\/Parque-Campus-768x432.jpg 768w, https:\/\/sites.uel.br\/aplicacao\/wp-content\/uploads\/2025\/02\/Parque-Campus-1536x864.jpg 1536w, https:\/\/sites.uel.br\/aplicacao\/wp-content\/uploads\/2025\/02\/Parque-Campus-2048x1152.jpg 2048w\" sizes=\"auto, (max-width: 1024px) 100vw, 1024px\" \/><figcaption class=\"wp-element-caption\"><strong>PARQUE<\/strong><\/figcaption><\/figure>\n<\/div>\n\n<div class=\"wp-block-image\">\n<figure class=\"aligncenter size-large is-resized\"><img loading=\"lazy\" decoding=\"async\" width=\"1024\" height=\"576\" src=\"https:\/\/sites.uel.br\/aplicacao\/wp-content\/uploads\/2025\/02\/Sala-dos-professores-Campus-1024x576.jpg\" alt=\"\" class=\"wp-image-142\" style=\"width:525px;height:auto\" srcset=\"https:\/\/sites.uel.br\/aplicacao\/wp-content\/uploads\/2025\/02\/Sala-dos-professores-Campus-1024x576.jpg 1024w, https:\/\/sites.uel.br\/aplicacao\/wp-content\/uploads\/2025\/02\/Sala-dos-professores-Campus-300x169.jpg 300w, https:\/\/sites.uel.br\/aplicacao\/wp-content\/uploads\/2025\/02\/Sala-dos-professores-Campus-768x432.jpg 768w, https:\/\/sites.uel.br\/aplicacao\/wp-content\/uploads\/2025\/02\/Sala-dos-professores-Campus-1536x864.jpg 1536w, https:\/\/sites.uel.br\/aplicacao\/wp-content\/uploads\/2025\/02\/Sala-dos-professores-Campus-2048x1152.jpg 2048w\" sizes=\"auto, (max-width: 1024px) 100vw, 1024px\" \/><figcaption class=\"wp-element-caption\"><strong>SALA DE ESTUDOS<\/strong><\/figcaption><\/figure>\n<\/div>\n\n\n<p class=\"has-text-align-center\"><strong>HU<\/strong><\/p>\n\n\n<div class=\"wp-block-image\">\n<figure class=\"aligncenter size-large is-resized\"><img loading=\"lazy\" decoding=\"async\" width=\"1024\" height=\"576\" src=\"https:\/\/sites.uel.br\/aplicacao\/wp-content\/uploads\/2025\/02\/IMG_20160727_171616132_HDR-1024x576.jpg\" alt=\"\" class=\"wp-image-144\" style=\"width:531px;height:auto\" srcset=\"https:\/\/sites.uel.br\/aplicacao\/wp-content\/uploads\/2025\/02\/IMG_20160727_171616132_HDR-1024x576.jpg 1024w, https:\/\/sites.uel.br\/aplicacao\/wp-content\/uploads\/2025\/02\/IMG_20160727_171616132_HDR-300x169.jpg 300w, https:\/\/sites.uel.br\/aplicacao\/wp-content\/uploads\/2025\/02\/IMG_20160727_171616132_HDR-768x432.jpg 768w, https:\/\/sites.uel.br\/aplicacao\/wp-content\/uploads\/2025\/02\/IMG_20160727_171616132_HDR-1536x864.jpg 1536w, https:\/\/sites.uel.br\/aplicacao\/wp-content\/uploads\/2025\/02\/IMG_20160727_171616132_HDR-2048x1152.jpg 2048w\" sizes=\"auto, (max-width: 1024px) 100vw, 1024px\" \/><figcaption class=\"wp-element-caption\"><strong>P\u00c1TIO<\/strong><\/figcaption><\/figure>\n<\/div>\n\n<div class=\"wp-block-image\">\n<figure class=\"aligncenter size-large is-resized\"><img loading=\"lazy\" decoding=\"async\" width=\"1024\" height=\"576\" src=\"https:\/\/sites.uel.br\/aplicacao\/wp-content\/uploads\/2025\/02\/Ludoteca-do-HU-1024x576.jpg\" alt=\"\" class=\"wp-image-146\" style=\"width:539px;height:auto\" srcset=\"https:\/\/sites.uel.br\/aplicacao\/wp-content\/uploads\/2025\/02\/Ludoteca-do-HU-1024x576.jpg 1024w, https:\/\/sites.uel.br\/aplicacao\/wp-content\/uploads\/2025\/02\/Ludoteca-do-HU-300x169.jpg 300w, https:\/\/sites.uel.br\/aplicacao\/wp-content\/uploads\/2025\/02\/Ludoteca-do-HU-768x432.jpg 768w, https:\/\/sites.uel.br\/aplicacao\/wp-content\/uploads\/2025\/02\/Ludoteca-do-HU-1536x864.jpg 1536w, https:\/\/sites.uel.br\/aplicacao\/wp-content\/uploads\/2025\/02\/Ludoteca-do-HU-2048x1152.jpg 2048w\" sizes=\"auto, (max-width: 1024px) 100vw, 1024px\" \/><figcaption class=\"wp-element-caption\"><strong>BRINQUEDOTECA<\/strong><\/figcaption><\/figure>\n<\/div>\n\n<div class=\"wp-block-image\">\n<figure class=\"aligncenter size-large is-resized\"><img loading=\"lazy\" decoding=\"async\" width=\"1024\" height=\"576\" src=\"https:\/\/sites.uel.br\/aplicacao\/wp-content\/uploads\/2025\/02\/Biblioteca-do-HU-1024x576.jpg\" alt=\"\" class=\"wp-image-147\" style=\"width:542px;height:auto\" srcset=\"https:\/\/sites.uel.br\/aplicacao\/wp-content\/uploads\/2025\/02\/Biblioteca-do-HU-1024x576.jpg 1024w, https:\/\/sites.uel.br\/aplicacao\/wp-content\/uploads\/2025\/02\/Biblioteca-do-HU-300x169.jpg 300w, https:\/\/sites.uel.br\/aplicacao\/wp-content\/uploads\/2025\/02\/Biblioteca-do-HU-768x432.jpg 768w, https:\/\/sites.uel.br\/aplicacao\/wp-content\/uploads\/2025\/02\/Biblioteca-do-HU-1536x864.jpg 1536w, https:\/\/sites.uel.br\/aplicacao\/wp-content\/uploads\/2025\/02\/Biblioteca-do-HU-2048x1152.jpg 2048w\" sizes=\"auto, (max-width: 1024px) 100vw, 1024px\" \/><figcaption class=\"wp-element-caption\"><strong>BIBLIOTECA<\/strong><\/figcaption><\/figure>\n<\/div>","protected":false},"excerpt":{"rendered":"<p>ESTAS P\u00c1GINAS, T\u00caM COMO OBJETIVO INFORMAR AOS PAIS E&nbsp; RESPONS\u00c1VEIS SOBRE AS PROPOSTAS DE TRABALHO DESENVOLVIDAS&nbsp;NAS&nbsp;UNIDADES DE EDUCA\u00c7\u00c3O INFANTIL&nbsp;DO COL\u00c9GIO DE APLICA\u00c7\u00c3O PEDAG\u00d3GICA DA UEL.&nbsp; EDUCA\u00c7\u00c3O INFANTIL CAMPUS TELEFONE ENDERE\u00c7O HOR\u00c1RIO DE FUNCIONAMENTO&nbsp; (043) 3371-4389(043) 3371-4088 Rodovia Celso Garcia Cid, Km &nbsp;380Campus Universit\u00e1rio&nbsp;&nbsp; &nbsp;&nbsp;7h15 \u00e0s 17h30&nbsp; EDUCA\u00c7\u00c3O INFANTIL HU TELEFONE ENDERE\u00c7O HOR\u00c1RIO DE FUNCIONAMENTO&nbsp; (043) [&hellip;]<\/p>\n","protected":false},"author":1,"featured_media":0,"parent":0,"menu_order":0,"comment_status":"closed","ping_status":"closed","template":"","meta":{"_acf_changed":false,"footnotes":""},"class_list":["post-102","page","type-page","status-publish","hentry"],"acf":[],"_links":{"self":[{"href":"https:\/\/sites.uel.br\/aplicacao\/wp-json\/wp\/v2\/pages\/102","targetHints":{"allow":["GET"]}}],"collection":[{"href":"https:\/\/sites.uel.br\/aplicacao\/wp-json\/wp\/v2\/pages"}],"about":[{"href":"https:\/\/sites.uel.br\/aplicacao\/wp-json\/wp\/v2\/types\/page"}],"author":[{"embeddable":true,"href":"https:\/\/sites.uel.br\/aplicacao\/wp-json\/wp\/v2\/users\/1"}],"replies":[{"embeddable":true,"href":"https:\/\/sites.uel.br\/aplicacao\/wp-json\/wp\/v2\/comments?post=102"}],"version-history":[{"count":11,"href":"https:\/\/sites.uel.br\/aplicacao\/wp-json\/wp\/v2\/pages\/102\/revisions"}],"predecessor-version":[{"id":156,"href":"https:\/\/sites.uel.br\/aplicacao\/wp-json\/wp\/v2\/pages\/102\/revisions\/156"}],"wp:attachment":[{"href":"https:\/\/sites.uel.br\/aplicacao\/wp-json\/wp\/v2\/media?parent=102"}],"curies":[{"name":"wp","href":"https:\/\/api.w.org\/{rel}","templated":true}]}}