{"id":788,"date":"2022-08-25T15:03:35","date_gmt":"2022-08-25T18:03:35","guid":{"rendered":"https:\/\/sites.uel.br\/aintec\/?page_id=788"},"modified":"2025-09-04T14:41:00","modified_gmt":"2025-09-04T17:41:00","slug":"ofertas-tecnologicas","status":"publish","type":"page","link":"https:\/\/sites.uel.br\/aintec\/ofertas-tecnologicas\/","title":{"rendered":"Ofertas Tecnol\u00f3gicas"},"content":{"rendered":"\n<p><\/p>\n\n\n\n<p>As ofertas tecnol\u00f3gicas s\u00e3o documentos formais que permitem a divulga\u00e7\u00e3o de tecnologias da Universidade Estadual de Londrina que se encontram dispon\u00edveis para transfer\u00eancia a terceiros.<\/p>\n\n\n\n<p>Podem ser transferidas patentes, pedidos de patentes, marcas, <em>know how<\/em>, material gen\u00e9tico e outros.<\/p>\n\n\n\n<p>Em regra, todas as ofertas constam dos dados do objeto da transfer\u00eancia, o prazo, contato para envio da manifesta\u00e7\u00e3o de interesse e documentos necess\u00e1rios para a realiza\u00e7\u00e3o da transfer\u00eancia.<\/p>\n\n\n\n<p>As publica\u00e7\u00f5es das ofertas s\u00e3o referentes ao art. 13, \u00a7 1\u00ba da Lei de Inova\u00e7\u00e3o do Estado do Paran\u00e1, Lei n\u00ba 20.541\/2021.<\/p>\n\n\n\n<p><\/p>\n\n\n\n<p><\/p>\n\n\n\n<p><strong>Editais Encerrados<\/strong><\/p>\n\n\n\n<p><a href=\"https:\/\/drive.google.com\/file\/d\/1zECM2JAMwkb_EC97pXl7Qqb9pOozcHG9\/view?usp=sharing\" target=\"_blank\" rel=\"noreferrer noopener\">Oferta Tecnol\u00f3gica &#8211; Chamada de Licenciamento com Exclusividade n\u00ba 01\/2025<\/a><\/p>\n\n\n\n<p><a href=\"https:\/\/sites.uel.br\/aintec\/wp-content\/uploads\/2022\/11\/Oferta-Tecnologica-Siprejur.pdf\" data-type=\"URL\" data-id=\"https:\/\/sites.uel.br\/aintec\/wp-content\/uploads\/2022\/11\/Oferta-Tecnologica-Siprejur.pdf\">Oferta Tecnol\u00f3gica &#8211; Sistema SIPREJUR<\/a><\/p>\n\n\n\n<p><a href=\"https:\/\/sites.uel.br\/aintec\/wp-content\/uploads\/2023\/08\/Chamada-Licenciamento.pdf\" data-type=\"link\" data-id=\"https:\/\/sites.uel.br\/aintec\/wp-content\/uploads\/2023\/08\/Chamada-Licenciamento.pdf\">Oferta Tecnol\u00f3gica &#8211; Biofungicida<\/a><\/p>\n\n\n\n<div class=\"wp-block-file alignleft\"><\/div>\n\n\n\n<p class=\"has-text-align-left\"><a href=\"https:\/\/sites.uel.br\/aintec\/wp-content\/uploads\/2023\/10\/Chamada-Licenciamento-003-2023.pdf\" target=\"_blank\" rel=\"noreferrer noopener\">Oferta Tecnol\u00f3gica \u2013 003\/2023<\/a><\/p>\n\n\n\n<p><\/p>\n","protected":false},"excerpt":{"rendered":"<p>As ofertas tecnol\u00f3gicas s\u00e3o documentos formais que permitem a divulga\u00e7\u00e3o de tecnologias da Universidade Estadual de Londrina que se encontram dispon\u00edveis para transfer\u00eancia a terceiros. Podem ser transferidas patentes, pedidos de patentes, marcas, know how, material gen\u00e9tico e outros. Em regra, todas as ofertas constam dos dados do objeto da transfer\u00eancia, o prazo, contato para [&hellip;]<\/p>\n","protected":false},"author":10,"featured_media":0,"parent":0,"menu_order":0,"comment_status":"closed","ping_status":"closed","template":"","meta":{"footnotes":""},"class_list":["post-788","page","type-page","status-publish","hentry"],"acf":[],"_links":{"self":[{"href":"https:\/\/sites.uel.br\/aintec\/wp-json\/wp\/v2\/pages\/788","targetHints":{"allow":["GET"]}}],"collection":[{"href":"https:\/\/sites.uel.br\/aintec\/wp-json\/wp\/v2\/pages"}],"about":[{"href":"https:\/\/sites.uel.br\/aintec\/wp-json\/wp\/v2\/types\/page"}],"author":[{"embeddable":true,"href":"https:\/\/sites.uel.br\/aintec\/wp-json\/wp\/v2\/users\/10"}],"replies":[{"embeddable":true,"href":"https:\/\/sites.uel.br\/aintec\/wp-json\/wp\/v2\/comments?post=788"}],"version-history":[{"count":20,"href":"https:\/\/sites.uel.br\/aintec\/wp-json\/wp\/v2\/pages\/788\/revisions"}],"predecessor-version":[{"id":3241,"href":"https:\/\/sites.uel.br\/aintec\/wp-json\/wp\/v2\/pages\/788\/revisions\/3241"}],"wp:attachment":[{"href":"https:\/\/sites.uel.br\/aintec\/wp-json\/wp\/v2\/media?parent=788"}],"curies":[{"name":"wp","href":"https:\/\/api.w.org\/{rel}","templated":true}]}}