{"id":464,"date":"2022-08-10T08:57:57","date_gmt":"2022-08-10T11:57:57","guid":{"rendered":"https:\/\/sites.uel.br\/aintec\/?page_id=464"},"modified":"2024-12-18T17:46:26","modified_gmt":"2024-12-18T20:46:26","slug":"conselho-tecnico","status":"publish","type":"page","link":"https:\/\/sites.uel.br\/aintec\/conselho-tecnico\/","title":{"rendered":"Conselho T\u00e9cnico"},"content":{"rendered":"<div class=\"wp-block-image\">\n<figure class=\"aligncenter size-large is-resized\"><img loading=\"lazy\" decoding=\"async\" width=\"1024\" height=\"466\" src=\"https:\/\/sites.uel.br\/aintec\/wp-content\/uploads\/2022\/08\/aintec-colorida-horizontal-completa-2-1024x466.png\" alt=\"\" class=\"wp-image-589\" style=\"width:516px;height:235px\" srcset=\"https:\/\/sites.uel.br\/aintec\/wp-content\/uploads\/2022\/08\/aintec-colorida-horizontal-completa-2-1024x466.png 1024w, https:\/\/sites.uel.br\/aintec\/wp-content\/uploads\/2022\/08\/aintec-colorida-horizontal-completa-2-300x137.png 300w, https:\/\/sites.uel.br\/aintec\/wp-content\/uploads\/2022\/08\/aintec-colorida-horizontal-completa-2-768x350.png 768w, https:\/\/sites.uel.br\/aintec\/wp-content\/uploads\/2022\/08\/aintec-colorida-horizontal-completa-2-1536x700.png 1536w, https:\/\/sites.uel.br\/aintec\/wp-content\/uploads\/2022\/08\/aintec-colorida-horizontal-completa-2-2048x933.png 2048w\" sizes=\"auto, (max-width: 1024px) 100vw, 1024px\" \/><\/figure>\n<\/div>\n\n<p>O <strong>Conselho T\u00e9cnico<\/strong> \u00e9 um \u00f3rg\u00e3o deliberativo composto pelo diretor da Ag\u00eancia de Inova\u00e7\u00e3o Tecnol\u00f3gica \u2013 AINTEC, pela chefia da Incubadora Internacional de Empresas de Base Tecnol\u00f3gica da UEL \u2013 INTUEL,\u00a0 chefia do Escrit\u00f3rio de Propriedade Intelectual \u2013 EPI, chefia do Escrit\u00f3rio de Transfer\u00eancia de Tecnologia \u2013 ETT, pr\u00f3-reitor da Pr\u00f3-Reitoria de Pesquisa e P\u00f3s-Gradua\u00e7\u00e3o \u2013 PROPPG, pr\u00f3-reitor da Pr\u00f3-Reitoria de Extens\u00e3o, Cultura e Sociedade \u2013 PROEX e dois diretores de centro de estudos, um como titular e o outro como suplente, ambos indicados pelo conselho de administra\u00e7\u00e3o.<\/p>\n<p>As reuni\u00f5es do Conselho T\u00e9cnico acontecem ordinariamente duas vezes por semestre e extraordinariamente quantas vezes necess\u00e1rias.<\/p>\n<p><strong>Compete ao Conselho T\u00e9cnico:<\/strong><\/p>\n<p style=\"padding-left: 40px;\"><strong>I.<\/strong> Avaliar e regulamentar as atividades da AINTEC (t\u00e9cnico);<\/p>\n<p style=\"padding-left: 40px;\"><strong>II.<\/strong> Deliberar sobre mat\u00e9rias que lhe sejam atribu\u00eddas por necessidade ou por legisla\u00e7\u00e3o externa e interna \u00e0 UEL;<\/p>\n<p style=\"padding-left: 40px;\"><strong>III.<\/strong> Realizar reuni\u00f5es Ordin\u00e1rias e Extraordin\u00e1rias, por solicita\u00e7\u00e3o da Presid\u00eancia ou de 51% dos seus membros;<\/p>\n<p style=\"padding-left: 40px;\"><strong>IV.<\/strong> Opinar e emitir parecer quanto \u00e0 conveni\u00eancia da prote\u00e7\u00e3o \u00e0s cria\u00e7\u00f5es e inven\u00e7\u00f5es geradas na UEL;<\/p>\n<p style=\"padding-left: 40px;\"><strong>V.<\/strong> Aprovar as negocia\u00e7\u00f5es envolvendo a explora\u00e7\u00e3o comercial das propriedades intelectuais e industriais da UEL, protegidas ou n\u00e3o;<\/p>\n<p><strong>Composi\u00e7\u00e3o do Conselho T\u00e9cnico:<\/strong><\/p>\n<p style=\"padding-left: 40px;\"><strong>I.<\/strong> Edson Ant\u00f4nio Miura &#8211; Diretor da Ag\u00eancia;<\/p>\n<p style=\"padding-left: 40px;\"><strong>II.<\/strong> Thiago Spiri &#8211; Gerente da Incubadora;<\/p>\n<p style=\"padding-left: 40px;\"><strong>III.<\/strong> Diego Luduv\u00e9rio &#8211; Coordenador do EPI;<\/p>\n<p style=\"padding-left: 40px;\"><strong>IV.<\/strong> Marina Menezes &#8211; Coordenadora do ETT;<\/p>\n<p style=\"padding-left: 40px;\"><strong>V.<\/strong> Silvia Meletti &#8211; PROPPG;<\/p>\n<p style=\"padding-left: 40px;\"><strong>VI.<\/strong> Zilda de Andrade &#8211; PROEX;<\/p>\n<p style=\"padding-left: 40px;\"><strong>VII.<\/strong> In\u00eas de Batista Fonseca &#8211; Diretora do CCA;<\/p>\n<p style=\"padding-left: 40px;\"><strong>VIII.<\/strong> Alan Salvany Felinto &#8211; Diretor do CCE.<\/p>\n\n\n<p><\/p>\n","protected":false},"excerpt":{"rendered":"<p>O Conselho T\u00e9cnico \u00e9 um \u00f3rg\u00e3o deliberativo composto pelo diretor da Ag\u00eancia de Inova\u00e7\u00e3o Tecnol\u00f3gica \u2013 AINTEC, pela chefia da Incubadora Internacional de Empresas de Base Tecnol\u00f3gica da UEL \u2013 INTUEL,\u00a0 chefia do Escrit\u00f3rio de Propriedade Intelectual \u2013 EPI, chefia do Escrit\u00f3rio de Transfer\u00eancia de Tecnologia \u2013 ETT, pr\u00f3-reitor da Pr\u00f3-Reitoria de Pesquisa e P\u00f3s-Gradua\u00e7\u00e3o [&hellip;]<\/p>\n","protected":false},"author":8,"featured_media":0,"parent":0,"menu_order":0,"comment_status":"closed","ping_status":"closed","template":"","meta":{"footnotes":""},"class_list":["post-464","page","type-page","status-publish","hentry"],"acf":[],"_links":{"self":[{"href":"https:\/\/sites.uel.br\/aintec\/wp-json\/wp\/v2\/pages\/464","targetHints":{"allow":["GET"]}}],"collection":[{"href":"https:\/\/sites.uel.br\/aintec\/wp-json\/wp\/v2\/pages"}],"about":[{"href":"https:\/\/sites.uel.br\/aintec\/wp-json\/wp\/v2\/types\/page"}],"author":[{"embeddable":true,"href":"https:\/\/sites.uel.br\/aintec\/wp-json\/wp\/v2\/users\/8"}],"replies":[{"embeddable":true,"href":"https:\/\/sites.uel.br\/aintec\/wp-json\/wp\/v2\/comments?post=464"}],"version-history":[{"count":12,"href":"https:\/\/sites.uel.br\/aintec\/wp-json\/wp\/v2\/pages\/464\/revisions"}],"predecessor-version":[{"id":2670,"href":"https:\/\/sites.uel.br\/aintec\/wp-json\/wp\/v2\/pages\/464\/revisions\/2670"}],"wp:attachment":[{"href":"https:\/\/sites.uel.br\/aintec\/wp-json\/wp\/v2\/media?parent=464"}],"curies":[{"name":"wp","href":"https:\/\/api.w.org\/{rel}","templated":true}]}}