{"id":459,"date":"2022-08-10T08:57:57","date_gmt":"2022-08-10T11:57:57","guid":{"rendered":"https:\/\/sites.uel.br\/aintec\/?page_id=459"},"modified":"2022-08-18T15:40:05","modified_gmt":"2022-08-18T18:40:05","slug":"direcao","status":"publish","type":"page","link":"https:\/\/sites.uel.br\/aintec\/direcao\/","title":{"rendered":"Dire\u00e7\u00e3o"},"content":{"rendered":"\n<div class=\"wp-block-columns is-layout-flex wp-container-core-columns-is-layout-9d6595d7 wp-block-columns-is-layout-flex\">\n<div class=\"wp-block-column is-layout-flow wp-block-column-is-layout-flow\"><div class=\"wp-block-image is-style-rounded\">\n<figure class=\"aligncenter size-large is-resized\"><img loading=\"lazy\" decoding=\"async\" src=\"https:\/\/sites.uel.br\/aintec\/wp-content\/uploads\/2022\/08\/Miura-1-557x1024.jpeg\" alt=\"\" class=\"wp-image-605\" width=\"330\" height=\"607\" srcset=\"https:\/\/sites.uel.br\/aintec\/wp-content\/uploads\/2022\/08\/Miura-1-557x1024.jpeg 557w, https:\/\/sites.uel.br\/aintec\/wp-content\/uploads\/2022\/08\/Miura-1-163x300.jpeg 163w, https:\/\/sites.uel.br\/aintec\/wp-content\/uploads\/2022\/08\/Miura-1-768x1411.jpeg 768w, https:\/\/sites.uel.br\/aintec\/wp-content\/uploads\/2022\/08\/Miura-1.jpeg 831w\" sizes=\"auto, (max-width: 330px) 100vw, 330px\" \/><\/figure>\n<\/div>\n\n\n<p><\/p>\n<\/div>\n\n\n\n<div class=\"wp-block-column is-layout-flow wp-block-column-is-layout-flow\">\n<p><strong>Diretor: Edson Ant\u00f4nio Miura<\/strong> (aintec@uel.br)<\/p>\n<p>Gradua\u00e7\u00e3o em Administra\u00e7\u00e3o pela Universidade Estadual de Londrina, gradua\u00e7\u00e3o em Com\u00e9rcio Exterior pela Faculdade Estadual de Ci\u00eancias Econ\u00f4micas de Apucarana, mestrado em Administra\u00e7\u00e3o pela Pontif\u00edcia Universidade Cat\u00f3lica de S\u00e3o Paulo e doutorado em Ci\u00eancias Empresariais &#8211; Universidad del Museo Social Argentino. Docente da Universidade Estadual de Londrina. Diretor da AINTEC &#8211; Ag\u00eancia de Inova\u00e7\u00e3o Tecnol\u00f3gica da UEL e coordenador da INTUEL &#8211; Incubadora Internacional de Empresas de Base Tecnol\u00f3gica da UEL. Conselheiro Regional e delegado do Conselho Regional de Administra\u00e7\u00e3o do Paran\u00e1. Avaliador do INEP\/MEC para os cursos de gradua\u00e7\u00e3o em Administra\u00e7\u00e3o. Avaliador da SETI PR e da Funda\u00e7\u00e3o Arauc\u00e1ria. Tem experi\u00eancia nas \u00e1reas de gest\u00e3o e inova\u00e7\u00e3o.<\/p>\n<\/div>\n<\/div>\n","protected":false},"excerpt":{"rendered":"<p>Diretor: Edson Ant\u00f4nio Miura (aintec@uel.br) Gradua\u00e7\u00e3o em Administra\u00e7\u00e3o pela Universidade Estadual de Londrina, gradua\u00e7\u00e3o em Com\u00e9rcio Exterior pela Faculdade Estadual de Ci\u00eancias Econ\u00f4micas de Apucarana, mestrado em Administra\u00e7\u00e3o pela Pontif\u00edcia Universidade Cat\u00f3lica de S\u00e3o Paulo e doutorado em Ci\u00eancias Empresariais &#8211; Universidad del Museo Social Argentino. Docente da Universidade Estadual de Londrina. Diretor da AINTEC [&hellip;]<\/p>\n","protected":false},"author":8,"featured_media":0,"parent":0,"menu_order":0,"comment_status":"closed","ping_status":"closed","template":"","meta":{"footnotes":""},"class_list":["post-459","page","type-page","status-publish","hentry"],"acf":[],"_links":{"self":[{"href":"https:\/\/sites.uel.br\/aintec\/wp-json\/wp\/v2\/pages\/459","targetHints":{"allow":["GET"]}}],"collection":[{"href":"https:\/\/sites.uel.br\/aintec\/wp-json\/wp\/v2\/pages"}],"about":[{"href":"https:\/\/sites.uel.br\/aintec\/wp-json\/wp\/v2\/types\/page"}],"author":[{"embeddable":true,"href":"https:\/\/sites.uel.br\/aintec\/wp-json\/wp\/v2\/users\/8"}],"replies":[{"embeddable":true,"href":"https:\/\/sites.uel.br\/aintec\/wp-json\/wp\/v2\/comments?post=459"}],"version-history":[{"count":6,"href":"https:\/\/sites.uel.br\/aintec\/wp-json\/wp\/v2\/pages\/459\/revisions"}],"predecessor-version":[{"id":650,"href":"https:\/\/sites.uel.br\/aintec\/wp-json\/wp\/v2\/pages\/459\/revisions\/650"}],"wp:attachment":[{"href":"https:\/\/sites.uel.br\/aintec\/wp-json\/wp\/v2\/media?parent=459"}],"curies":[{"name":"wp","href":"https:\/\/api.w.org\/{rel}","templated":true}]}}