{"id":423,"date":"2022-08-09T11:13:48","date_gmt":"2022-08-09T14:13:48","guid":{"rendered":"https:\/\/sites.uel.br\/aintec\/?page_id=423"},"modified":"2023-05-25T13:17:17","modified_gmt":"2023-05-25T16:17:17","slug":"prestacao-de-servicos-tecnologicos","status":"publish","type":"page","link":"https:\/\/sites.uel.br\/aintec\/prestacao-de-servicos-tecnologicos\/","title":{"rendered":"Presta\u00e7\u00e3o de Servi\u00e7os Tecnol\u00f3gicos"},"content":{"rendered":"\n<figure class=\"wp-block-image size-full\"><img loading=\"lazy\" decoding=\"async\" width=\"941\" height=\"323\" src=\"https:\/\/sites.uel.br\/aintec\/wp-content\/uploads\/2023\/05\/PST.jpg\" alt=\"\" class=\"wp-image-1835\" srcset=\"https:\/\/sites.uel.br\/aintec\/wp-content\/uploads\/2023\/05\/PST.jpg 941w, https:\/\/sites.uel.br\/aintec\/wp-content\/uploads\/2023\/05\/PST-300x103.jpg 300w, https:\/\/sites.uel.br\/aintec\/wp-content\/uploads\/2023\/05\/PST-768x264.jpg 768w\" sizes=\"auto, (max-width: 941px) 100vw, 941px\" \/><\/figure>\n\n\n<p>A AINTEC possui mais de 20 laborat\u00f3rios conveniados que prestam servi\u00e7os tecnol\u00f3gicos a empresas, institui\u00e7\u00f5es de ensino, entidades governamentais e pesquisadores independentes, entre eles:<\/p>\n<p>&#8211; Produ\u00e7\u00e3o de cria\u00e7\u00f5es e novas tecnologias,<br \/>&#8211; Servi\u00e7os complementares ou instrumentais \u00e0 tecnologia desenvolvida<br \/>&#8211; Capacita\u00e7\u00e3o de recursos humanos<br \/>&#8211; Medi\u00e7\u00e3o tecnol\u00f3gica<br \/>&#8211; Testes laboratoriais diversos<br \/>&#8211; Certifica\u00e7\u00f5es, pesquisas, estudos e projetos destinados \u00e0 execu\u00e7\u00e3o da<br \/>inven\u00e7\u00e3o ou tecnologia e\/ou atividades inerentes ao sistema produtivo.<\/p>\n<p>Entre em contato atrav\u00e9s de\u00a0<strong>aintec.ett@uel.br <\/strong>informando qual a sua demanda que faremos a indica\u00e7\u00e3o para o Laborat\u00f3rio que poder\u00e1 atend\u00ea-la.<\/p>","protected":false},"excerpt":{"rendered":"<p>A AINTEC possui mais de 20 laborat\u00f3rios conveniados que prestam servi\u00e7os tecnol\u00f3gicos a empresas, institui\u00e7\u00f5es de ensino, entidades governamentais e pesquisadores independentes, entre eles: &#8211; Produ\u00e7\u00e3o de cria\u00e7\u00f5es e novas tecnologias,&#8211; Servi\u00e7os complementares ou instrumentais \u00e0 tecnologia desenvolvida&#8211; Capacita\u00e7\u00e3o de recursos humanos&#8211; Medi\u00e7\u00e3o tecnol\u00f3gica&#8211; Testes laboratoriais diversos&#8211; Certifica\u00e7\u00f5es, pesquisas, estudos e projetos destinados \u00e0 execu\u00e7\u00e3o [&hellip;]<\/p>\n","protected":false},"author":8,"featured_media":0,"parent":0,"menu_order":0,"comment_status":"closed","ping_status":"closed","template":"","meta":{"footnotes":""},"class_list":["post-423","page","type-page","status-publish","hentry"],"acf":[],"_links":{"self":[{"href":"https:\/\/sites.uel.br\/aintec\/wp-json\/wp\/v2\/pages\/423","targetHints":{"allow":["GET"]}}],"collection":[{"href":"https:\/\/sites.uel.br\/aintec\/wp-json\/wp\/v2\/pages"}],"about":[{"href":"https:\/\/sites.uel.br\/aintec\/wp-json\/wp\/v2\/types\/page"}],"author":[{"embeddable":true,"href":"https:\/\/sites.uel.br\/aintec\/wp-json\/wp\/v2\/users\/8"}],"replies":[{"embeddable":true,"href":"https:\/\/sites.uel.br\/aintec\/wp-json\/wp\/v2\/comments?post=423"}],"version-history":[{"count":9,"href":"https:\/\/sites.uel.br\/aintec\/wp-json\/wp\/v2\/pages\/423\/revisions"}],"predecessor-version":[{"id":1836,"href":"https:\/\/sites.uel.br\/aintec\/wp-json\/wp\/v2\/pages\/423\/revisions\/1836"}],"wp:attachment":[{"href":"https:\/\/sites.uel.br\/aintec\/wp-json\/wp\/v2\/media?parent=423"}],"curies":[{"name":"wp","href":"https:\/\/api.w.org\/{rel}","templated":true}]}}