{"id":342,"date":"2022-08-08T23:41:16","date_gmt":"2022-08-09T02:41:16","guid":{"rendered":"https:\/\/sites.uel.br\/aintec\/?page_id=342"},"modified":"2023-09-20T14:27:43","modified_gmt":"2023-09-20T17:27:43","slug":"epi-2","status":"publish","type":"page","link":"https:\/\/sites.uel.br\/aintec\/epi-2\/","title":{"rendered":""},"content":{"rendered":"<div class=\"wp-block-image\">\n<figure class=\"aligncenter size-large is-resized\"><img loading=\"lazy\" decoding=\"async\" src=\"https:\/\/sites.uel.br\/aintec\/wp-content\/uploads\/2022\/08\/epi-colorida-completa-2-1024x509.png\" alt=\"\" class=\"wp-image-373\" style=\"width:416px;height:207px\" width=\"416\" height=\"207\" srcset=\"https:\/\/sites.uel.br\/aintec\/wp-content\/uploads\/2022\/08\/epi-colorida-completa-2-1024x509.png 1024w, https:\/\/sites.uel.br\/aintec\/wp-content\/uploads\/2022\/08\/epi-colorida-completa-2-300x149.png 300w, https:\/\/sites.uel.br\/aintec\/wp-content\/uploads\/2022\/08\/epi-colorida-completa-2-768x382.png 768w, https:\/\/sites.uel.br\/aintec\/wp-content\/uploads\/2022\/08\/epi-colorida-completa-2-1536x763.png 1536w, https:\/\/sites.uel.br\/aintec\/wp-content\/uploads\/2022\/08\/epi-colorida-completa-2.png 1856w\" sizes=\"auto, (max-width: 416px) 100vw, 416px\" \/><\/figure>\n<\/div>\n\n<p>O Escrit\u00f3rio de Propriedade Intelectual da AINTEC (EPI) tem a responsabilidade institucional de viabilizar a prote\u00e7\u00e3o do conhecimento e os pedidos de registros das cria\u00e7\u00f5es geradas pela UEL, pelas empresas incubadas, por institui\u00e7\u00f5es de pesquisa, por inventores independentes e pelos pequenos neg\u00f3cios. O EPI tamb\u00e9m tem o objetivo de promover palestras, cursos, semin\u00e1rios e workshops (oficinas) sobre a import\u00e2ncia da propriedade intelectual e seus conceitos, orientando os interessados na elabora\u00e7\u00e3o de documentos de patente, na solicita\u00e7\u00e3o de registro de marcas, de desenho industrial e de programas de computador (softwares), bem como a realiza\u00e7\u00e3o do acompanhamento dos tr\u00e2mites dos pedidos de prote\u00e7\u00e3o intelectual e as correspondentes solicita\u00e7\u00f5es feitas pelo INPI.<\/p>\n<p><strong>\u2022\u00a0Lei n\u00ba 9.279, de 14 de maio de 1996:<\/strong><\/p>\n<p>A Lei de Propriedade Industrial condi\u00e7\u00e3o os direitos e as obriga\u00e7\u00f5es relativas \u00e0 propriedade industrial e a fim de proteger essa propriedade a lei atua por meio da concess\u00e3o de patentes, marcas, desenhos industriais e localiza\u00e7\u00f5es geogr\u00e1ficas, al\u00e9m de represar a concorr\u00eancia desleal. A lei se aplica a brasileiros, pessoas domiciliadas no pa\u00eds e a estrangeiros que depositem aqui seu pedido de registro de patente ou de marca desde que possuam prote\u00e7\u00e3o por tratado ou conven\u00e7\u00f5es vigentes no Brasil que resguarde tanto pessoa f\u00edsica quanto pessoa jur\u00eddica nacionais ou aqui domiciliadas.<\/p>\n<p>Outro ponto relevante a ser mencionado \u00e9 de que o registro oficial desses itens, como o registro de marca ou a patente, \u00e9 concedido pelo\u00a0<a href=\"https:\/\/www.gov.br\/inpi\/pt-br\" target=\"_blank\" rel=\"noopener\">Instituto Nacional de Propriedade Industrial (INPI)<\/a>, sendo este o \u00f3rg\u00e3o p\u00fablico quem responde pela concess\u00e3o de direitos relativos \u00e0 propriedade industrial no pa\u00eds.<\/p>\n<p style=\"text-align: center;\"><strong>Estabelece procedimento para comunica\u00e7\u00e3o de inven\u00e7\u00e3o por parte da comunidade universit\u00e1ria e prazos.<\/strong><\/p>\n\n\n<div class=\"wp-block-file aligncenter\"><a id=\"wp-block-file--media-08c3c836-b624-4a8a-aee3-c9bc223c025b\" href=\"https:\/\/sites.uel.br\/aintec\/wp-content\/uploads\/2023\/05\/Instrucao-de-Servico-AINTEC-no-001-2023.pdf\" target=\"_blank\" rel=\"noreferrer noopener\">Instru\u00e7\u00e3o de Servi\u00e7o AINTEC N\u00ba 001\/2023<\/a><a href=\"https:\/\/sites.uel.br\/aintec\/wp-content\/uploads\/2023\/05\/Instrucao-de-Servico-AINTEC-no-001-2023.pdf\" class=\"wp-block-file__button wp-element-button\" download aria-describedby=\"wp-block-file--media-08c3c836-b624-4a8a-aee3-c9bc223c025b\">Baixar<\/a><\/div>\n","protected":false},"excerpt":{"rendered":"<p>O Escrit\u00f3rio de Propriedade Intelectual da AINTEC (EPI) tem a responsabilidade institucional de viabilizar a prote\u00e7\u00e3o do conhecimento e os pedidos de registros das cria\u00e7\u00f5es geradas pela UEL, pelas empresas incubadas, por institui\u00e7\u00f5es de pesquisa, por inventores independentes e pelos pequenos neg\u00f3cios. O EPI tamb\u00e9m tem o objetivo de promover palestras, cursos, semin\u00e1rios e workshops [&hellip;]<\/p>\n","protected":false},"author":8,"featured_media":0,"parent":0,"menu_order":0,"comment_status":"closed","ping_status":"closed","template":"","meta":{"footnotes":""},"class_list":["post-342","page","type-page","status-publish","hentry"],"acf":[],"_links":{"self":[{"href":"https:\/\/sites.uel.br\/aintec\/wp-json\/wp\/v2\/pages\/342","targetHints":{"allow":["GET"]}}],"collection":[{"href":"https:\/\/sites.uel.br\/aintec\/wp-json\/wp\/v2\/pages"}],"about":[{"href":"https:\/\/sites.uel.br\/aintec\/wp-json\/wp\/v2\/types\/page"}],"author":[{"embeddable":true,"href":"https:\/\/sites.uel.br\/aintec\/wp-json\/wp\/v2\/users\/8"}],"replies":[{"embeddable":true,"href":"https:\/\/sites.uel.br\/aintec\/wp-json\/wp\/v2\/comments?post=342"}],"version-history":[{"count":14,"href":"https:\/\/sites.uel.br\/aintec\/wp-json\/wp\/v2\/pages\/342\/revisions"}],"predecessor-version":[{"id":2059,"href":"https:\/\/sites.uel.br\/aintec\/wp-json\/wp\/v2\/pages\/342\/revisions\/2059"}],"wp:attachment":[{"href":"https:\/\/sites.uel.br\/aintec\/wp-json\/wp\/v2\/media?parent=342"}],"curies":[{"name":"wp","href":"https:\/\/api.w.org\/{rel}","templated":true}]}}