{"id":2108,"date":"2023-10-20T16:53:39","date_gmt":"2023-10-20T19:53:39","guid":{"rendered":"https:\/\/sites.uel.br\/aintec\/?page_id=2108"},"modified":"2025-12-12T02:54:28","modified_gmt":"2025-12-12T05:54:28","slug":"processos-seletivos","status":"publish","type":"page","link":"https:\/\/sites.uel.br\/aintec\/processos-seletivos\/","title":{"rendered":"Processos Seletivos"},"content":{"rendered":"\n<p><\/p>\n\n\n<div class=\"wp-block-image\">\n<figure class=\"aligncenter size-large is-resized\"><img loading=\"lazy\" decoding=\"async\" width=\"1024\" height=\"381\" src=\"https:\/\/sites.uel.br\/aintec\/wp-content\/uploads\/2023\/10\/intuel-colorida-completa-1024x381.png\" alt=\"\" class=\"wp-image-2109\" style=\"aspect-ratio:2.6876640419947506;width:489px;height:auto\" srcset=\"https:\/\/sites.uel.br\/aintec\/wp-content\/uploads\/2023\/10\/intuel-colorida-completa-1024x381.png 1024w, https:\/\/sites.uel.br\/aintec\/wp-content\/uploads\/2023\/10\/intuel-colorida-completa-300x112.png 300w, https:\/\/sites.uel.br\/aintec\/wp-content\/uploads\/2023\/10\/intuel-colorida-completa-768x286.png 768w, https:\/\/sites.uel.br\/aintec\/wp-content\/uploads\/2023\/10\/intuel-colorida-completa-1536x572.png 1536w, https:\/\/sites.uel.br\/aintec\/wp-content\/uploads\/2023\/10\/intuel-colorida-completa-2048x763.png 2048w\" sizes=\"auto, (max-width: 1024px) 100vw, 1024px\" \/><\/figure>\n<\/div>\n\n\n<p class=\"has-text-align-center\"><\/p>\n\n\n\n<h2 class=\"wp-block-heading has-text-align-center\">Processos Seletivos 2025 &#8211; ABERTO CONFORME EDITAL 02\/2025<\/h2>\n\n\n\n<p class=\"has-text-align-center\">Edital 01\/2025 Processo Seletivo de Incuba\u00e7\u00e3o INTUEL &#8211; 2025\/2026 &#8211; atualizado no Edital 02\/2025<\/p>\n\n\n\n<p class=\"has-text-align-center\">Edital 02\/2025- Processo Seletivo de Incuba\u00e7\u00e3o INTUEL &#8211; 2025\/2026<br>Atualiza\u00e7\u00e3o do Edital 01\/2025 &#8211; Novo cronograma &#8211; atualizado no Edital 03\/2025<\/p>\n\n\n\n<p class=\"has-text-align-center\"><a href=\"https:\/\/sites.uel.br\/aintec\/wp-content\/uploads\/2025\/11\/Aditivo_02-Edital-03_2025-Processo-Seletivo-de-Incubacao-INTUEL-2025_2026.pdf\" target=\"_blank\" rel=\"noreferrer noopener\">Edital 03\/2025- Prorroga inscri\u00e7\u00f5es do Processo Seletivo de Incuba\u00e7\u00e3o INTUEL &#8211; 2025\/2026<br>Atualiza\u00e7\u00e3o do cronograma do Edital 02\/2025 &#8211;<strong> Inscri\u00e7\u00f5es at\u00e9 16\/11\/2025 <\/strong><\/a><\/p>\n\n\n\n<p class=\"has-text-align-center\"><a href=\"https:\/\/sites.uel.br\/aintec\/wp-content\/uploads\/2025\/11\/Edital-de-Homologacao-das-Inscricoes-Programa-INTUEL-2026-atual.pdf\" target=\"_blank\" rel=\"noreferrer noopener\">Edital 04\/2025- Homologa\u00e7\u00e3o das inscri\u00e7\u00f5es efetivadas <\/a><\/p>\n\n\n\n<p class=\"has-text-align-center\"><a href=\"https:\/\/sites.uel.br\/aintec\/wp-content\/uploads\/2025\/11\/Edital-de-Homologacao-das-Inscricoes-apos-recursos-INTUEL-2026.pdf\" target=\"_blank\" rel=\"noreferrer noopener\">Edital 05\/2025- Homologa\u00e7\u00e3o das inscri\u00e7\u00f5es ap\u00f3s an\u00e1lise de recurso <\/a><\/p>\n\n\n\n<p class=\"has-text-align-center\"><a href=\"https:\/\/drive.google.com\/file\/d\/1DMU_WByAavwyaDCoJ7zSpVcI7xdZAUts\/view?usp=sharing\" target=\"_blank\" rel=\"noreferrer noopener\">EDITAL No 06\/2025 \u2013 AINTEC \/ <strong>UEL Resultado Geral <\/strong>&#8211; Lista classificat\u00f3ria<\/a><\/p>\n\n\n\n<p class=\"has-text-align-center\"><a href=\"https:\/\/drive.google.com\/file\/d\/1sPTsroYDGEK462cw-wyPrKioaNt4HnaK\/view?usp=sharing\" target=\"_blank\" rel=\"noreferrer noopener\">Edital 07_2025 &#8211;<strong>Resultado Geral &#8211; Lista classificat\u00f3rio<\/strong> &#8211; ap\u00f3s per\u00edodo para recurso<\/a><\/p>\n\n\n\n<p class=\"has-text-align-center\"><strong>Anexos<\/strong><\/p>\n\n\n\n<p class=\"has-text-align-center\"><a href=\"https:\/\/forms.gle\/BCzuTW4PWaczJPSY9\" target=\"_blank\" rel=\"noreferrer noopener\">Anexo I &#8211; Formul\u00e1rio de inscri\u00e7\u00e3o para processo de incuba\u00e7\u00e3o<\/a><\/p>\n\n\n\n<p class=\"has-text-align-center\"><a href=\"https:\/\/youtu.be\/Up9jG9Zp_G8\" target=\"_blank\" rel=\"noreferrer noopener\">Anexo II &#8211; V\u00eddeo de orienta\u00e7\u00e3o para o pitch<\/a><\/p>\n\n\n\n<p class=\"has-text-align-center\"><a href=\"https:\/\/sites.uel.br\/aintec\/wp-content\/uploads\/2025\/10\/2025_Mensalidade-INTUEL-Programa-de-Incubacao.pdf\" target=\"_blank\" rel=\"noreferrer noopener\">Anexo III &#8211; Tabela de pre\u00e7o<\/a><\/p>\n\n\n\n<h2 class=\"wp-block-heading has-text-align-center\">Processos Seletivos Anteriores &#8211; ENCERRADOS<\/h2>\n\n\n\n<p class=\"has-text-align-center\">Edital &#8211; Todos os Anexos est\u00e3o no Edital<\/p>\n\n\n\n<div class=\"wp-block-file aligncenter\"><a id=\"wp-block-file--media-a9fdaa06-46de-48cf-8738-41a9b6a00484\" href=\"https:\/\/sites.uel.br\/aintec\/wp-content\/uploads\/2025\/04\/2025_Mensalidade-INTUEL-Programa-de-Incubacao.pdf\" target=\"_blank\" rel=\"noreferrer noopener\">2025_Mensalidade INTUEL &#8211; Programa de Incuba\u00e7\u00e3o<\/a><a href=\"https:\/\/sites.uel.br\/aintec\/wp-content\/uploads\/2025\/04\/2025_Mensalidade-INTUEL-Programa-de-Incubacao.pdf\" class=\"wp-block-file__button wp-element-button\" download aria-describedby=\"wp-block-file--media-a9fdaa06-46de-48cf-8738-41a9b6a00484\">Baixar<\/a><\/div>\n\n\n\n<div class=\"wp-block-file aligncenter\"><a id=\"wp-block-file--media-3d1a299b-998f-44b1-9fa3-f045c4476c02\" href=\"https:\/\/sites.uel.br\/aintec\/wp-content\/uploads\/2024\/10\/Edital-Processo-Seletivo-de-Incubacao-INTUEL-2024_2025-2.pdf\">Edital Processo Seletivo de Incuba\u00e7\u00e3o INTUEL &#8211; 2024_2025 (2)<\/a><a href=\"https:\/\/sites.uel.br\/aintec\/wp-content\/uploads\/2024\/10\/Edital-Processo-Seletivo-de-Incubacao-INTUEL-2024_2025-2.pdf\" class=\"wp-block-file__button wp-element-button\" download aria-describedby=\"wp-block-file--media-3d1a299b-998f-44b1-9fa3-f045c4476c02\">Baixar<\/a><\/div>\n\n\n\n<div class=\"wp-block-file aligncenter\"><a id=\"wp-block-file--media-b5f51bcd-209a-4e51-8340-fdb23831adc6\" href=\"https:\/\/sites.uel.br\/aintec\/wp-content\/uploads\/2024\/11\/09_2024-Edital-02_2024-Prorrogacao-do-periodo-de-inscricao.pdf\">Prorroga\u00e7\u00e3o do per\u00edodo de inscri\u00e7\u00e3o<\/a><a href=\"https:\/\/sites.uel.br\/aintec\/wp-content\/uploads\/2024\/11\/09_2024-Edital-02_2024-Prorrogacao-do-periodo-de-inscricao.pdf\" class=\"wp-block-file__button wp-element-button\" download aria-describedby=\"wp-block-file--media-b5f51bcd-209a-4e51-8340-fdb23831adc6\">Baixar<\/a><\/div>\n\n\n\n<div class=\"wp-block-file aligncenter\"><a id=\"wp-block-file--media-33f854b3-89f1-45e3-bd5f-c0553b051613\" href=\"https:\/\/sites.uel.br\/aintec\/wp-content\/uploads\/2024\/11\/Edital-de-Homologacao-das-Inscricoes-INTUEL-2024_2025.pdf\">Edital de Homologa\u00e7\u00e3o das Inscri\u00e7\u00f5es &#8211; INTUEL &#8211; 2024_2025<\/a><a href=\"https:\/\/sites.uel.br\/aintec\/wp-content\/uploads\/2024\/11\/Edital-de-Homologacao-das-Inscricoes-INTUEL-2024_2025.pdf\" class=\"wp-block-file__button wp-element-button\" download aria-describedby=\"wp-block-file--media-33f854b3-89f1-45e3-bd5f-c0553b051613\">Baixar<\/a><\/div>\n\n\n\n<div class=\"wp-block-file aligncenter\"><a id=\"wp-block-file--media-16e98984-72be-493c-b7f4-90eceec650d0\" href=\"https:\/\/sites.uel.br\/aintec\/wp-content\/uploads\/2024\/12\/Edital-de-aprovacao-do-Programa-de-Incubacao-INTUEL-2024_2025.pdf\">Edital de aprova\u00e7\u00e3o do Programa de Incuba\u00e7\u00e3o &#8211; INTUEL &#8211; 2024_2025<\/a><a href=\"https:\/\/sites.uel.br\/aintec\/wp-content\/uploads\/2024\/12\/Edital-de-aprovacao-do-Programa-de-Incubacao-INTUEL-2024_2025.pdf\" class=\"wp-block-file__button wp-element-button\" download aria-describedby=\"wp-block-file--media-16e98984-72be-493c-b7f4-90eceec650d0\">Baixar<\/a><\/div>\n\n\n\n<div class=\"wp-block-file aligncenter\"><a id=\"wp-block-file--media-24746a1d-7b93-4607-a32c-9a2e9229283b\" href=\"https:\/\/sites.uel.br\/aintec\/wp-content\/uploads\/2023\/10\/Edital-Processo-Seletivo-de-Incubacao-Intuel-2023_2024-20_10_2023.docx.pdf\" target=\"_blank\" rel=\"noreferrer noopener\">Edital: Processo Seletivo Incuba\u00e7\u00e3o INTUEL 2023 (Ingresso em 2024)<\/a><a href=\"https:\/\/sites.uel.br\/aintec\/wp-content\/uploads\/2023\/10\/Edital-Processo-Seletivo-de-Incubacao-Intuel-2023_2024-20_10_2023.docx.pdf\" class=\"wp-block-file__button wp-element-button\" download aria-describedby=\"wp-block-file--media-24746a1d-7b93-4607-a32c-9a2e9229283b\">Baixar<\/a><\/div>\n\n\n\n<div class=\"wp-block-file aligncenter\"><a id=\"wp-block-file--media-f684210c-d0ab-418d-b77d-0fa190005278\" href=\"https:\/\/sites.uel.br\/aintec\/wp-content\/uploads\/2023\/10\/Mensalidades-INTUEL-2024.pdf\" target=\"_blank\" rel=\"noreferrer noopener\">Mensalidades INTUEL &#8211; 2024<\/a><a href=\"https:\/\/sites.uel.br\/aintec\/wp-content\/uploads\/2023\/10\/Mensalidades-INTUEL-2024.pdf\" class=\"wp-block-file__button wp-element-button\" download aria-describedby=\"wp-block-file--media-f684210c-d0ab-418d-b77d-0fa190005278\">Baixar<\/a><\/div>\n\n\n\n<div class=\"wp-block-file aligncenter\"><a id=\"wp-block-file--media-77a134a1-942d-4f3b-8be3-714c240a6837\" href=\"https:\/\/sites.uel.br\/aintec\/wp-content\/uploads\/2023\/11\/Prorrogacao-do-prazo-para-15_11_2023.pdf\">Prorroga\u00e7\u00e3o Prazo de inscri\u00e7\u00e3o para 15\/11\/2023<\/a><a href=\"https:\/\/sites.uel.br\/aintec\/wp-content\/uploads\/2023\/11\/Prorrogacao-do-prazo-para-15_11_2023.pdf\" class=\"wp-block-file__button wp-element-button\" download aria-describedby=\"wp-block-file--media-77a134a1-942d-4f3b-8be3-714c240a6837\">Baixar<\/a><\/div>\n\n\n\n<div class=\"wp-block-file aligncenter\"><a id=\"wp-block-file--media-fc6f2546-2476-4af3-9081-60703a7066a7\" href=\"https:\/\/sites.uel.br\/aintec\/wp-content\/uploads\/2023\/12\/Homologacao-da-inscricoes-Edital-01_2023-16_11_2023.pdf\" target=\"_blank\" rel=\"noreferrer noopener\">Homologa\u00e7\u00e3o da inscri\u00e7\u00f5es &#8211; Edital 01\/2023-16\/11\/2023<\/a><a href=\"https:\/\/sites.uel.br\/aintec\/wp-content\/uploads\/2023\/12\/Homologacao-da-inscricoes-Edital-01_2023-16_11_2023.pdf\" class=\"wp-block-file__button wp-element-button\" download aria-describedby=\"wp-block-file--media-fc6f2546-2476-4af3-9081-60703a7066a7\">Baixar<\/a><\/div>\n\n\n\n<div class=\"wp-block-file aligncenter\"><a id=\"wp-block-file--media-f8c9b283-8ead-4905-a71c-34cf9fa22d33\" href=\"https:\/\/sites.uel.br\/aintec\/wp-content\/uploads\/2023\/12\/Homologacao-dos-projetos-aprovados-Processo-Seletivo-INTUEL-2023.pdf\" target=\"_blank\" rel=\"noreferrer noopener\">Homologa\u00e7\u00e3o dos projetos aprovados Processo Seletivo INTUEL\/2023<\/a><a href=\"https:\/\/sites.uel.br\/aintec\/wp-content\/uploads\/2023\/12\/Homologacao-dos-projetos-aprovados-Processo-Seletivo-INTUEL-2023.pdf\" class=\"wp-block-file__button wp-element-button\" download aria-describedby=\"wp-block-file--media-f8c9b283-8ead-4905-a71c-34cf9fa22d33\">Baixar<\/a><\/div>\n","protected":false},"excerpt":{"rendered":"<p>Processos Seletivos 2025 &#8211; ABERTO CONFORME EDITAL 02\/2025 Edital 01\/2025 Processo Seletivo de Incuba\u00e7\u00e3o INTUEL &#8211; 2025\/2026 &#8211; atualizado no Edital 02\/2025 Edital 02\/2025- Processo Seletivo de Incuba\u00e7\u00e3o INTUEL &#8211; 2025\/2026Atualiza\u00e7\u00e3o do Edital 01\/2025 &#8211; Novo cronograma &#8211; atualizado no Edital 03\/2025 Edital 03\/2025- Prorroga inscri\u00e7\u00f5es do Processo Seletivo de Incuba\u00e7\u00e3o INTUEL &#8211; 2025\/2026Atualiza\u00e7\u00e3o do [&hellip;]<\/p>\n","protected":false},"author":10,"featured_media":0,"parent":0,"menu_order":0,"comment_status":"closed","ping_status":"closed","template":"","meta":{"footnotes":""},"class_list":["post-2108","page","type-page","status-publish","hentry"],"acf":[],"_links":{"self":[{"href":"https:\/\/sites.uel.br\/aintec\/wp-json\/wp\/v2\/pages\/2108","targetHints":{"allow":["GET"]}}],"collection":[{"href":"https:\/\/sites.uel.br\/aintec\/wp-json\/wp\/v2\/pages"}],"about":[{"href":"https:\/\/sites.uel.br\/aintec\/wp-json\/wp\/v2\/types\/page"}],"author":[{"embeddable":true,"href":"https:\/\/sites.uel.br\/aintec\/wp-json\/wp\/v2\/users\/10"}],"replies":[{"embeddable":true,"href":"https:\/\/sites.uel.br\/aintec\/wp-json\/wp\/v2\/comments?post=2108"}],"version-history":[{"count":39,"href":"https:\/\/sites.uel.br\/aintec\/wp-json\/wp\/v2\/pages\/2108\/revisions"}],"predecessor-version":[{"id":3473,"href":"https:\/\/sites.uel.br\/aintec\/wp-json\/wp\/v2\/pages\/2108\/revisions\/3473"}],"wp:attachment":[{"href":"https:\/\/sites.uel.br\/aintec\/wp-json\/wp\/v2\/media?parent=2108"}],"curies":[{"name":"wp","href":"https:\/\/api.w.org\/{rel}","templated":true}]}}