{"id":1829,"date":"2023-05-25T13:12:38","date_gmt":"2023-05-25T16:12:38","guid":{"rendered":"https:\/\/sites.uel.br\/aintec\/?page_id=1829"},"modified":"2023-05-25T13:25:12","modified_gmt":"2023-05-25T16:25:12","slug":"cooperacoes-tecnico-cientificas","status":"publish","type":"page","link":"https:\/\/sites.uel.br\/aintec\/cooperacoes-tecnico-cientificas\/","title":{"rendered":"Coopera\u00e7\u00f5es T\u00e9cnico Cient\u00edficas"},"content":{"rendered":"\n<figure class=\"wp-block-image size-large\"><img loading=\"lazy\" decoding=\"async\" width=\"1024\" height=\"281\" src=\"https:\/\/sites.uel.br\/aintec\/wp-content\/uploads\/2023\/05\/actc-2-1024x281.jpg\" alt=\"\" class=\"wp-image-1843\" srcset=\"https:\/\/sites.uel.br\/aintec\/wp-content\/uploads\/2023\/05\/actc-2-1024x281.jpg 1024w, https:\/\/sites.uel.br\/aintec\/wp-content\/uploads\/2023\/05\/actc-2-300x82.jpg 300w, https:\/\/sites.uel.br\/aintec\/wp-content\/uploads\/2023\/05\/actc-2-768x211.jpg 768w, https:\/\/sites.uel.br\/aintec\/wp-content\/uploads\/2023\/05\/actc-2.jpg 1060w\" sizes=\"auto, (max-width: 1024px) 100vw, 1024px\" \/><\/figure>\n\n\n<p>A coopera\u00e7\u00e3o t\u00e9cnico-cient\u00edfica \u00e9 uma forma essencial de colabora\u00e7\u00e3o que ocorre entre universidades, institui\u00e7\u00f5es de pesquisa e empresas de pequeno, m\u00e9dio e grande porte. Trata-se de uma parceria estrat\u00e9gica que promove a troca de conhecimentos, recursos e experi\u00eancias entre essas entidades, com o objetivo de impulsionar a inova\u00e7\u00e3o e o desenvolvimento tecnol\u00f3gico. Essa colabora\u00e7\u00e3o multidisciplinar e interinstitucional \u00e9 fundamental para enfrentar desafios complexos, unindo expertises complementares e fomentando a cria\u00e7\u00e3o de solu\u00e7\u00f5es inovadoras que beneficiam tanto o meio acad\u00eamico quanto o setor empresarial.<\/p>\n<p>Ao estabelecer parcerias de coopera\u00e7\u00e3o t\u00e9cnico-cient\u00edfica, as empresas podem se beneficiar do compartilhamento de habilidades espec\u00edficas, acesso a infraestrutura e equipamentos de pesquisa avan\u00e7ados, al\u00e9m de expandir sua rede de contatos e recursos tecnol\u00f3gicos. Essa colabora\u00e7\u00e3o \u00e9 fundamental em um cen\u00e1rio de constante evolu\u00e7\u00e3o tecnol\u00f3gica, onde desafios complexos exigem abordagens multidisciplinares e conhecimentos especializados de diferentes \u00e1reas.<\/p>\n<p>O foco \u00e9 a cria\u00e7\u00e3o de solu\u00e7\u00f5es inovadoras, o desenvolvimento de novos produtos e processos, e a melhoria da competitividade das empresas e das demais institui\u00e7\u00f5es envolvidas. Al\u00e9m disso, ela promove a forma\u00e7\u00e3o de profissionais altamente qualificados e fortalece a conex\u00e3o entre o ambiente acad\u00eamico e empresarial. Ao participar de iniciativas de coopera\u00e7\u00e3o t\u00e9cnico-cient\u00edfica, os profissionais de inova\u00e7\u00e3o t\u00eam a oportunidade de se envolver em projetos de pesquisa de ponta, acesso a financiamento e parcerias estrat\u00e9gicas que impulsionam a transforma\u00e7\u00e3o do conhecimento cient\u00edfico em benef\u00edcios tang\u00edveis para o mercado e a sociedade.<\/p>\n<p>Para realizar coopera\u00e7\u00f5es com a UEL, entre em contato atrav\u00e9s do email <strong>aintec.ett@uel.br.<\/strong><\/p>","protected":false},"excerpt":{"rendered":"<p>A coopera\u00e7\u00e3o t\u00e9cnico-cient\u00edfica \u00e9 uma forma essencial de colabora\u00e7\u00e3o que ocorre entre universidades, institui\u00e7\u00f5es de pesquisa e empresas de pequeno, m\u00e9dio e grande porte. Trata-se de uma parceria estrat\u00e9gica que promove a troca de conhecimentos, recursos e experi\u00eancias entre essas entidades, com o objetivo de impulsionar a inova\u00e7\u00e3o e o desenvolvimento tecnol\u00f3gico. Essa colabora\u00e7\u00e3o multidisciplinar [&hellip;]<\/p>\n","protected":false},"author":10,"featured_media":0,"parent":0,"menu_order":0,"comment_status":"closed","ping_status":"closed","template":"","meta":{"footnotes":""},"class_list":["post-1829","page","type-page","status-publish","hentry"],"acf":[],"_links":{"self":[{"href":"https:\/\/sites.uel.br\/aintec\/wp-json\/wp\/v2\/pages\/1829","targetHints":{"allow":["GET"]}}],"collection":[{"href":"https:\/\/sites.uel.br\/aintec\/wp-json\/wp\/v2\/pages"}],"about":[{"href":"https:\/\/sites.uel.br\/aintec\/wp-json\/wp\/v2\/types\/page"}],"author":[{"embeddable":true,"href":"https:\/\/sites.uel.br\/aintec\/wp-json\/wp\/v2\/users\/10"}],"replies":[{"embeddable":true,"href":"https:\/\/sites.uel.br\/aintec\/wp-json\/wp\/v2\/comments?post=1829"}],"version-history":[{"count":3,"href":"https:\/\/sites.uel.br\/aintec\/wp-json\/wp\/v2\/pages\/1829\/revisions"}],"predecessor-version":[{"id":1844,"href":"https:\/\/sites.uel.br\/aintec\/wp-json\/wp\/v2\/pages\/1829\/revisions\/1844"}],"wp:attachment":[{"href":"https:\/\/sites.uel.br\/aintec\/wp-json\/wp\/v2\/media?parent=1829"}],"curies":[{"name":"wp","href":"https:\/\/api.w.org\/{rel}","templated":true}]}}