{"id":112,"date":"2024-07-26T16:42:07","date_gmt":"2024-07-26T19:42:07","guid":{"rendered":"https:\/\/sites.uel.br\/aeroportos-uel\/?page_id=112"},"modified":"2024-08-26T14:53:48","modified_gmt":"2024-08-26T17:53:48","slug":"quem-somos","status":"publish","type":"page","link":"https:\/\/sites.uel.br\/aeroportos-uel\/quem-somos\/","title":{"rendered":""},"content":{"rendered":"\n<p class=\"has-text-align-left\">O <strong>Programa para o Desenvolvimento Aeroportu\u00e1rio<\/strong> \u00e9 um projeto de extens\u00e3o do Centro de Tecnologia e Urbanismo (CTU) da Universidade Estadual de Londrina (UEL) gerido pela Funda\u00e7\u00e3o de Apoio ao Desenvolvimento da UEL (FAUEL). Com uma equipe composta pelo corpo docente e discente da UEL em parceria de profissionais especializados, o programa parte da aplica\u00e7\u00e3o de fundamentos da arquitetura, engenharia e conhecimentos espec\u00edficos da avia\u00e7\u00e3o para atuar e assessorar empresas privadas e o setor p\u00fablico no campo do planejamento aeroportu\u00e1rio.<\/p>\n\n\n\n<p><\/p>\n\n\n\n<div class=\"wp-block-group\"><div class=\"wp-block-group__inner-container is-layout-constrained wp-block-group-is-layout-constrained\">\n<figure class=\"wp-block-image size-full is-resized\"><img loading=\"lazy\" decoding=\"async\" width=\"133\" height=\"114\" src=\"https:\/\/sites.uel.br\/aeroportos-uel\/wp-content\/uploads\/2024\/08\/andre.png\" alt=\"\" class=\"wp-image-718\" style=\"width:98px;height:auto\" \/><\/figure>\n\n\n\n<p><strong>Prof. Dr. ANDR\u00c9 SILVESTRI<\/strong><\/p>\n<\/div><\/div>\n\n\n\n<p class=\"has-text-align-left\">Graduado em Arquitetura e Urbanismo pela Universidade Estadual de Londrina (1985) e Mestrado em Arquitetura e Urbanismo pela Universidade de S\u00e3o Paulo FAU\/USP (2001). Atualmente \u00e9 professor ASSOCIADO AS-A da Universidade Estadual de Londrina &#8211; UEL e Doutor pela USP\/IAU &#8211; S\u00e3o Carlos-SP (2016). <\/p>\n\n\n\n<p class=\"has-text-align-left\">Com experi\u00eancia na \u00e1rea de Arquitetura e Urbanismo e \u00eanfase em Planejamento e Projetos da Edifica\u00e7\u00e3o, atuando principalmente nos seguintes temas: Aeroportos, Terminal de Passageiros ,Torre de Controle (TWR),Grupamento de Navega\u00e7\u00e3o A\u00e9rea (GNA), Plano B\u00e1sico de Prote\u00e7\u00e3o de Aer\u00f3dromos e Helipontos, Condom\u00ednios Aeron\u00e1uticos, Industrias, Plano Diretor Industrial, Edif\u00edcios Verticais , Hot\u00e9is, Edif\u00edcios Comerciais m\u00e9dio\/grande porte. <\/p>\n\n\n\n<p class=\"has-text-align-left\">Atualmente \u00e9 Coordenador do Programa PAS &#8211; &#8220;Planos e Projetos de Planejamento Aeroportu\u00e1rio&#8221; inscrito na PROEX\/UEL sob o n\u00ba 02641.<\/p>\n\n\n\n<p class=\"has-text-align-left\"><strong>Lattes<\/strong><\/p>\n\n\n\n<p><a href=\"http:\/\/lattes.cnpq.br\/1039872064882514\">http:\/\/lattes.cnpq.br\/1039872064882514<\/a><\/p>\n\n\n\n<p><strong>PROEX <\/strong><\/p>\n\n\n\n<p><a href=\"https:\/\/www.sistemasweb.uel.br\/index.php?contents=system\/prj\/pex\/index.php&amp;pagina=pex_pdf_projetoscadastrados.php&amp;p_num_ordem=02641&amp;p_link=6#\">https:\/\/www.sistemasweb.uel.br\/index.php?contents=system\/prj\/pex\/index.php&amp;pagina=pex_pdf_projetoscadastrados.php&amp;p_num_ordem=02641&amp;p_link=6#<\/a><\/p>\n","protected":false},"excerpt":{"rendered":"<p>O Programa para o Desenvolvimento Aeroportu\u00e1rio \u00e9 um projeto de extens\u00e3o do Centro de Tecnologia e Urbanismo (CTU) da Universidade Estadual de Londrina (UEL) gerido pela Funda\u00e7\u00e3o de Apoio ao Desenvolvimento da UEL (FAUEL). Com uma equipe composta pelo corpo docente e discente da UEL em parceria de profissionais especializados, o programa parte da aplica\u00e7\u00e3o [&hellip;]<\/p>\n","protected":false},"author":9,"featured_media":0,"parent":0,"menu_order":0,"comment_status":"closed","ping_status":"closed","template":"","meta":{"_acf_changed":false,"footnotes":""},"class_list":["post-112","page","type-page","status-publish","hentry"],"acf":[],"_links":{"self":[{"href":"https:\/\/sites.uel.br\/aeroportos-uel\/wp-json\/wp\/v2\/pages\/112","targetHints":{"allow":["GET"]}}],"collection":[{"href":"https:\/\/sites.uel.br\/aeroportos-uel\/wp-json\/wp\/v2\/pages"}],"about":[{"href":"https:\/\/sites.uel.br\/aeroportos-uel\/wp-json\/wp\/v2\/types\/page"}],"author":[{"embeddable":true,"href":"https:\/\/sites.uel.br\/aeroportos-uel\/wp-json\/wp\/v2\/users\/9"}],"replies":[{"embeddable":true,"href":"https:\/\/sites.uel.br\/aeroportos-uel\/wp-json\/wp\/v2\/comments?post=112"}],"version-history":[{"count":19,"href":"https:\/\/sites.uel.br\/aeroportos-uel\/wp-json\/wp\/v2\/pages\/112\/revisions"}],"predecessor-version":[{"id":751,"href":"https:\/\/sites.uel.br\/aeroportos-uel\/wp-json\/wp\/v2\/pages\/112\/revisions\/751"}],"wp:attachment":[{"href":"https:\/\/sites.uel.br\/aeroportos-uel\/wp-json\/wp\/v2\/media?parent=112"}],"curies":[{"name":"wp","href":"https:\/\/api.w.org\/{rel}","templated":true}]}}